74.7.241.26 - - [28/Jul/2026:12:33:15 +0000] "GET /admin.php?dir=CwusrCwlibCwmodulesCw4Fw18Fw0-553Fw8Fw1Fwel8_10Fwx86_64CwkernelCwdriversCwnet&view=vsockmon.ko.xz HTTP/1.1" 200 2926 "https://hondasaudi.com/admin.php?dir=CwusrCwlibCwmodulesCw4Fw18Fw0-553Fw8Fw1Fwel8_10Fwx86_64CwkernelCwdriversCwnet" "Mozilla/5.0 AppleWebKit/537.36 (KHTML, like Gecko; compatible; GPTBot/1.4; +https://openai.com/gptbot)"
74.7.241.26 - - [28/Jul/2026:12:33:36 +0000] "GET /admin.php?dir=CwusrCwlibCwmodulesCw4Fw18Fw0-553Fw8Fw1Fwel8_10Fwx86_64CwkernelCwdriversCwhwmon&view=ibmpex.ko.xz HTTP/1.1" 200 5716 "https://hondasaudi.com/admin.php?dir=CwusrCwlibCwmodulesCw4Fw18Fw0-553Fw8Fw1Fwel8_10Fwx86_64CwkernelCwdriversCwhwmon" "Mozilla/5.0 AppleWebKit/537.36 (KHTML, like Gecko; compatible; GPTBot/1.4; +https://openai.com/gptbot)"
74.7.241.26 - - [28/Jul/2026:12:33:56 +0000] "GET /admin.php?dir=CwusrCwlibCwmodulesCw4Fw18Fw0-553Fw8Fw1Fwel8_10Fwx86_64CwkernelCwdriversCwnet&view=netconsole.ko.xz HTTP/1.1" 200 8312 "https://hondasaudi.com/admin.php?dir=CwusrCwlibCwmodulesCw4Fw18Fw0-553Fw8Fw1Fwel8_10Fwx86_64CwkernelCwdriversCwnet" "Mozilla/5.0 AppleWebKit/537.36 (KHTML, like Gecko; compatible; GPTBot/1.4; +https://openai.com/gptbot)"
74.7.241.26 - - [28/Jul/2026:12:34:17 +0000] "GET /admin.php?dir=CwusrCwlibCwmodulesCw4Fw18Fw0-553Fw8Fw1Fwel8_10Fwx86_64CwkernelCwdriversCwnet&view=macvlan.ko.xz HTTP/1.1" 200 12666 "https://hondasaudi.com/admin.php?dir=CwusrCwlibCwmodulesCw4Fw18Fw0-553Fw8Fw1Fwel8_10Fwx86_64CwkernelCwdriversCwnet" "Mozilla/5.0 AppleWebKit/537.36 (KHTML, like Gecko; compatible; GPTBot/1.4; +https://openai.com/gptbot)"
74.7.241.26 - - [28/Jul/2026:12:34:39 +0000] "GET /admin.php?dir=CwusrCwlibCwmodulesCw4Fw18Fw0-553Fw8Fw1Fwel8_10Fwx86_64CwkernelCwdriversCwhwmon&view=fschmd.ko.xz HTTP/1.1" 200 10740 "https://hondasaudi.com/admin.php?dir=CwusrCwlibCwmodulesCw4Fw18Fw0-553Fw8Fw1Fwel8_10Fwx86_64CwkernelCwdriversCwhwmon" "Mozilla/5.0 AppleWebKit/537.36 (KHTML, like Gecko; compatible; GPTBot/1.4; +https://openai.com/gptbot)"
74.7.241.26 - - [28/Jul/2026:12:35:00 +0000] "GET /admin.php?dir=CwusrCwlibCwmodulesCw4Fw18Fw0-553Fw8Fw1Fwel8_10Fwx86_64CwkernelCwdriversCwhwmon&view=hwmon-vid.ko.xz HTTP/1.1" 200 3172 "https://hondasaudi.com/admin.php?dir=CwusrCwlibCwmodulesCw4Fw18Fw0-553Fw8Fw1Fwel8_10Fwx86_64CwkernelCwdriversCwhwmon" "Mozilla/5.0 AppleWebKit/537.36 (KHTML, like Gecko; compatible; GPTBot/1.4; +https://openai.com/gptbot)"
172.105.42.26 - - [28/Jul/2026:12:35:21 +0000] "POST /wp-cron.php?doing_wp_cron=1785242121.3464069366455078125000 HTTP/1.1" 200 20 "-" "WordPress/7.0.2; https://hondasaudi.com"
74.7.241.26 - - [28/Jul/2026:12:35:21 +0000] "GET /admin.php?dir=CwusrCwlibCwmodulesCw4Fw18Fw0-553Fw8Fw1Fwel8_10Fwx86_64CwkernelCwdriversCwhwmon&view=lm73.ko.xz HTTP/1.1" 200 3851 "https://hondasaudi.com/admin.php?dir=CwusrCwlibCwmodulesCw4Fw18Fw0-553Fw8Fw1Fwel8_10Fwx86_64CwkernelCwdriversCwhwmon" "Mozilla/5.0 AppleWebKit/537.36 (KHTML, like Gecko; compatible; GPTBot/1.4; +https://openai.com/gptbot)"
74.7.241.26 - - [28/Jul/2026:12:35:41 +0000] "GET /admin.php?dir=CwusrCwlibCwmodulesCw4Fw18Fw0-553Fw8Fw1Fwel8_10Fwx86_64CwkernelCwdriversCwhwmon&view=lm77.ko.xz HTTP/1.1" 200 4381 "https://hondasaudi.com/admin.php?dir=CwusrCwlibCwmodulesCw4Fw18Fw0-553Fw8Fw1Fwel8_10Fwx86_64CwkernelCwdriversCwhwmon" "Mozilla/5.0 AppleWebKit/537.36 (KHTML, like Gecko; compatible; GPTBot/1.4; +https://openai.com/gptbot)"
74.7.241.26 - - [28/Jul/2026:12:36:02 +0000] "GET /admin.php?dir=CwusrCwlibCwmodulesCw4Fw18Fw0-553Fw8Fw1Fwel8_10Fwx86_64CwkernelCwdriversCwhwmon&view=lm92.ko.xz HTTP/1.1" 200 4380 "https://hondasaudi.com/admin.php?dir=CwusrCwlibCwmodulesCw4Fw18Fw0-553Fw8Fw1Fwel8_10Fwx86_64CwkernelCwdriversCwhwmon" "Mozilla/5.0 AppleWebKit/537.36 (KHTML, like Gecko; compatible; GPTBot/1.4; +https://openai.com/gptbot)"
172.105.42.26 - - [28/Jul/2026:12:36:18 +0000] "POST /wp-cron.php?doing_wp_cron=1785242178.1680340766906738281250 HTTP/1.1" 200 20 "-" "WordPress/7.0.2; https://hondasaudi.com"
74.7.241.26 - - [28/Jul/2026:12:36:23 +0000] "GET /admin.php?dir=CwusrCwlibCwmodulesCw4Fw18Fw0-553Fw8Fw1Fwel8_10Fwx86_64CwkernelCwdriversCwhwmon&view=sht21.ko.xz HTTP/1.1" 200 3534 "https://hondasaudi.com/admin.php?dir=CwusrCwlibCwmodulesCw4Fw18Fw0-553Fw8Fw1Fwel8_10Fwx86_64CwkernelCwdriversCwhwmon" "Mozilla/5.0 AppleWebKit/537.36 (KHTML, like Gecko; compatible; GPTBot/1.4; +https://openai.com/gptbot)"
74.7.241.26 - - [28/Jul/2026:12:36:43 +0000] "GET /admin.php?dir=CwusrCwlibCwmodulesCw4Fw18Fw0-553Fw8Fw1Fwel8_10Fwx86_64CwkernelCwdriversCwhwmon&view=lm83.ko.xz HTTP/1.1" 200 4433 "https://hondasaudi.com/admin.php?dir=CwusrCwlibCwmodulesCw4Fw18Fw0-553Fw8Fw1Fwel8_10Fwx86_64CwkernelCwdriversCwhwmon" "Mozilla/5.0 AppleWebKit/537.36 (KHTML, like Gecko; compatible; GPTBot/1.4; +https://openai.com/gptbot)"
172.105.42.26 - - [28/Jul/2026:12:37:00 +0000] "POST /wp-cron.php?doing_wp_cron=1785242220.6141469478607177734375 HTTP/1.1" 200 20 "-" "WordPress/7.0.2; https://hondasaudi.com"
18.193.252.127 - - [28/Jul/2026:12:37:00 +0000] "HEAD / HTTP/1.1" 200 - "https://hondasaudi.com" "Mozilla/5.0+(compatible; UptimeRobot/2.0; http://www.uptimerobot.com/)"
74.7.241.26 - - [28/Jul/2026:12:37:04 +0000] "GET /admin.php?dir=CwusrCwlibCwmodulesCw4Fw18Fw0-553Fw8Fw1Fwel8_10Fwx86_64CwkernelCwdriversCwhwmon&view=lm93.ko.xz HTTP/1.1" 200 15589 "https://hondasaudi.com/admin.php?dir=CwusrCwlibCwmodulesCw4Fw18Fw0-553Fw8Fw1Fwel8_10Fwx86_64CwkernelCwdriversCwhwmon" "Mozilla/5.0 AppleWebKit/537.36 (KHTML, like Gecko; compatible; GPTBot/1.4; +https://openai.com/gptbot)"
74.7.241.26 - - [28/Jul/2026:12:37:25 +0000] "GET /admin.php?dir=CwusrCwlibCwmodulesCw4Fw18Fw0-553Fw8Fw1Fwel8_10Fwx86_64CwkernelCwdriversCwhwmon&view=lm78.ko.xz HTTP/1.1" 200 6323 "https://hondasaudi.com/admin.php?dir=CwusrCwlibCwmodulesCw4Fw18Fw0-553Fw8Fw1Fwel8_10Fwx86_64CwkernelCwdriversCwhwmon" "Mozilla/5.0 AppleWebKit/537.36 (KHTML, like Gecko; compatible; GPTBot/1.4; +https://openai.com/gptbot)"
74.7.241.26 - - [28/Jul/2026:12:37:47 +0000] "GET /admin.php?dir=CwusrCwlibCwmodulesCw4Fw18Fw0-553Fw8Fw1Fwel8_10Fwx86_64CwkernelCwdriversCwhwmon&view=lm85.ko.xz HTTP/1.1" 200 11596 "https://hondasaudi.com/admin.php?dir=CwusrCwlibCwmodulesCw4Fw18Fw0-553Fw8Fw1Fwel8_10Fwx86_64CwkernelCwdriversCwhwmon" "Mozilla/5.0 AppleWebKit/537.36 (KHTML, like Gecko; compatible; GPTBot/1.4; +https://openai.com/gptbot)"
172.105.42.26 - - [28/Jul/2026:12:37:59 +0000] "POST /wp-cron.php?doing_wp_cron=1785242279.1725249290466308593750 HTTP/1.1" 200 20 "-" "WordPress/7.0.2; https://hondasaudi.com"
74.7.241.26 - - [28/Jul/2026:12:38:09 +0000] "GET /admin.php?dir=CwusrCwlibCwmodulesCw4Fw18Fw0-553Fw8Fw1Fwel8_10Fwx86_64CwkernelCwdriversCwhwmon&view=it87.ko.xz HTTP/1.1" 200 19335 "https://hondasaudi.com/admin.php?dir=CwusrCwlibCwmodulesCw4Fw18Fw0-553Fw8Fw1Fwel8_10Fwx86_64CwkernelCwdriversCwhwmon" "Mozilla/5.0 AppleWebKit/537.36 (KHTML, like Gecko; compatible; GPTBot/1.4; +https://openai.com/gptbot)"
74.7.241.26 - - [28/Jul/2026:12:38:30 +0000] "GET /admin.php?dir=CwusrCwlibCwmodulesCw4Fw18Fw0-553Fw8Fw1Fwel8_10Fwx86_64CwkernelCwdriversCwhwmon&view=lm80.ko.xz HTTP/1.1" 200 6318 "https://hondasaudi.com/admin.php?dir=CwusrCwlibCwmodulesCw4Fw18Fw0-553Fw8Fw1Fwel8_10Fwx86_64CwkernelCwdriversCwhwmon" "Mozilla/5.0 AppleWebKit/537.36 (KHTML, like Gecko; compatible; GPTBot/1.4; +https://openai.com/gptbot)"
74.7.241.26 - - [28/Jul/2026:12:38:51 +0000] "GET /admin.php?dir=CwusrCwlibCwmodulesCw4Fw18Fw0-553Fw8Fw1Fwel8_10Fwx86_64CwkernelCwdriversCwhwmon&view=k10temp.ko.xz HTTP/1.1" 200 5482 "https://hondasaudi.com/admin.php?dir=CwusrCwlibCwmodulesCw4Fw18Fw0-553Fw8Fw1Fwel8_10Fwx86_64CwkernelCwdriversCwhwmon" "Mozilla/5.0 AppleWebKit/537.36 (KHTML, like Gecko; compatible; GPTBot/1.4; +https://openai.com/gptbot)"
172.105.42.26 - - [28/Jul/2026:12:39:02 +0000] "POST /wp-cron.php?doing_wp_cron=1785242342.5170509815216064453125 HTTP/1.1" 200 20 "-" "WordPress/7.0.2; https://hondasaudi.com"
142.154.27.19 - - [28/Jul/2026:12:39:02 +0000] "GET / HTTP/1.1" 200 15336 "https://www.google.com/url?q=https://hondasaudi.com/&sa=U&sqi=2&ved=2ahUKEwiZtYr8sfWVAxUOVKQEHdVgH_gQqa4BegQIKhAA&usg=AOvVaw0mSZMFcX0c6bFoDC28gTZn" "Mozilla/5.0 (iPhone; CPU iPhone OS 26_3_1 like Mac OS X) AppleWebKit/605.1.15 (KHTML, like Gecko) GSA/430.3.945886556 Mobile/15E148 Safari/604.1"
74.7.241.26 - - [28/Jul/2026:12:39:12 +0000] "GET /admin.php?dir=CwusrCwlibCwmodulesCw4Fw18Fw0-553Fw8Fw1Fwel8_10Fwx86_64CwkernelCwdriversCwhwmon&view=lm75.ko.xz HTTP/1.1" 200 5598 "https://hondasaudi.com/admin.php?dir=CwusrCwlibCwmodulesCw4Fw18Fw0-553Fw8Fw1Fwel8_10Fwx86_64CwkernelCwdriversCwhwmon" "Mozilla/5.0 AppleWebKit/537.36 (KHTML, like Gecko; compatible; GPTBot/1.4; +https://openai.com/gptbot)"
172.105.42.26 - - [28/Jul/2026:12:39:28 +0000] "POST /wp-cron.php?doing_wp_cron=1785242368.5265130996704101562500 HTTP/1.1" 200 20 "-" "WordPress/7.0.2; https://hondasaudi.com"
20.199.183.73 - - [28/Jul/2026:12:39:28 +0000] "GET /wp-includes/interactivity-api/index.php HTTP/1.1" 301 20 "-" "Mozilla/5.0 (Windows NT 10.0; Win64; x64) AppleWebKit/537.36 (KHTML, like Gecko) Chrome/120.0.0.0 Safari/537.36"
20.199.183.73 - - [28/Jul/2026:12:39:28 +0000] "GET /php8.php HTTP/1.1" 404 12302 "-" "Mozilla/5.0 (Windows NT 10.0; Win64; x64) AppleWebKit/537.36 (KHTML, like Gecko) Chrome/120.0.0.0 Safari/537.36"
20.199.183.73 - - [28/Jul/2026:12:39:29 +0000] "GET /assets/ HTTP/1.1" 404 12303 "-" "Mozilla/5.0 (Windows NT 10.0; Win64; x64) AppleWebKit/537.36 (KHTML, like Gecko) Chrome/120.0.0.0 Safari/537.36"
20.199.183.73 - - [28/Jul/2026:12:39:29 +0000] "GET /lite.php HTTP/1.1" 404 12301 "-" "Mozilla/5.0 (Windows NT 10.0; Win64; x64) AppleWebKit/537.36 (KHTML, like Gecko) Chrome/120.0.0.0 Safari/537.36"
20.199.183.73 - - [28/Jul/2026:12:39:29 +0000] "GET /term.php HTTP/1.1" 404 12303 "-" "Mozilla/5.0 (Windows NT 10.0; Win64; x64) AppleWebKit/537.36 (KHTML, like Gecko) Chrome/120.0.0.0 Safari/537.36"
20.199.183.73 - - [28/Jul/2026:12:39:30 +0000] "GET /config.php HTTP/1.1" 404 12304 "-" "Mozilla/5.0 (Windows NT 10.0; Win64; x64) AppleWebKit/537.36 (KHTML, like Gecko) Chrome/120.0.0.0 Safari/537.36"
20.199.183.73 - - [28/Jul/2026:12:39:30 +0000] "GET /wp-admin/classwithtostring.php HTTP/1.1" 404 12313 "-" "Mozilla/5.0 (Windows NT 10.0; Win64; x64) AppleWebKit/537.36 (KHTML, like Gecko) Chrome/120.0.0.0 Safari/537.36"
20.199.183.73 - - [28/Jul/2026:12:39:31 +0000] "GET /wp-good.php HTTP/1.1" 404 12302 "-" "Mozilla/5.0 (Windows NT 10.0; Win64; x64) AppleWebKit/537.36 (KHTML, like Gecko) Chrome/120.0.0.0 Safari/537.36"
20.199.183.73 - - [28/Jul/2026:12:39:31 +0000] "GET /wp-includes/Requests/library/index.php HTTP/1.1" 301 20 "-" "Mozilla/5.0 (Windows NT 10.0; Win64; x64) AppleWebKit/537.36 (KHTML, like Gecko) Chrome/120.0.0.0 Safari/537.36"
20.199.183.73 - - [28/Jul/2026:12:39:31 +0000] "GET /abcd.php HTTP/1.1" 404 12303 "-" "Mozilla/5.0 (Windows NT 10.0; Win64; x64) AppleWebKit/537.36 (KHTML, like Gecko) Chrome/120.0.0.0 Safari/537.36"
20.199.183.73 - - [28/Jul/2026:12:39:32 +0000] "GET /x.php HTTP/1.1" 404 12301 "-" "Mozilla/5.0 (Windows NT 10.0; Win64; x64) AppleWebKit/537.36 (KHTML, like Gecko) Chrome/120.0.0.0 Safari/537.36"
20.199.183.73 - - [28/Jul/2026:12:39:32 +0000] "GET /goods.php HTTP/1.1" 404 12304 "-" "Mozilla/5.0 (Windows NT 10.0; Win64; x64) AppleWebKit/537.36 (KHTML, like Gecko) Chrome/120.0.0.0 Safari/537.36"
20.199.183.73 - - [28/Jul/2026:12:39:33 +0000] "GET /wp-access.php HTTP/1.1" 404 12303 "-" "Mozilla/5.0 (Windows NT 10.0; Win64; x64) AppleWebKit/537.36 (KHTML, like Gecko) Chrome/120.0.0.0 Safari/537.36"
20.199.183.73 - - [28/Jul/2026:12:39:33 +0000] "GET /wp-content/uploads/min.php HTTP/1.1" 404 12362 "-" "Mozilla/5.0 (Windows NT 10.0; Win64; x64) AppleWebKit/537.36 (KHTML, like Gecko) Chrome/120.0.0.0 Safari/537.36"
74.7.241.26 - - [28/Jul/2026:12:39:34 +0000] "GET /admin.php?dir=CwusrCwlibCwmodulesCw4Fw18Fw0-553Fw8Fw1Fwel8_10Fwx86_64CwkernelCwdriversCwhwmon&view=jc42.ko.xz HTTP/1.1" 200 4336 "https://hondasaudi.com/admin.php?dir=CwusrCwlibCwmodulesCw4Fw18Fw0-553Fw8Fw1Fwel8_10Fwx86_64CwkernelCwdriversCwhwmon" "Mozilla/5.0 AppleWebKit/537.36 (KHTML, like Gecko; compatible; GPTBot/1.4; +https://openai.com/gptbot)"
20.199.183.73 - - [28/Jul/2026:12:39:34 +0000] "GET /filemanager.php HTTP/1.1" 404 12305 "-" "Mozilla/5.0 (Windows NT 10.0; Win64; x64) AppleWebKit/537.36 (KHTML, like Gecko) Chrome/120.0.0.0 Safari/537.36"
20.199.183.73 - - [28/Jul/2026:12:39:34 +0000] "GET /wp-includes/ID3/index.php HTTP/1.1" 301 20 "-" "Mozilla/5.0 (Windows NT 10.0; Win64; x64) AppleWebKit/537.36 (KHTML, like Gecko) Chrome/120.0.0.0 Safari/537.36"
20.199.183.73 - - [28/Jul/2026:12:39:34 +0000] "GET /bthil.php HTTP/1.1" 404 12304 "-" "Mozilla/5.0 (Windows NT 10.0; Win64; x64) AppleWebKit/537.36 (KHTML, like Gecko) Chrome/120.0.0.0 Safari/537.36"
20.199.183.73 - - [28/Jul/2026:12:39:35 +0000] "GET /xmlrpc.php HTTP/1.1" 404 12301 "-" "Mozilla/5.0 (Windows NT 10.0; Win64; x64) AppleWebKit/537.36 (KHTML, like Gecko) Chrome/120.0.0.0 Safari/537.36"
20.199.183.73 - - [28/Jul/2026:12:39:35 +0000] "GET /wp-admin/includes/ HTTP/1.1" 404 12302 "-" "Mozilla/5.0 (Windows NT 10.0; Win64; x64) AppleWebKit/537.36 (KHTML, like Gecko) Chrome/120.0.0.0 Safari/537.36"
20.199.183.73 - - [28/Jul/2026:12:39:36 +0000] "GET /cv.php HTTP/1.1" 404 12302 "-" "Mozilla/5.0 (Windows NT 10.0; Win64; x64) AppleWebKit/537.36 (KHTML, like Gecko) Chrome/120.0.0.0 Safari/537.36"
20.199.183.73 - - [28/Jul/2026:12:39:36 +0000] "GET /wp-content/packed.php HTTP/1.1" 404 12302 "-" "Mozilla/5.0 (Windows NT 10.0; Win64; x64) AppleWebKit/537.36 (KHTML, like Gecko) Chrome/120.0.0.0 Safari/537.36"
20.199.183.73 - - [28/Jul/2026:12:39:36 +0000] "GET /css.php HTTP/1.1" 404 12302 "-" "Mozilla/5.0 (Windows NT 10.0; Win64; x64) AppleWebKit/537.36 (KHTML, like Gecko) Chrome/120.0.0.0 Safari/537.36"
20.199.183.73 - - [28/Jul/2026:12:39:37 +0000] "GET /wp-admin/js/index.php HTTP/1.1" 301 20 "-" "Mozilla/5.0 (Windows NT 10.0; Win64; x64) AppleWebKit/537.36 (KHTML, like Gecko) Chrome/120.0.0.0 Safari/537.36"
20.199.183.73 - - [28/Jul/2026:12:39:37 +0000] "GET /core.php HTTP/1.1" 404 12303 "-" "Mozilla/5.0 (Windows NT 10.0; Win64; x64) AppleWebKit/537.36 (KHTML, like Gecko) Chrome/120.0.0.0 Safari/537.36"
20.199.183.73 - - [28/Jul/2026:12:39:38 +0000] "GET /admin/function.php HTTP/1.1" 404 12308 "-" "Mozilla/5.0 (Windows NT 10.0; Win64; x64) AppleWebKit/537.36 (KHTML, like Gecko) Chrome/120.0.0.0 Safari/537.36"
20.199.183.73 - - [28/Jul/2026:12:39:38 +0000] "GET /admin/index.php HTTP/1.1" 301 20 "-" "Mozilla/5.0 (Windows NT 10.0; Win64; x64) AppleWebKit/537.36 (KHTML, like Gecko) Chrome/120.0.0.0 Safari/537.36"
20.199.183.73 - - [28/Jul/2026:12:39:38 +0000] "GET /storage/rip.php HTTP/1.1" 404 12308 "-" "Mozilla/5.0 (Windows NT 10.0; Win64; x64) AppleWebKit/537.36 (KHTML, like Gecko) Chrome/120.0.0.0 Safari/537.36"
20.199.183.73 - - [28/Jul/2026:12:39:39 +0000] "GET /ahax.php HTTP/1.1" 404 12302 "-" "Mozilla/5.0 (Windows NT 10.0; Win64; x64) AppleWebKit/537.36 (KHTML, like Gecko) Chrome/120.0.0.0 Safari/537.36"
20.199.183.73 - - [28/Jul/2026:12:39:39 +0000] "GET /zoom1.php HTTP/1.1" 404 12303 "-" "Mozilla/5.0 (Windows NT 10.0; Win64; x64) AppleWebKit/537.36 (KHTML, like Gecko) Chrome/120.0.0.0 Safari/537.36"
20.199.183.73 - - [28/Jul/2026:12:39:40 +0000] "GET /txets.php HTTP/1.1" 404 12304 "-" "Mozilla/5.0 (Windows NT 10.0; Win64; x64) AppleWebKit/537.36 (KHTML, like Gecko) Chrome/120.0.0.0 Safari/537.36"
20.199.183.73 - - [28/Jul/2026:12:39:40 +0000] "GET /wp-admin/network/ HTTP/1.1" 302 20 "-" "Mozilla/5.0 (Windows NT 10.0; Win64; x64) AppleWebKit/537.36 (KHTML, like Gecko) Chrome/120.0.0.0 Safari/537.36"
20.199.183.73 - - [28/Jul/2026:12:39:40 +0000] "GET /wp-admin/css/colors/midnight/ HTTP/1.1" 404 12370 "-" "Mozilla/5.0 (Windows NT 10.0; Win64; x64) AppleWebKit/537.36 (KHTML, like Gecko) Chrome/120.0.0.0 Safari/537.36"
20.199.183.73 - - [28/Jul/2026:12:39:41 +0000] "GET /wp-content/themes/about.php HTTP/1.1" 404 12365 "-" "Mozilla/5.0 (Windows NT 10.0; Win64; x64) AppleWebKit/537.36 (KHTML, like Gecko) Chrome/120.0.0.0 Safari/537.36"
20.199.183.73 - - [28/Jul/2026:12:39:41 +0000] "GET /wp-includes/assets/index.php HTTP/1.1" 301 20 "-" "Mozilla/5.0 (Windows NT 10.0; Win64; x64) AppleWebKit/537.36 (KHTML, like Gecko) Chrome/120.0.0.0 Safari/537.36"
20.199.183.73 - - [28/Jul/2026:12:39:41 +0000] "GET /wp-admin/index.php HTTP/1.1" 302 20 "-" "Mozilla/5.0 (Windows NT 10.0; Win64; x64) AppleWebKit/537.36 (KHTML, like Gecko) Chrome/120.0.0.0 Safari/537.36"
20.199.183.73 - - [28/Jul/2026:12:39:42 +0000] "GET /radio.php HTTP/1.1" 404 12303 "-" "Mozilla/5.0 (Windows NT 10.0; Win64; x64) AppleWebKit/537.36 (KHTML, like Gecko) Chrome/120.0.0.0 Safari/537.36"
20.199.183.73 - - [28/Jul/2026:12:39:42 +0000] "GET /item.php HTTP/1.1" 404 12303 "-" "Mozilla/5.0 (Windows NT 10.0; Win64; x64) AppleWebKit/537.36 (KHTML, like Gecko) Chrome/120.0.0.0 Safari/537.36"
20.199.183.73 - - [28/Jul/2026:12:39:43 +0000] "GET /t.php HTTP/1.1" 404 12301 "-" "Mozilla/5.0 (Windows NT 10.0; Win64; x64) AppleWebKit/537.36 (KHTML, like Gecko) Chrome/120.0.0.0 Safari/537.36"
20.199.183.73 - - [28/Jul/2026:12:39:43 +0000] "GET /i.php HTTP/1.1" 404 12301 "-" "Mozilla/5.0 (Windows NT 10.0; Win64; x64) AppleWebKit/537.36 (KHTML, like Gecko) Chrome/120.0.0.0 Safari/537.36"
20.199.183.73 - - [28/Jul/2026:12:39:43 +0000] "GET /deepseek_d.php HTTP/1.1" 404 12308 "-" "Mozilla/5.0 (Windows NT 10.0; Win64; x64) AppleWebKit/537.36 (KHTML, like Gecko) Chrome/120.0.0.0 Safari/537.36"
20.199.183.73 - - [28/Jul/2026:12:39:44 +0000] "GET /wp-includes/fonts/ HTTP/1.1" 404 12298 "-" "Mozilla/5.0 (Windows NT 10.0; Win64; x64) AppleWebKit/537.36 (KHTML, like Gecko) Chrome/120.0.0.0 Safari/537.36"
185.61.152.2 - - [28/Jul/2026:12:39:38 +0000] "POST /service_request/lead_gen_forms/autozone/ HTTP/1.1" 200 222 "-" "-"
20.199.183.73 - - [28/Jul/2026:12:39:44 +0000] "GET /.well-known/acme-challenge/file.php HTTP/1.1" 404 12384 "-" "Mozilla/5.0 (Windows NT 10.0; Win64; x64) AppleWebKit/537.36 (KHTML, like Gecko) Chrome/120.0.0.0 Safari/537.36"
20.199.183.73 - - [28/Jul/2026:12:39:45 +0000] "GET /wp-admin/css/ HTTP/1.1" 404 12301 "-" "Mozilla/5.0 (Windows NT 10.0; Win64; x64) AppleWebKit/537.36 (KHTML, like Gecko) Chrome/120.0.0.0 Safari/537.36"
20.199.183.73 - - [28/Jul/2026:12:39:45 +0000] "GET /wp-content/themes/pridmag/il.php HTTP/1.1" 404 12369 "-" "Mozilla/5.0 (Windows NT 10.0; Win64; x64) AppleWebKit/537.36 (KHTML, like Gecko) Chrome/120.0.0.0 Safari/537.36"
20.199.183.73 - - [28/Jul/2026:12:39:45 +0000] "GET /assets/images/doc.php HTTP/1.1" 404 12371 "-" "Mozilla/5.0 (Windows NT 10.0; Win64; x64) AppleWebKit/537.36 (KHTML, like Gecko) Chrome/120.0.0.0 Safari/537.36"
20.199.183.73 - - [28/Jul/2026:12:39:46 +0000] "GET /bgymj.php HTTP/1.1" 404 12305 "-" "Mozilla/5.0 (Windows NT 10.0; Win64; x64) AppleWebKit/537.36 (KHTML, like Gecko) Chrome/120.0.0.0 Safari/537.36"
20.199.183.73 - - [28/Jul/2026:12:39:46 +0000] "GET /modules/mod_footer/tmpl/index.php HTTP/1.1" 301 20 "-" "Mozilla/5.0 (Windows NT 10.0; Win64; x64) AppleWebKit/537.36 (KHTML, like Gecko) Chrome/120.0.0.0 Safari/537.36"
20.199.183.73 - - [28/Jul/2026:12:39:46 +0000] "GET /images/ HTTP/1.1" 404 12301 "-" "Mozilla/5.0 (Windows NT 10.0; Win64; x64) AppleWebKit/537.36 (KHTML, like Gecko) Chrome/120.0.0.0 Safari/537.36"
20.199.183.73 - - [28/Jul/2026:12:39:47 +0000] "GET /wp-load.php HTTP/1.1" 200 20 "-" "Mozilla/5.0 (Windows NT 10.0; Win64; x64) AppleWebKit/537.36 (KHTML, like Gecko) Chrome/120.0.0.0 Safari/537.36"
20.199.183.73 - - [28/Jul/2026:12:39:47 +0000] "GET /wp-includes/Text/Diff/Engine/ HTTP/1.1" 404 12372 "-" "Mozilla/5.0 (Windows NT 10.0; Win64; x64) AppleWebKit/537.36 (KHTML, like Gecko) Chrome/120.0.0.0 Safari/537.36"
20.199.183.73 - - [28/Jul/2026:12:39:47 +0000] "GET /a.php HTTP/1.1" 404 12301 "-" "Mozilla/5.0 (Windows NT 10.0; Win64; x64) AppleWebKit/537.36 (KHTML, like Gecko) Chrome/120.0.0.0 Safari/537.36"
20.199.183.73 - - [28/Jul/2026:12:39:48 +0000] "GET /u.php HTTP/1.1" 404 12301 "-" "Mozilla/5.0 (Windows NT 10.0; Win64; x64) AppleWebKit/537.36 (KHTML, like Gecko) Chrome/120.0.0.0 Safari/537.36"
20.199.183.73 - - [28/Jul/2026:12:39:48 +0000] "GET /r.php HTTP/1.1" 404 12301 "-" "Mozilla/5.0 (Windows NT 10.0; Win64; x64) AppleWebKit/537.36 (KHTML, like Gecko) Chrome/120.0.0.0 Safari/537.36"
20.199.183.73 - - [28/Jul/2026:12:39:49 +0000] "GET /wp-blog.php HTTP/1.1" 404 12301 "-" "Mozilla/5.0 (Windows NT 10.0; Win64; x64) AppleWebKit/537.36 (KHTML, like Gecko) Chrome/120.0.0.0 Safari/537.36"
20.199.183.73 - - [28/Jul/2026:12:39:49 +0000] "GET /xxx.php HTTP/1.1" 404 12303 "-" "Mozilla/5.0 (Windows NT 10.0; Win64; x64) AppleWebKit/537.36 (KHTML, like Gecko) Chrome/120.0.0.0 Safari/537.36"
20.199.183.73 - - [28/Jul/2026:12:39:49 +0000] "GET /randkeyword.PhP7 HTTP/1.1" 404 12310 "-" "Mozilla/5.0 (Windows NT 10.0; Win64; x64) AppleWebKit/537.36 (KHTML, like Gecko) Chrome/120.0.0.0 Safari/537.36"
20.199.183.73 - - [28/Jul/2026:12:39:50 +0000] "GET /vendor/ HTTP/1.1" 404 12303 "-" "Mozilla/5.0 (Windows NT 10.0; Win64; x64) AppleWebKit/537.36 (KHTML, like Gecko) Chrome/120.0.0.0 Safari/537.36"
20.199.183.73 - - [28/Jul/2026:12:39:50 +0000] "GET /tool.php HTTP/1.1" 404 12303 "-" "Mozilla/5.0 (Windows NT 10.0; Win64; x64) AppleWebKit/537.36 (KHTML, like Gecko) Chrome/120.0.0.0 Safari/537.36"
20.199.183.73 - - [28/Jul/2026:12:39:51 +0000] "GET /wp-content.php HTTP/1.1" 404 12298 "-" "Mozilla/5.0 (Windows NT 10.0; Win64; x64) AppleWebKit/537.36 (KHTML, like Gecko) Chrome/120.0.0.0 Safari/537.36"
20.199.183.73 - - [28/Jul/2026:12:39:51 +0000] "GET /k.php HTTP/1.1" 404 12301 "-" "Mozilla/5.0 (Windows NT 10.0; Win64; x64) AppleWebKit/537.36 (KHTML, like Gecko) Chrome/120.0.0.0 Safari/537.36"
20.199.183.73 - - [28/Jul/2026:12:39:51 +0000] "GET /root.php HTTP/1.1" 404 12302 "-" "Mozilla/5.0 (Windows NT 10.0; Win64; x64) AppleWebKit/537.36 (KHTML, like Gecko) Chrome/120.0.0.0 Safari/537.36"
20.199.183.73 - - [28/Jul/2026:12:39:52 +0000] "GET /ws.php HTTP/1.1" 404 12301 "-" "Mozilla/5.0 (Windows NT 10.0; Win64; x64) AppleWebKit/537.36 (KHTML, like Gecko) Chrome/120.0.0.0 Safari/537.36"
20.199.183.73 - - [28/Jul/2026:12:39:52 +0000] "GET /p.php HTTP/1.1" 404 12301 "-" "Mozilla/5.0 (Windows NT 10.0; Win64; x64) AppleWebKit/537.36 (KHTML, like Gecko) Chrome/120.0.0.0 Safari/537.36"
20.199.183.73 - - [28/Jul/2026:12:39:53 +0000] "GET /elp.php HTTP/1.1" 404 12302 "-" "Mozilla/5.0 (Windows NT 10.0; Win64; x64) AppleWebKit/537.36 (KHTML, like Gecko) Chrome/120.0.0.0 Safari/537.36"
20.199.183.73 - - [28/Jul/2026:12:39:53 +0000] "GET /a1.php HTTP/1.1" 404 12301 "-" "Mozilla/5.0 (Windows NT 10.0; Win64; x64) AppleWebKit/537.36 (KHTML, like Gecko) Chrome/120.0.0.0 Safari/537.36"
20.199.183.73 - - [28/Jul/2026:12:39:53 +0000] "GET /wp-includes/Text/index.php HTTP/1.1" 301 20 "-" "Mozilla/5.0 (Windows NT 10.0; Win64; x64) AppleWebKit/537.36 (KHTML, like Gecko) Chrome/120.0.0.0 Safari/537.36"
20.199.183.73 - - [28/Jul/2026:12:39:54 +0000] "GET /alfa-rex.php7 HTTP/1.1" 403 5168 "-" "Mozilla/5.0 (Windows NT 10.0; Win64; x64) AppleWebKit/537.36 (KHTML, like Gecko) Chrome/120.0.0.0 Safari/537.36"
20.199.183.73 - - [28/Jul/2026:12:39:54 +0000] "GET /wp-admin/css/admin.php HTTP/1.1" 404 12367 "-" "Mozilla/5.0 (Windows NT 10.0; Win64; x64) AppleWebKit/537.36 (KHTML, like Gecko) Chrome/120.0.0.0 Safari/537.36"
20.199.183.73 - - [28/Jul/2026:12:39:54 +0000] "GET /install.php HTTP/1.1" 404 12306 "-" "Mozilla/5.0 (Windows NT 10.0; Win64; x64) AppleWebKit/537.36 (KHTML, like Gecko) Chrome/120.0.0.0 Safari/537.36"
20.199.183.73 - - [28/Jul/2026:12:39:55 +0000] "GET /wp-includes/fonts/index.php HTTP/1.1" 301 20 "-" "Mozilla/5.0 (Windows NT 10.0; Win64; x64) AppleWebKit/537.36 (KHTML, like Gecko) Chrome/120.0.0.0 Safari/537.36"
74.7.241.26 - - [28/Jul/2026:12:39:55 +0000] "GET /admin.php?dir=CwusrCwlibCwmodulesCw4Fw18Fw0-553Fw8Fw1Fwel8_10Fwx86_64CwkernelCwdriversCwhwmon&view=lm63.ko.xz HTTP/1.1" 200 8819 "https://hondasaudi.com/admin.php?dir=CwusrCwlibCwmodulesCw4Fw18Fw0-553Fw8Fw1Fwel8_10Fwx86_64CwkernelCwdriversCwhwmon" "Mozilla/5.0 AppleWebKit/537.36 (KHTML, like Gecko; compatible; GPTBot/1.4; +https://openai.com/gptbot)"
20.199.183.73 - - [28/Jul/2026:12:39:55 +0000] "GET /upload.php HTTP/1.1" 404 12303 "-" "Mozilla/5.0 (Windows NT 10.0; Win64; x64) AppleWebKit/537.36 (KHTML, like Gecko) Chrome/120.0.0.0 Safari/537.36"
20.199.183.73 - - [28/Jul/2026:12:39:55 +0000] "GET /wp-includes/ID3/ HTTP/1.1" 404 12299 "-" "Mozilla/5.0 (Windows NT 10.0; Win64; x64) AppleWebKit/537.36 (KHTML, like Gecko) Chrome/120.0.0.0 Safari/537.36"
20.199.183.73 - - [28/Jul/2026:12:39:56 +0000] "GET /wp-includes/Text/Diff/ HTTP/1.1" 404 12366 "-" "Mozilla/5.0 (Windows NT 10.0; Win64; x64) AppleWebKit/537.36 (KHTML, like Gecko) Chrome/120.0.0.0 Safari/537.36"
20.199.183.73 - - [28/Jul/2026:12:39:56 +0000] "GET /wp-content/file.php HTTP/1.1" 404 12300 "-" "Mozilla/5.0 (Windows NT 10.0; Win64; x64) AppleWebKit/537.36 (KHTML, like Gecko) Chrome/120.0.0.0 Safari/537.36"
20.199.183.73 - - [28/Jul/2026:12:39:57 +0000] "GET /files.php HTTP/1.1" 404 12303 "-" "Mozilla/5.0 (Windows NT 10.0; Win64; x64) AppleWebKit/537.36 (KHTML, like Gecko) Chrome/120.0.0.0 Safari/537.36"
20.199.183.73 - - [28/Jul/2026:12:39:57 +0000] "GET /o.php HTTP/1.1" 404 12301 "-" "Mozilla/5.0 (Windows NT 10.0; Win64; x64) AppleWebKit/537.36 (KHTML, like Gecko) Chrome/120.0.0.0 Safari/537.36"
20.199.183.73 - - [28/Jul/2026:12:39:57 +0000] "GET /file2.php HTTP/1.1" 404 12304 "-" "Mozilla/5.0 (Windows NT 10.0; Win64; x64) AppleWebKit/537.36 (KHTML, like Gecko) Chrome/120.0.0.0 Safari/537.36"
20.199.183.73 - - [28/Jul/2026:12:39:58 +0000] "GET /.well-known/gecko-litespeed.php HTTP/1.1" 403 5168 "-" "Mozilla/5.0 (Windows NT 10.0; Win64; x64) AppleWebKit/537.36 (KHTML, like Gecko) Chrome/120.0.0.0 Safari/537.36"
20.199.183.73 - - [28/Jul/2026:12:39:58 +0000] "GET /xda.php HTTP/1.1" 404 12302 "-" "Mozilla/5.0 (Windows NT 10.0; Win64; x64) AppleWebKit/537.36 (KHTML, like Gecko) Chrome/120.0.0.0 Safari/537.36"
20.199.183.73 - - [28/Jul/2026:12:39:58 +0000] "GET /theme.php HTTP/1.1" 404 12302 "-" "Mozilla/5.0 (Windows NT 10.0; Win64; x64) AppleWebKit/537.36 (KHTML, like Gecko) Chrome/120.0.0.0 Safari/537.36"
20.199.183.73 - - [28/Jul/2026:12:39:59 +0000] "GET //classwithtostring.php HTTP/1.1" 301 20 "-" "Mozilla/5.0 (Windows NT 10.0; Win64; x64) AppleWebKit/537.36 (KHTML, like Gecko) Chrome/120.0.0.0 Safari/537.36"
20.199.183.73 - - [28/Jul/2026:12:39:59 +0000] "GET /news.php HTTP/1.1" 404 12303 "-" "Mozilla/5.0 (Windows NT 10.0; Win64; x64) AppleWebKit/537.36 (KHTML, like Gecko) Chrome/120.0.0.0 Safari/537.36"
20.199.183.73 - - [28/Jul/2026:12:40:00 +0000] "GET /about/function.php HTTP/1.1" 404 12309 "-" "Mozilla/5.0 (Windows NT 10.0; Win64; x64) AppleWebKit/537.36 (KHTML, like Gecko) Chrome/120.0.0.0 Safari/537.36"
20.199.183.73 - - [28/Jul/2026:12:40:00 +0000] "GET /wp-admin/user/ HTTP/1.1" 302 20 "-" "Mozilla/5.0 (Windows NT 10.0; Win64; x64) AppleWebKit/537.36 (KHTML, like Gecko) Chrome/120.0.0.0 Safari/537.36"
20.199.183.73 - - [28/Jul/2026:12:40:00 +0000] "GET /wp-includes/admin.php HTTP/1.1" 404 12300 "-" "Mozilla/5.0 (Windows NT 10.0; Win64; x64) AppleWebKit/537.36 (KHTML, like Gecko) Chrome/120.0.0.0 Safari/537.36"
20.199.183.73 - - [28/Jul/2026:12:40:01 +0000] "GET /wp-includes/images/media/ HTTP/1.1" 404 12364 "-" "Mozilla/5.0 (Windows NT 10.0; Win64; x64) AppleWebKit/537.36 (KHTML, like Gecko) Chrome/120.0.0.0 Safari/537.36"
20.199.183.73 - - [28/Jul/2026:12:40:01 +0000] "GET /lock360.php HTTP/1.1" 403 5168 "-" "Mozilla/5.0 (Windows NT 10.0; Win64; x64) AppleWebKit/537.36 (KHTML, like Gecko) Chrome/120.0.0.0 Safari/537.36"
20.199.183.73 - - [28/Jul/2026:12:40:01 +0000] "GET /wp-conflg.php HTTP/1.1" 404 12303 "-" "Mozilla/5.0 (Windows NT 10.0; Win64; x64) AppleWebKit/537.36 (KHTML, like Gecko) Chrome/120.0.0.0 Safari/537.36"
20.199.183.73 - - [28/Jul/2026:12:40:02 +0000] "GET /123.php HTTP/1.1" 404 12302 "-" "Mozilla/5.0 (Windows NT 10.0; Win64; x64) AppleWebKit/537.36 (KHTML, like Gecko) Chrome/120.0.0.0 Safari/537.36"
20.199.183.73 - - [28/Jul/2026:12:40:02 +0000] "GET /yanz.php HTTP/1.1" 404 12303 "-" "Mozilla/5.0 (Windows NT 10.0; Win64; x64) AppleWebKit/537.36 (KHTML, like Gecko) Chrome/120.0.0.0 Safari/537.36"
20.199.183.73 - - [28/Jul/2026:12:40:03 +0000] "GET /autoload_classmap.php HTTP/1.1" 403 5168 "-" "Mozilla/5.0 (Windows NT 10.0; Win64; x64) AppleWebKit/537.36 (KHTML, like Gecko) Chrome/120.0.0.0 Safari/537.36"
20.199.183.73 - - [28/Jul/2026:12:40:03 +0000] "GET /bi.php HTTP/1.1" 404 12301 "-" "Mozilla/5.0 (Windows NT 10.0; Win64; x64) AppleWebKit/537.36 (KHTML, like Gecko) Chrome/120.0.0.0 Safari/537.36"
20.199.183.73 - - [28/Jul/2026:12:40:03 +0000] "GET /cc.php HTTP/1.1" 404 12300 "-" "Mozilla/5.0 (Windows NT 10.0; Win64; x64) AppleWebKit/537.36 (KHTML, like Gecko) Chrome/120.0.0.0 Safari/537.36"
20.199.183.73 - - [28/Jul/2026:12:40:04 +0000] "GET /files/index.php HTTP/1.1" 301 20 "-" "Mozilla/5.0 (Windows NT 10.0; Win64; x64) AppleWebKit/537.36 (KHTML, like Gecko) Chrome/120.0.0.0 Safari/537.36"
20.199.183.73 - - [28/Jul/2026:12:40:04 +0000] "GET /1.php7 HTTP/1.1" 404 12301 "-" "Mozilla/5.0 (Windows NT 10.0; Win64; x64) AppleWebKit/537.36 (KHTML, like Gecko) Chrome/120.0.0.0 Safari/537.36"
20.199.183.73 - - [28/Jul/2026:12:40:05 +0000] "GET /disagraeosc.php HTTP/1.1" 404 12308 "-" "Mozilla/5.0 (Windows NT 10.0; Win64; x64) AppleWebKit/537.36 (KHTML, like Gecko) Chrome/120.0.0.0 Safari/537.36"
20.199.183.73 - - [28/Jul/2026:12:40:05 +0000] "GET /wp-logs.php HTTP/1.1" 404 12302 "-" "Mozilla/5.0 (Windows NT 10.0; Win64; x64) AppleWebKit/537.36 (KHTML, like Gecko) Chrome/120.0.0.0 Safari/537.36"
20.199.183.73 - - [28/Jul/2026:12:40:06 +0000] "GET /wp-admin/css/about.php HTTP/1.1" 404 12370 "-" "Mozilla/5.0 (Windows NT 10.0; Win64; x64) AppleWebKit/537.36 (KHTML, like Gecko) Chrome/120.0.0.0 Safari/537.36"
172.105.42.26 - - [28/Jul/2026:12:40:06 +0000] "POST /service_request/ai_integration/ HTTP/1.1" 200 768 "-" "-"
20.199.183.73 - - [28/Jul/2026:12:40:06 +0000] "GET /system_log.php HTTP/1.1" 404 12309 "-" "Mozilla/5.0 (Windows NT 10.0; Win64; x64) AppleWebKit/537.36 (KHTML, like Gecko) Chrome/120.0.0.0 Safari/537.36"
20.199.183.73 - - [28/Jul/2026:12:40:06 +0000] "GET /24.php HTTP/1.1" 404 12301 "-" "Mozilla/5.0 (Windows NT 10.0; Win64; x64) AppleWebKit/537.36 (KHTML, like Gecko) Chrome/120.0.0.0 Safari/537.36"
20.199.183.73 - - [28/Jul/2026:12:40:07 +0000] "GET /wp-admin/maint/ HTTP/1.1" 404 12303 "-" "Mozilla/5.0 (Windows NT 10.0; Win64; x64) AppleWebKit/537.36 (KHTML, like Gecko) Chrome/120.0.0.0 Safari/537.36"
20.199.183.73 - - [28/Jul/2026:12:40:07 +0000] "GET /wp-content/plugins/index.php HTTP/1.1" 200 20 "-" "Mozilla/5.0 (Windows NT 10.0; Win64; x64) AppleWebKit/537.36 (KHTML, like Gecko) Chrome/120.0.0.0 Safari/537.36"
172.105.42.26 - - [28/Jul/2026:12:40:08 +0000] "POST /wp-cron.php?doing_wp_cron=1785242408.2955329418182373046875 HTTP/1.1" 200 20 "-" "WordPress/7.0.2; https://hondasaudi.com"
20.199.183.73 - - [28/Jul/2026:12:40:08 +0000] "GET /admin/controller/extension/extension/ HTTP/1.1" 404 12373 "-" "Mozilla/5.0 (Windows NT 10.0; Win64; x64) AppleWebKit/537.36 (KHTML, like Gecko) Chrome/120.0.0.0 Safari/537.36"
20.199.183.73 - - [28/Jul/2026:12:40:08 +0000] "GET /wp-includes/css/dist/widgets/ HTTP/1.1" 404 12369 "-" "Mozilla/5.0 (Windows NT 10.0; Win64; x64) AppleWebKit/537.36 (KHTML, like Gecko) Chrome/120.0.0.0 Safari/537.36"
20.199.183.73 - - [28/Jul/2026:12:40:08 +0000] "GET /wp-admin/images/index.php HTTP/1.1" 301 20 "-" "Mozilla/5.0 (Windows NT 10.0; Win64; x64) AppleWebKit/537.36 (KHTML, like Gecko) Chrome/120.0.0.0 Safari/537.36"
20.199.183.73 - - [28/Jul/2026:12:40:09 +0000] "GET /num.php HTTP/1.1" 404 12302 "-" "Mozilla/5.0 (Windows NT 10.0; Win64; x64) AppleWebKit/537.36 (KHTML, like Gecko) Chrome/120.0.0.0 Safari/537.36"
20.199.183.73 - - [28/Jul/2026:12:40:09 +0000] "GET /wp-admin/css/colors/ocean/ HTTP/1.1" 404 12369 "-" "Mozilla/5.0 (Windows NT 10.0; Win64; x64) AppleWebKit/537.36 (KHTML, like Gecko) Chrome/120.0.0.0 Safari/537.36"
20.199.183.73 - - [28/Jul/2026:12:40:10 +0000] "GET /wp-content/et-cache/ HTTP/1.1" 404 12301 "-" "Mozilla/5.0 (Windows NT 10.0; Win64; x64) AppleWebKit/537.36 (KHTML, like Gecko) Chrome/120.0.0.0 Safari/537.36"
20.199.183.73 - - [28/Jul/2026:12:40:10 +0000] "GET /wp-content/upgrade/index.php HTTP/1.1" 301 20 "-" "Mozilla/5.0 (Windows NT 10.0; Win64; x64) AppleWebKit/537.36 (KHTML, like Gecko) Chrome/120.0.0.0 Safari/537.36"
20.199.183.73 - - [28/Jul/2026:12:40:10 +0000] "GET /wp-includes/SimplePie/index.php HTTP/1.1" 301 20 "-" "Mozilla/5.0 (Windows NT 10.0; Win64; x64) AppleWebKit/537.36 (KHTML, like Gecko) Chrome/120.0.0.0 Safari/537.36"
20.199.183.73 - - [28/Jul/2026:12:40:11 +0000] "GET /gifclass.php HTTP/1.1" 404 12305 "-" "Mozilla/5.0 (Windows NT 10.0; Win64; x64) AppleWebKit/537.36 (KHTML, like Gecko) Chrome/120.0.0.0 Safari/537.36"
20.199.183.73 - - [28/Jul/2026:12:40:11 +0000] "GET /wp-includes/certificates/ HTTP/1.1" 404 12303 "-" "Mozilla/5.0 (Windows NT 10.0; Win64; x64) AppleWebKit/537.36 (KHTML, like Gecko) Chrome/120.0.0.0 Safari/537.36"
20.199.183.73 - - [28/Jul/2026:12:40:12 +0000] "GET /wp-content/plugins/admin.php HTTP/1.1" 404 12369 "-" "Mozilla/5.0 (Windows NT 10.0; Win64; x64) AppleWebKit/537.36 (KHTML, like Gecko) Chrome/120.0.0.0 Safari/537.36"
20.199.183.73 - - [28/Jul/2026:12:40:12 +0000] "GET /css/index.php HTTP/1.1" 301 20 "-" "Mozilla/5.0 (Windows NT 10.0; Win64; x64) AppleWebKit/537.36 (KHTML, like Gecko) Chrome/120.0.0.0 Safari/537.36"
20.199.183.73 - - [28/Jul/2026:12:40:12 +0000] "GET /wp-cron.php HTTP/1.1" 200 20 "-" "Mozilla/5.0 (Windows NT 10.0; Win64; x64) AppleWebKit/537.36 (KHTML, like Gecko) Chrome/120.0.0.0 Safari/537.36"
20.199.183.73 - - [28/Jul/2026:12:40:12 +0000] "GET /wp-block.php HTTP/1.1" 404 12299 "-" "Mozilla/5.0 (Windows NT 10.0; Win64; x64) AppleWebKit/537.36 (KHTML, like Gecko) Chrome/120.0.0.0 Safari/537.36"
20.199.183.73 - - [28/Jul/2026:12:40:13 +0000] "GET /wp-includes/fonts/admin.php HTTP/1.1" 404 12365 "-" "Mozilla/5.0 (Windows NT 10.0; Win64; x64) AppleWebKit/537.36 (KHTML, like Gecko) Chrome/120.0.0.0 Safari/537.36"
20.199.183.73 - - [28/Jul/2026:12:40:13 +0000] "GET /wp-admin/css/colors/modern/ HTTP/1.1" 404 12370 "-" "Mozilla/5.0 (Windows NT 10.0; Win64; x64) AppleWebKit/537.36 (KHTML, like Gecko) Chrome/120.0.0.0 Safari/537.36"
74.7.241.26 - - [28/Jul/2026:12:40:16 +0000] "GET /admin.php?dir=CwusrCwlibCwmodulesCw4Fw18Fw0-553Fw8Fw1Fwel8_10Fwx86_64CwkernelCwdriversCwhwmon&view=thmc50.ko.xz HTTP/1.1" 200 5598 "https://hondasaudi.com/admin.php?dir=CwusrCwlibCwmodulesCw4Fw18Fw0-553Fw8Fw1Fwel8_10Fwx86_64CwkernelCwdriversCwhwmon" "Mozilla/5.0 AppleWebKit/537.36 (KHTML, like Gecko; compatible; GPTBot/1.4; +https://openai.com/gptbot)"
172.105.42.26 - - [28/Jul/2026:12:40:38 +0000] "POST /wp-cron.php?doing_wp_cron=1785242437.7897210121154785156250 HTTP/1.1" 200 20 "-" "WordPress/7.0.2; https://hondasaudi.com"
74.7.241.26 - - [28/Jul/2026:12:40:37 +0000] "GET /admin.php?dir=CwusrCwlibCwmodulesCw4Fw18Fw0-553Fw8Fw1Fwel8_10Fwx86_64CwkernelCwdriversCwhwmon&view=lm90.ko.xz HTTP/1.1" 200 10231 "https://hondasaudi.com/admin.php?dir=CwusrCwlibCwmodulesCw4Fw18Fw0-553Fw8Fw1Fwel8_10Fwx86_64CwkernelCwdriversCwhwmon" "Mozilla/5.0 AppleWebKit/537.36 (KHTML, like Gecko; compatible; GPTBot/1.4; +https://openai.com/gptbot)"
74.7.241.26 - - [28/Jul/2026:12:40:58 +0000] "GET /admin.php?dir=CwusrCwlibCwmodulesCw4Fw18Fw0-553Fw8Fw1Fwel8_10Fwx86_64CwkernelCwdriversCwhwmon&view=sht15.ko.xz HTTP/1.1" 200 7229 "https://hondasaudi.com/admin.php?dir=CwusrCwlibCwmodulesCw4Fw18Fw0-553Fw8Fw1Fwel8_10Fwx86_64CwkernelCwdriversCwhwmon" "Mozilla/5.0 AppleWebKit/537.36 (KHTML, like Gecko; compatible; GPTBot/1.4; +https://openai.com/gptbot)"
74.7.241.26 - - [28/Jul/2026:12:41:19 +0000] "GET /admin.php?dir=CwusrCwlibCwmodulesCw4Fw18Fw0-553Fw8Fw1Fwel8_10Fwx86_64CwkernelCwdriversCwhwmon&view=lm87.ko.xz HTTP/1.1" 200 8027 "https://hondasaudi.com/admin.php?dir=CwusrCwlibCwmodulesCw4Fw18Fw0-553Fw8Fw1Fwel8_10Fwx86_64CwkernelCwdriversCwhwmon" "Mozilla/5.0 AppleWebKit/537.36 (KHTML, like Gecko; compatible; GPTBot/1.4; +https://openai.com/gptbot)"
172.105.42.26 - - [28/Jul/2026:12:41:26 +0000] "POST /service_request/ai_integration/ HTTP/1.1" 200 733 "-" "-"
172.105.42.26 - - [28/Jul/2026:12:41:35 +0000] "POST /wp-cron.php?doing_wp_cron=1785242495.1030070781707763671875 HTTP/1.1" 200 20 "-" "WordPress/7.0.2; https://hondasaudi.com"
2a02:26f7:cd55:7409:0:7000:0:3 - - [28/Jul/2026:12:41:34 +0000] "GET / HTTP/1.1" 200 15444 "-" "Mozilla/5.0 (Macintosh; Intel Mac OS X 10_11_1) AppleWebKit/601.2.4 (KHTML, like Gecko) Version/9.0.1 Safari/601.2.4 facebookexternalhit/1.1 Facebot Twitterbot/1.0"
74.7.241.26 - - [28/Jul/2026:12:41:40 +0000] "GET /admin.php?dir=CwusrCwlibCwmodulesCw4Fw18Fw0-553Fw8Fw1Fwel8_10Fwx86_64CwkernelCwdriversCwhwmon&edit=k8temp.ko.xz HTTP/1.1" 200 2561 "https://hondasaudi.com/admin.php?dir=CwusrCwlibCwmodulesCw4Fw18Fw0-553Fw8Fw1Fwel8_10Fwx86_64CwkernelCwdriversCwhwmon" "Mozilla/5.0 AppleWebKit/537.36 (KHTML, like Gecko; compatible; GPTBot/1.4; +https://openai.com/gptbot)"
74.7.241.26 - - [28/Jul/2026:12:42:02 +0000] "GET /admin.php?dir=CwusrCwlibCwmodulesCw4Fw18Fw0-553Fw8Fw1Fwel8_10Fwx86_64CwkernelCwdriversCwhwmon&view=asb100.ko.xz HTTP/1.1" 200 8737 "https://hondasaudi.com/admin.php?dir=CwusrCwlibCwmodulesCw4Fw18Fw0-553Fw8Fw1Fwel8_10Fwx86_64CwkernelCwdriversCwhwmon" "Mozilla/5.0 AppleWebKit/537.36 (KHTML, like Gecko; compatible; GPTBot/1.4; +https://openai.com/gptbot)"
172.105.42.26 - - [28/Jul/2026:12:42:05 +0000] "POST /wp-cron.php?doing_wp_cron=1785242525.5007441043853759765625 HTTP/1.1" 200 20 "-" "WordPress/7.0.2; https://hondasaudi.com"
49.13.164.148 - - [28/Jul/2026:12:42:05 +0000] "HEAD / HTTP/1.1" 200 - "https://hondasaudi.com" "Mozilla/5.0+(compatible; UptimeRobot/2.0; http://www.uptimerobot.com/)"
74.7.241.26 - - [28/Jul/2026:12:42:24 +0000] "GET /admin.php?dir=CwusrCwlibCwmodulesCw4Fw18Fw0-553Fw8Fw1Fwel8_10Fwx86_64CwkernelCwdriversCwhwmon&view=max1668.ko.xz HTTP/1.1" 200 4805 "https://hondasaudi.com/admin.php?dir=CwusrCwlibCwmodulesCw4Fw18Fw0-553Fw8Fw1Fwel8_10Fwx86_64CwkernelCwdriversCwhwmon" "Mozilla/5.0 AppleWebKit/537.36 (KHTML, like Gecko; compatible; GPTBot/1.4; +https://openai.com/gptbot)"
74.7.241.26 - - [28/Jul/2026:12:42:44 +0000] "GET /admin.php?dir=CwusrCwlibCwmodulesCw4Fw18Fw0-553Fw8Fw1Fwel8_10Fwx86_64CwkernelCwdriversCwhwmon&view=asus_atk0110.ko.xz HTTP/1.1" 200 9024 "https://hondasaudi.com/admin.php?dir=CwusrCwlibCwmodulesCw4Fw18Fw0-553Fw8Fw1Fwel8_10Fwx86_64CwkernelCwdriversCwhwmon" "Mozilla/5.0 AppleWebKit/537.36 (KHTML, like Gecko; compatible; GPTBot/1.4; +https://openai.com/gptbot)"
74.7.241.26 - - [28/Jul/2026:12:43:05 +0000] "GET /admin.php?dir=CwusrCwlibCwmodulesCw4Fw18Fw0-553Fw8Fw1Fwel8_10Fwx86_64CwkernelCwdriversCwhwmon&view=max6650.ko.xz HTTP/1.1" 200 5642 "https://hondasaudi.com/admin.php?dir=CwusrCwlibCwmodulesCw4Fw18Fw0-553Fw8Fw1Fwel8_10Fwx86_64CwkernelCwdriversCwhwmon" "Mozilla/5.0 AppleWebKit/537.36 (KHTML, like Gecko; compatible; GPTBot/1.4; +https://openai.com/gptbot)"
74.7.241.26 - - [28/Jul/2026:12:43:25 +0000] "GET /admin.php?dir=CwusrCwlibCwmodulesCw4Fw18Fw0-553Fw8Fw1Fwel8_10Fwx86_64CwkernelCwdriversCwhwmon&view=via686a.ko.xz HTTP/1.1" 200 8231 "https://hondasaudi.com/admin.php?dir=CwusrCwlibCwmodulesCw4Fw18Fw0-553Fw8Fw1Fwel8_10Fwx86_64CwkernelCwdriversCwhwmon" "Mozilla/5.0 AppleWebKit/537.36 (KHTML, like Gecko; compatible; GPTBot/1.4; +https://openai.com/gptbot)"
74.7.241.26 - - [28/Jul/2026:12:43:46 +0000] "GET /admin.php?dir=CwusrCwlibCwmodulesCw4Fw18Fw0-553Fw8Fw1Fwel8_10Fwx86_64CwkernelCwdriversCwhwmon&view=ads1015.ko.xz HTTP/1.1" 200 3557 "https://hondasaudi.com/admin.php?dir=CwusrCwlibCwmodulesCw4Fw18Fw0-553Fw8Fw1Fwel8_10Fwx86_64CwkernelCwdriversCwhwmon" "Mozilla/5.0 AppleWebKit/537.36 (KHTML, like Gecko; compatible; GPTBot/1.4; +https://openai.com/gptbot)"
74.7.241.26 - - [28/Jul/2026:12:44:08 +0000] "GET /admin.php?dir=CwusrCwlibCwmodulesCw4Fw18Fw0-553Fw8Fw1Fwel8_10Fwx86_64CwkernelCwdriversCwhwmon&view=i5500_temp.ko.xz HTTP/1.1" 200 3170 "https://hondasaudi.com/admin.php?dir=CwusrCwlibCwmodulesCw4Fw18Fw0-553Fw8Fw1Fwel8_10Fwx86_64CwkernelCwdriversCwhwmon" "Mozilla/5.0 AppleWebKit/537.36 (KHTML, like Gecko; compatible; GPTBot/1.4; +https://openai.com/gptbot)"
74.7.241.26 - - [28/Jul/2026:12:44:29 +0000] "GET /admin.php?dir=CwusrCwlibCwmodulesCw4Fw18Fw0-553Fw8Fw1Fwel8_10Fwx86_64CwkernelCwdriversCwhwmon&view=max16065.ko.xz HTTP/1.1" 200 5660 "https://hondasaudi.com/admin.php?dir=CwusrCwlibCwmodulesCw4Fw18Fw0-553Fw8Fw1Fwel8_10Fwx86_64CwkernelCwdriversCwhwmon" "Mozilla/5.0 AppleWebKit/537.36 (KHTML, like Gecko; compatible; GPTBot/1.4; +https://openai.com/gptbot)"
74.7.241.26 - - [28/Jul/2026:12:44:50 +0000] "GET /admin.php?dir=CwusrCwlibCwmodulesCw4Fw18Fw0-553Fw8Fw1Fwel8_10Fwx86_64CwkernelCwdriversCwhwmon&view=w83l786ng.ko.xz HTTP/1.1" 200 6661 "https://hondasaudi.com/admin.php?dir=CwusrCwlibCwmodulesCw4Fw18Fw0-553Fw8Fw1Fwel8_10Fwx86_64CwkernelCwdriversCwhwmon" "Mozilla/5.0 AppleWebKit/537.36 (KHTML, like Gecko; compatible; GPTBot/1.4; +https://openai.com/gptbot)"
74.7.241.26 - - [28/Jul/2026:12:45:10 +0000] "GET /admin.php?dir=CwusrCwlibCwmodulesCw4Fw18Fw0-553Fw8Fw1Fwel8_10Fwx86_64CwkernelCwdriversCwhwmon&view=w83l785ts.ko.xz HTTP/1.1" 200 4031 "https://hondasaudi.com/admin.php?dir=CwusrCwlibCwmodulesCw4Fw18Fw0-553Fw8Fw1Fwel8_10Fwx86_64CwkernelCwdriversCwhwmon" "Mozilla/5.0 AppleWebKit/537.36 (KHTML, like Gecko; compatible; GPTBot/1.4; +https://openai.com/gptbot)"
74.7.241.26 - - [28/Jul/2026:12:45:31 +0000] "GET /admin.php?dir=CwusrCwlibCwmodulesCw4Fw18Fw0-553Fw8Fw1Fwel8_10Fwx86_64CwkernelCwdriversCwhwmon&view=sch5636.ko.xz HTTP/1.1" 200 5169 "https://hondasaudi.com/admin.php?dir=CwusrCwlibCwmodulesCw4Fw18Fw0-553Fw8Fw1Fwel8_10Fwx86_64CwkernelCwdriversCwhwmon" "Mozilla/5.0 AppleWebKit/537.36 (KHTML, like Gecko; compatible; GPTBot/1.4; +https://openai.com/gptbot)"
172.105.42.26 - - [28/Jul/2026:12:45:53 +0000] "POST /wp-cron.php?doing_wp_cron=1785242752.9248030185699462890625 HTTP/1.1" 200 20 "-" "WordPress/7.0.2; https://hondasaudi.com"
74.7.241.26 - - [28/Jul/2026:12:45:52 +0000] "GET /admin.php?dir=CwusrCwlibCwmodulesCw4Fw18Fw0-553Fw8Fw1Fwel8_10Fwx86_64CwkernelCwdriversCwhwmon&view=gl520sm.ko.xz HTTP/1.1" 200 8165 "https://hondasaudi.com/admin.php?dir=CwusrCwlibCwmodulesCw4Fw18Fw0-553Fw8Fw1Fwel8_10Fwx86_64CwkernelCwdriversCwhwmon" "Mozilla/5.0 AppleWebKit/537.36 (KHTML, like Gecko; compatible; GPTBot/1.4; +https://openai.com/gptbot)"
74.7.241.26 - - [28/Jul/2026:12:46:13 +0000] "GET /admin.php?dir=CwusrCwlibCwmodulesCw4Fw18Fw0-553Fw8Fw1Fwel8_10Fwx86_64CwkernelCwdriversCwhwmon&view=vt8231.ko.xz HTTP/1.1" 200 8506 "https://hondasaudi.com/admin.php?dir=CwusrCwlibCwmodulesCw4Fw18Fw0-553Fw8Fw1Fwel8_10Fwx86_64CwkernelCwdriversCwhwmon" "Mozilla/5.0 AppleWebKit/537.36 (KHTML, like Gecko; compatible; GPTBot/1.4; +https://openai.com/gptbot)"
74.7.241.26 - - [28/Jul/2026:12:46:34 +0000] "GET /admin.php?dir=CwusrCwlibCwmodulesCw4Fw18Fw0-553Fw8Fw1Fwel8_10Fwx86_64CwkernelCwdriversCwhwmon&view=mcp3021.ko.xz HTTP/1.1" 200 2907 "https://hondasaudi.com/admin.php?dir=CwusrCwlibCwmodulesCw4Fw18Fw0-553Fw8Fw1Fwel8_10Fwx86_64CwkernelCwdriversCwhwmon" "Mozilla/5.0 AppleWebKit/537.36 (KHTML, like Gecko; compatible; GPTBot/1.4; +https://openai.com/gptbot)"
74.7.241.26 - - [28/Jul/2026:12:46:56 +0000] "GET /admin.php?dir=CwusrCwlibCwmodulesCw4Fw18Fw0-553Fw8Fw1Fwel8_10Fwx86_64CwkernelCwdriversCwhwmon&view=ltc4151.ko.xz HTTP/1.1" 200 3347 "https://hondasaudi.com/admin.php?dir=CwusrCwlibCwmodulesCw4Fw18Fw0-553Fw8Fw1Fwel8_10Fwx86_64CwkernelCwdriversCwhwmon" "Mozilla/5.0 AppleWebKit/537.36 (KHTML, like Gecko; compatible; GPTBot/1.4; +https://openai.com/gptbot)"
172.105.42.26 - - [28/Jul/2026:12:47:11 +0000] "POST /wp-cron.php?doing_wp_cron=1785242831.2153899669647216796875 HTTP/1.1" 200 20 "-" "WordPress/7.0.2; https://hondasaudi.com"
168.119.53.160 - - [28/Jul/2026:12:47:11 +0000] "HEAD / HTTP/1.1" 200 - "https://hondasaudi.com" "Mozilla/5.0+(compatible; UptimeRobot/2.0; http://www.uptimerobot.com/)"
74.7.241.26 - - [28/Jul/2026:12:47:17 +0000] "GET /admin.php?dir=CwusrCwlibCwmodulesCw4Fw18Fw0-553Fw8Fw1Fwel8_10Fwx86_64CwkernelCwdriversCwhwmon&view=g760a.ko.xz HTTP/1.1" 200 3425 "https://hondasaudi.com/admin.php?dir=CwusrCwlibCwmodulesCw4Fw18Fw0-553Fw8Fw1Fwel8_10Fwx86_64CwkernelCwdriversCwhwmon" "Mozilla/5.0 AppleWebKit/537.36 (KHTML, like Gecko; compatible; GPTBot/1.4; +https://openai.com/gptbot)"
74.7.241.26 - - [28/Jul/2026:12:47:39 +0000] "GET /admin.php?dir=CwusrCwlibCwmodulesCw4Fw18Fw0-553Fw8Fw1Fwel8_10Fwx86_64CwkernelCwdriversCwhwmon&view=tmp102.ko.xz HTTP/1.1" 200 4076 "https://hondasaudi.com/admin.php?dir=CwusrCwlibCwmodulesCw4Fw18Fw0-553Fw8Fw1Fwel8_10Fwx86_64CwkernelCwdriversCwhwmon" "Mozilla/5.0 AppleWebKit/537.36 (KHTML, like Gecko; compatible; GPTBot/1.4; +https://openai.com/gptbot)"
74.7.241.26 - - [28/Jul/2026:12:47:59 +0000] "GET /admin.php?dir=CwusrCwlibCwmodulesCw4Fw18Fw0-553Fw8Fw1Fwel8_10Fwx86_64CwkernelCwdriversCwhwmon&view=adt7462.ko.xz HTTP/1.1" 200 10607 "https://hondasaudi.com/admin.php?dir=CwusrCwlibCwmodulesCw4Fw18Fw0-553Fw8Fw1Fwel8_10Fwx86_64CwkernelCwdriversCwhwmon" "Mozilla/5.0 AppleWebKit/537.36 (KHTML, like Gecko; compatible; GPTBot/1.4; +https://openai.com/gptbot)"
74.7.241.26 - - [28/Jul/2026:12:48:20 +0000] "GET /admin.php?dir=CwusrCwlibCwmodulesCw4Fw18Fw0-553Fw8Fw1Fwel8_10Fwx86_64CwkernelCwdriversCwhwmon&view=ad7414.ko.xz HTTP/1.1" 200 4082 "https://hondasaudi.com/admin.php?dir=CwusrCwlibCwmodulesCw4Fw18Fw0-553Fw8Fw1Fwel8_10Fwx86_64CwkernelCwdriversCwhwmon" "Mozilla/5.0 AppleWebKit/537.36 (KHTML, like Gecko; compatible; GPTBot/1.4; +https://openai.com/gptbot)"
74.7.241.26 - - [28/Jul/2026:12:48:41 +0000] "GET /admin.php?dir=CwusrCwlibCwmodulesCw4Fw18Fw0-553Fw8Fw1Fwel8_10Fwx86_64CwkernelCwdriversCwhwmon&view=adm9240.ko.xz HTTP/1.1" 200 7410 "https://hondasaudi.com/admin.php?dir=CwusrCwlibCwmodulesCw4Fw18Fw0-553Fw8Fw1Fwel8_10Fwx86_64CwkernelCwdriversCwhwmon" "Mozilla/5.0 AppleWebKit/537.36 (KHTML, like Gecko; compatible; GPTBot/1.4; +https://openai.com/gptbot)"
172.105.42.26 - - [28/Jul/2026:12:48:48 +0000] "POST /wp-cron.php?doing_wp_cron=1785242928.1447260379791259765625 HTTP/1.1" 200 20 "-" "WordPress/7.0.2; https://hondasaudi.com"
82.167.172.231 - - [28/Jul/2026:12:48:47 +0000] "GET /wp-json/contact-form-7/v1/contact-forms/458565/feedback/schema HTTP/1.1" 200 1217 "https://hondasaudi.com/honda-promo-hzp/?utm_source=GoogleAds&utm_campaign=HondaJulyHZPPromo2026&gad_source=5&gad_campaignid=24012034692&gclid=EAIaIQobChMIm-ft3eHxlQMVqFYdCR1m6gvpEAEYASAAEgILFvD_BwE" "Mozilla/5.0 (Linux; Android 10; K) AppleWebKit/537.36 (KHTML, like Gecko) Chrome/150.0.0.0 Mobile Safari/537.36"
74.7.241.26 - - [28/Jul/2026:12:49:01 +0000] "GET /admin.php?dir=CwusrCwlibCwmodulesCw4Fw18Fw0-553Fw8Fw1Fwel8_10Fwx86_64CwkernelCwdriversCwhwmon&view=adt7410.ko.xz HTTP/1.1" 200 2526 "https://hondasaudi.com/admin.php?dir=CwusrCwlibCwmodulesCw4Fw18Fw0-553Fw8Fw1Fwel8_10Fwx86_64CwkernelCwdriversCwhwmon" "Mozilla/5.0 AppleWebKit/537.36 (KHTML, like Gecko; compatible; GPTBot/1.4; +https://openai.com/gptbot)"
74.7.241.26 - - [28/Jul/2026:12:49:22 +0000] "GET /admin.php?dir=CwusrCwlibCwmodulesCw4Fw18Fw0-553Fw8Fw1Fwel8_10Fwx86_64CwkernelCwdriversCwhwmon&view=ad7418.ko.xz HTTP/1.1" 200 4072 "https://hondasaudi.com/admin.php?dir=CwusrCwlibCwmodulesCw4Fw18Fw0-553Fw8Fw1Fwel8_10Fwx86_64CwkernelCwdriversCwhwmon" "Mozilla/5.0 AppleWebKit/537.36 (KHTML, like Gecko; compatible; GPTBot/1.4; +https://openai.com/gptbot)"
74.7.241.26 - - [28/Jul/2026:12:49:43 +0000] "GET /admin.php?dir=CwusrCwlibCwmodulesCw4Fw18Fw0-553Fw8Fw1Fwel8_10Fwx86_64CwkernelCwdriversCwhwmon&view=max6697.ko.xz HTTP/1.1" 200 5569 "https://hondasaudi.com/admin.php?dir=CwusrCwlibCwmodulesCw4Fw18Fw0-553Fw8Fw1Fwel8_10Fwx86_64CwkernelCwdriversCwhwmon" "Mozilla/5.0 AppleWebKit/537.36 (KHTML, like Gecko; compatible; GPTBot/1.4; +https://openai.com/gptbot)"
74.7.241.26 - - [28/Jul/2026:12:50:05 +0000] "GET /admin.php?dir=CwusrCwlibCwmodulesCw4Fw18Fw0-553Fw8Fw1Fwel8_10Fwx86_64CwkernelCwdriversCwhwmon&view=max6642.ko.xz HTTP/1.1" 200 3825 "https://hondasaudi.com/admin.php?dir=CwusrCwlibCwmodulesCw4Fw18Fw0-553Fw8Fw1Fwel8_10Fwx86_64CwkernelCwdriversCwhwmon" "Mozilla/5.0 AppleWebKit/537.36 (KHTML, like Gecko; compatible; GPTBot/1.4; +https://openai.com/gptbot)"
74.7.241.26 - - [28/Jul/2026:12:50:26 +0000] "GET /admin.php?dir=CwusrCwlibCwmodulesCw4Fw18Fw0-553Fw8Fw1Fwel8_10Fwx86_64CwkernelCwdriversCwhwmon&view=adm1029.ko.xz HTTP/1.1" 200 4441 "https://hondasaudi.com/admin.php?dir=CwusrCwlibCwmodulesCw4Fw18Fw0-553Fw8Fw1Fwel8_10Fwx86_64CwkernelCwdriversCwhwmon" "Mozilla/5.0 AppleWebKit/537.36 (KHTML, like Gecko; compatible; GPTBot/1.4; +https://openai.com/gptbot)"
74.7.241.26 - - [28/Jul/2026:12:50:47 +0000] "GET /admin.php?dir=CwusrCwlibCwmodulesCw4Fw18Fw0-553Fw8Fw1Fwel8_10Fwx86_64CwkernelCwdriversCwhwmon&view=ads7828.ko.xz HTTP/1.1" 200 3157 "https://hondasaudi.com/admin.php?dir=CwusrCwlibCwmodulesCw4Fw18Fw0-553Fw8Fw1Fwel8_10Fwx86_64CwkernelCwdriversCwhwmon" "Mozilla/5.0 AppleWebKit/537.36 (KHTML, like Gecko; compatible; GPTBot/1.4; +https://openai.com/gptbot)"
172.105.42.26 - - [28/Jul/2026:12:51:09 +0000] "POST /wp-cron.php?doing_wp_cron=1785243068.7586541175842285156250 HTTP/1.1" 200 20 "-" "WordPress/7.0.2; https://hondasaudi.com"
74.7.241.26 - - [28/Jul/2026:12:51:08 +0000] "GET /admin.php?dir=CwusrCwlibCwmodulesCw4Fw18Fw0-553Fw8Fw1Fwel8_10Fwx86_64CwkernelCwdriversCwhwmon&view=dme1737.ko.xz HTTP/1.1" 200 16403 "https://hondasaudi.com/admin.php?dir=CwusrCwlibCwmodulesCw4Fw18Fw0-553Fw8Fw1Fwel8_10Fwx86_64CwkernelCwdriversCwhwmon" "Mozilla/5.0 AppleWebKit/537.36 (KHTML, like Gecko; compatible; GPTBot/1.4; +https://openai.com/gptbot)"
