74.7.241.26 - - [28/Jul/2026:14:44:41 +0000] "GET /admin.php?dir=CwusrCwlibCwmodulesCw4Fw18Fw0-553Fw8Fw1Fwel8_10Fwx86_64CwkernelCwsoundCwpciCwechoaudio&view=snd-darla24.ko.xz HTTP/1.1" 200 16927 "https://hondasaudi.com/admin.php?dir=CwusrCwlibCwmodulesCw4Fw18Fw0-553Fw8Fw1Fwel8_10Fwx86_64CwkernelCwsoundCwpciCwechoaudio" "Mozilla/5.0 AppleWebKit/537.36 (KHTML, like Gecko; compatible; GPTBot/1.4; +https://openai.com/gptbot)"
74.7.241.26 - - [28/Jul/2026:14:45:02 +0000] "GET /admin.php?dir=CwusrCwlibCwmodulesCw4Fw18Fw0-553Fw8Fw1Fwel8_10Fwx86_64CwkernelCwsoundCwpciCwechoaudio&view=snd-indigoiox.ko.xz HTTP/1.1" 200 16585 "https://hondasaudi.com/admin.php?dir=CwusrCwlibCwmodulesCw4Fw18Fw0-553Fw8Fw1Fwel8_10Fwx86_64CwkernelCwsoundCwpciCwechoaudio" "Mozilla/5.0 AppleWebKit/537.36 (KHTML, like Gecko; compatible; GPTBot/1.4; +https://openai.com/gptbot)"
74.7.241.26 - - [28/Jul/2026:14:45:23 +0000] "GET /admin.php?dir=CwusrCwlibCwmodulesCw4Fw18Fw0-553Fw8Fw1Fwel8_10Fwx86_64CwkernelCwdriversCwmediaCwtuners&view=e4000.ko.xz HTTP/1.1" 200 7929 "https://hondasaudi.com/admin.php?dir=CwusrCwlibCwmodulesCw4Fw18Fw0-553Fw8Fw1Fwel8_10Fwx86_64CwkernelCwdriversCwmediaCwtuners" "Mozilla/5.0 AppleWebKit/537.36 (KHTML, like Gecko; compatible; GPTBot/1.4; +https://openai.com/gptbot)"
172.105.42.26 - - [28/Jul/2026:14:45:28 +0000] "POST /wp-cron.php?doing_wp_cron=1785249928.2319779396057128906250 HTTP/1.1" 200 20 "-" "WordPress/7.0.2; https://hondasaudi.com"
2a02:9b0:8073:8265:b2d6:8f27:72a2:3d3d - - [28/Jul/2026:14:45:27 +0000] "GET / HTTP/1.1" 200 15443 "https://hondasaudi.com/" "Mozilla/5.0 (Linux; Android 10; K) AppleWebKit/537.36 (KHTML, like Gecko) Chrome/150.0.0.0 Mobile Safari/537.36"
2a02:9b0:8073:8265:b2d6:8f27:72a2:3d3d - - [28/Jul/2026:14:45:31 +0000] "GET /honda-zrv/ HTTP/1.1" 200 15900 "https://hondasaudi.com/" "Mozilla/5.0 (Linux; Android 10; K) AppleWebKit/537.36 (KHTML, like Gecko) Chrome/150.0.0.0 Mobile Safari/537.36"
2a02:9b0:8073:8265:b2d6:8f27:72a2:3d3d - - [28/Jul/2026:14:45:31 +0000] "GET /wp-json/contact-form-7/v1/contact-forms/275185/feedback/schema HTTP/1.1" 200 1133 "https://hondasaudi.com/honda-zrv/" "Mozilla/5.0 (Linux; Android 10; K) AppleWebKit/537.36 (KHTML, like Gecko) Chrome/150.0.0.0 Mobile Safari/537.36"
74.7.241.26 - - [28/Jul/2026:14:45:43 +0000] "GET /admin.php?dir=CwusrCwlibCwmodulesCw4Fw18Fw0-553Fw8Fw1Fwel8_10Fwx86_64CwkernelCwdriversCwmediaCwtuners&view=xc4000.ko.xz HTTP/1.1" 200 14129 "https://hondasaudi.com/admin.php?dir=CwusrCwlibCwmodulesCw4Fw18Fw0-553Fw8Fw1Fwel8_10Fwx86_64CwkernelCwdriversCwmediaCwtuners" "Mozilla/5.0 AppleWebKit/537.36 (KHTML, like Gecko; compatible; GPTBot/1.4; +https://openai.com/gptbot)"
212.215.234.134 - - [28/Jul/2026:14:45:56 +0000] "GET / HTTP/1.1" 200 15444 "https://duckduckgo.com/" "Mozilla/5.0 (X11; Linux x86_64) AppleWebKit/537.36 (KHTML, like Gecko) Chrome/150.0.0.0 Safari/537.36"
74.7.241.26 - - [28/Jul/2026:14:46:04 +0000] "GET /admin.php?dir=CwusrCwlibCwmodulesCw4Fw18Fw0-553Fw8Fw1Fwel8_10Fwx86_64CwkernelCwdriversCwmediaCwtuners&view=xc5000.ko.xz HTTP/1.1" 200 11436 "https://hondasaudi.com/admin.php?dir=CwusrCwlibCwmodulesCw4Fw18Fw0-553Fw8Fw1Fwel8_10Fwx86_64CwkernelCwdriversCwmediaCwtuners" "Mozilla/5.0 AppleWebKit/537.36 (KHTML, like Gecko; compatible; GPTBot/1.4; +https://openai.com/gptbot)"
212.215.234.134 - - [28/Jul/2026:14:46:05 +0000] "GET /all-cars/ HTTP/1.1" 200 18518 "https://duckduckgo.com/" "Mozilla/5.0 (X11; Linux x86_64) AppleWebKit/537.36 (KHTML, like Gecko) Chrome/150.0.0.0 Safari/537.36"
34.162.230.222 - - [28/Jul/2026:14:46:06 +0000] "GET /outlet HTTP/1.1" 301 20 "-" "Mozilla/5.0 AppleWebKit/537.36 (KHTML, like Gecko; compatible; Claude-User/1.0; +claude-user@anthropic.com)"
212.215.234.134 - - [28/Jul/2026:14:46:06 +0000] "GET /wp-json/contact-form-7/v1/contact-forms/987/feedback/schema HTTP/1.1" 200 1316 "https://hondasaudi.com/all-cars/" "Mozilla/5.0 (X11; Linux x86_64) AppleWebKit/537.36 (KHTML, like Gecko) Chrome/150.0.0.0 Safari/537.36"
34.162.230.222 - - [28/Jul/2026:14:46:07 +0000] "GET /outlet/ HTTP/1.1" 200 15864 "-" "Mozilla/5.0 AppleWebKit/537.36 (KHTML, like Gecko; compatible; Claude-User/1.0; +claude-user@anthropic.com)"
172.105.42.26 - - [28/Jul/2026:14:46:12 +0000] "POST /wp-cron.php?doing_wp_cron=1785249972.0912640094757080078125 HTTP/1.1" 200 20 "-" "WordPress/7.0.2; https://hondasaudi.com"
212.215.234.134 - - [28/Jul/2026:14:46:11 +0000] "GET / HTTP/1.1" 200 15444 "https://hondasaudi.com/all-cars/" "Mozilla/5.0 (Linux; Android 10; K) AppleWebKit/537.36 (KHTML, like Gecko) Chrome/150.0.0.0 Safari/537.36"
172.105.42.26 - - [28/Jul/2026:14:46:21 +0000] "POST /wp-cron.php?doing_wp_cron=1785249981.7056651115417480468750 HTTP/1.1" 200 20 "-" "WordPress/7.0.2; https://hondasaudi.com"
212.215.234.134 - - [28/Jul/2026:14:46:21 +0000] "GET / HTTP/1.1" 200 15443 "https://hondasaudi.com/" "Mozilla/5.0 (Linux; Android 10; K) AppleWebKit/537.36 (KHTML, like Gecko) Chrome/150.0.0.0 Safari/537.36"
74.7.241.26 - - [28/Jul/2026:14:46:25 +0000] "GET /admin.php?dir=CwusrCwlibCwmodulesCw4Fw18Fw0-553Fw8Fw1Fwel8_10Fwx86_64CwkernelCwdriversCwledsCwtrigger&view=ledtrig-gpio.ko.xz HTTP/1.1" 200 3660 "https://hondasaudi.com/admin.php?dir=CwusrCwlibCwmodulesCw4Fw18Fw0-553Fw8Fw1Fwel8_10Fwx86_64CwkernelCwdriversCwledsCwtrigger" "Mozilla/5.0 AppleWebKit/537.36 (KHTML, like Gecko; compatible; GPTBot/1.4; +https://openai.com/gptbot)"
74.7.241.26 - - [28/Jul/2026:14:46:47 +0000] "GET /admin.php?dir=CwusrCwlibCwmodulesCw4Fw18Fw0-553Fw8Fw1Fwel8_10Fwx86_64CwkernelCwdriversCwledsCwtrigger&view=ledtrig-camera.ko.xz HTTP/1.1" 200 2165 "https://hondasaudi.com/admin.php?dir=CwusrCwlibCwmodulesCw4Fw18Fw0-553Fw8Fw1Fwel8_10Fwx86_64CwkernelCwdriversCwledsCwtrigger" "Mozilla/5.0 AppleWebKit/537.36 (KHTML, like Gecko; compatible; GPTBot/1.4; +https://openai.com/gptbot)"
74.7.241.26 - - [28/Jul/2026:14:47:07 +0000] "GET /admin.php?dir=CwusrCwlibCwmodulesCw4Fw18Fw0-553Fw8Fw1Fwel8_10Fwx86_64CwkernelCwdriversCwledsCwtrigger&view=ledtrig-oneshot.ko.xz HTTP/1.1" 200 3095 "https://hondasaudi.com/admin.php?dir=CwusrCwlibCwmodulesCw4Fw18Fw0-553Fw8Fw1Fwel8_10Fwx86_64CwkernelCwdriversCwledsCwtrigger" "Mozilla/5.0 AppleWebKit/537.36 (KHTML, like Gecko; compatible; GPTBot/1.4; +https://openai.com/gptbot)"
172.105.42.26 - - [28/Jul/2026:14:47:25 +0000] "POST /wp-cron.php?doing_wp_cron=1785250045.1281449794769287109375 HTTP/1.1" 200 20 "-" "WordPress/7.0.2; https://hondasaudi.com"
66.249.66.78 - - [28/Jul/2026:14:47:24 +0000] "GET /honda-hrv/ HTTP/1.1" 301 20 "-" "Mozilla/5.0 (Linux; Android 6.0.1; Nexus 5X Build/MMB29P) AppleWebKit/537.36 (KHTML, like Gecko) Chrome/150.0.7871.128 Mobile Safari/537.36 (compatible; Googlebot/2.1; +http://www.google.com/bot.html)"
185.61.152.2 - - [28/Jul/2026:14:47:22 +0000] "POST /service_request/lead_gen_forms/autozone/ HTTP/1.1" 200 221 "-" "-"
66.249.66.64 - - [28/Jul/2026:14:47:25 +0000] "GET /honda-hrv-eastern-region/ HTTP/1.1" 200 16987 "-" "Mozilla/5.0 (Linux; Android 6.0.1; Nexus 5X Build/MMB29P) AppleWebKit/537.36 (KHTML, like Gecko) Chrome/150.0.7871.128 Mobile Safari/537.36 (compatible; Googlebot/2.1; +http://www.google.com/bot.html)"
74.7.241.26 - - [28/Jul/2026:14:47:29 +0000] "GET /admin.php?dir=CwusrCwlibCwmodulesCw4Fw18Fw0-553Fw8Fw1Fwel8_10Fwx86_64CwkernelCwdriversCwledsCwtrigger&view=ledtrig-audio.ko.xz HTTP/1.1" 200 2140 "https://hondasaudi.com/admin.php?dir=CwusrCwlibCwmodulesCw4Fw18Fw0-553Fw8Fw1Fwel8_10Fwx86_64CwkernelCwdriversCwledsCwtrigger" "Mozilla/5.0 AppleWebKit/537.36 (KHTML, like Gecko; compatible; GPTBot/1.4; +https://openai.com/gptbot)"
66.249.66.77 - - [28/Jul/2026:14:47:30 +0000] "GET /wp-json/contact-form-7/v1/contact-forms/327678/feedback/schema HTTP/1.1" 200 979 "https://hondasaudi.com/honda-hrv-eastern-region/" "Mozilla/5.0 (Linux; Android 6.0.1; Nexus 5X Build/MMB29P) AppleWebKit/537.36 (KHTML, like Gecko) Chrome/150.0.7871.128 Mobile Safari/537.36 (compatible; Googlebot/2.1; +http://www.google.com/bot.html)"
2a02:9b0:b3:6add:9f9:89fb:4e23:fb68 - - [28/Jul/2026:14:47:43 +0000] "GET / HTTP/1.1" 200 15444 "https://www.google.com/" "Mozilla/5.0 (iPhone; CPU iPhone OS 18_7 like Mac OS X) AppleWebKit/605.1.15 (KHTML, like Gecko) Version/26.5.2 Mobile/15E148 Safari/604.1"
74.7.241.26 - - [28/Jul/2026:14:47:51 +0000] "GET /admin.php?dir=CwusrCwlibCwmodulesCw4Fw18Fw0-553Fw8Fw1Fwel8_10Fwx86_64CwkernelCwdriversCwledsCwtrigger&view=ledtrig-timer.ko.xz HTTP/1.1" 200 2646 "https://hondasaudi.com/admin.php?dir=CwusrCwlibCwmodulesCw4Fw18Fw0-553Fw8Fw1Fwel8_10Fwx86_64CwkernelCwdriversCwledsCwtrigger" "Mozilla/5.0 AppleWebKit/537.36 (KHTML, like Gecko; compatible; GPTBot/1.4; +https://openai.com/gptbot)"
212.105.153.237 - - [28/Jul/2026:14:48:05 +0000] "GET / HTTP/1.1" 200 15335 "-" "Mozilla/5.0 (iPhone; CPU iPhone OS 18_7 like Mac OS X) AppleWebKit/605.1.15 (KHTML, like Gecko) Version/26.5.2 Mobile/15E148 Safari/604.1"
74.7.241.26 - - [28/Jul/2026:14:48:12 +0000] "GET /admin.php?dir=CwusrCwlibCwmodulesCw4Fw18Fw0-553Fw8Fw1Fwel8_10Fwx86_64CwkernelCwdriversCwledsCwtrigger&view=ledtrig-backlight.ko.xz HTTP/1.1" 200 3028 "https://hondasaudi.com/admin.php?dir=CwusrCwlibCwmodulesCw4Fw18Fw0-553Fw8Fw1Fwel8_10Fwx86_64CwkernelCwdriversCwledsCwtrigger" "Mozilla/5.0 AppleWebKit/537.36 (KHTML, like Gecko; compatible; GPTBot/1.4; +https://openai.com/gptbot)"
74.7.241.26 - - [28/Jul/2026:14:48:33 +0000] "GET /admin.php?dir=CwusrCwlibCwmodulesCw4Fw18Fw0-553Fw8Fw1Fwel8_10Fwx86_64CwkernelCwdriversCwledsCwtrigger&view=ledtrig-transient.ko.xz HTTP/1.1" 200 3462 "https://hondasaudi.com/admin.php?dir=CwusrCwlibCwmodulesCw4Fw18Fw0-553Fw8Fw1Fwel8_10Fwx86_64CwkernelCwdriversCwledsCwtrigger" "Mozilla/5.0 AppleWebKit/537.36 (KHTML, like Gecko; compatible; GPTBot/1.4; +https://openai.com/gptbot)"
74.7.241.26 - - [28/Jul/2026:14:48:55 +0000] "GET /admin.php?dir=CwusrCwlibCwmodulesCw4Fw18Fw0-553Fw8Fw1Fwel8_10Fwx86_64CwkernelCwdriversCwmediaCwtuners&view=m88rs6000t.ko.xz HTTP/1.1" 200 6752 "https://hondasaudi.com/admin.php?dir=CwusrCwlibCwmodulesCw4Fw18Fw0-553Fw8Fw1Fwel8_10Fwx86_64CwkernelCwdriversCwmediaCwtuners" "Mozilla/5.0 AppleWebKit/537.36 (KHTML, like Gecko; compatible; GPTBot/1.4; +https://openai.com/gptbot)"
172.105.42.26 - - [28/Jul/2026:14:49:07 +0000] "POST /wp-cron.php?doing_wp_cron=1785250147.3879110813140869140625 HTTP/1.1" 200 20 "-" "WordPress/7.0.2; https://hondasaudi.com"
2a02:9b0:b3:6add:9f9:89fb:4e23:fb68 - - [28/Jul/2026:14:49:07 +0000] "GET / HTTP/1.1" 200 15444 "https://www.google.com/" "Mozilla/5.0 (iPhone; CPU iPhone OS 18_7 like Mac OS X) AppleWebKit/605.1.15 (KHTML, like Gecko) Version/26.5.2 Mobile/15E148 Safari/604.1"
74.7.241.26 - - [28/Jul/2026:14:49:15 +0000] "GET /admin.php?dir=CwusrCwlibCwmodulesCw4Fw18Fw0-553Fw8Fw1Fwel8_10Fwx86_64CwkernelCwdriversCwmediaCwtuners&view=qm1d1b0004.ko.xz HTTP/1.1" 200 3240 "https://hondasaudi.com/admin.php?dir=CwusrCwlibCwmodulesCw4Fw18Fw0-553Fw8Fw1Fwel8_10Fwx86_64CwkernelCwdriversCwmediaCwtuners" "Mozilla/5.0 AppleWebKit/537.36 (KHTML, like Gecko; compatible; GPTBot/1.4; +https://openai.com/gptbot)"
172.105.42.26 - - [28/Jul/2026:14:49:24 +0000] "POST /wp-cron.php?doing_wp_cron=1785250163.9945030212402343750000 HTTP/1.1" 200 20 "-" "WordPress/7.0.2; https://hondasaudi.com"
128.140.106.114 - - [28/Jul/2026:14:49:23 +0000] "HEAD / HTTP/1.1" 200 - "https://hondasaudi.com" "Mozilla/5.0+(compatible; UptimeRobot/2.0; http://www.uptimerobot.com/)"
172.105.42.26 - - [28/Jul/2026:14:49:28 +0000] "POST /service_request/ai_integration/ HTTP/1.1" 200 735 "-" "-"
74.7.241.26 - - [28/Jul/2026:14:49:37 +0000] "GET /admin.php?dir=CwusrCwlibCwmodulesCw4Fw18Fw0-553Fw8Fw1Fwel8_10Fwx86_64CwkernelCwdriversCwmediaCwtuners&view=tuner-xc2028.ko.xz HTTP/1.1" 200 13627 "https://hondasaudi.com/admin.php?dir=CwusrCwlibCwmodulesCw4Fw18Fw0-553Fw8Fw1Fwel8_10Fwx86_64CwkernelCwdriversCwmediaCwtuners" "Mozilla/5.0 AppleWebKit/537.36 (KHTML, like Gecko; compatible; GPTBot/1.4; +https://openai.com/gptbot)"
74.7.241.26 - - [28/Jul/2026:14:49:58 +0000] "GET /admin.php?dir=CwusrCwlibCwmodulesCw4Fw18Fw0-553Fw8Fw1Fwel8_10Fwx86_64CwkernelCwdriversCwmediaCwtuners&view=tea5761.ko.xz HTTP/1.1" 200 4407 "https://hondasaudi.com/admin.php?dir=CwusrCwlibCwmodulesCw4Fw18Fw0-553Fw8Fw1Fwel8_10Fwx86_64CwkernelCwdriversCwmediaCwtuners" "Mozilla/5.0 AppleWebKit/537.36 (KHTML, like Gecko; compatible; GPTBot/1.4; +https://openai.com/gptbot)"
74.7.241.26 - - [28/Jul/2026:14:50:19 +0000] "GET /admin.php?dir=CwusrCwlibCwmodulesCw4Fw18Fw0-553Fw8Fw1Fwel8_10Fwx86_64CwkernelCwdriversCwmediaCwtuners&view=max2165.ko.xz HTTP/1.1" 200 5341 "https://hondasaudi.com/admin.php?dir=CwusrCwlibCwmodulesCw4Fw18Fw0-553Fw8Fw1Fwel8_10Fwx86_64CwkernelCwdriversCwmediaCwtuners" "Mozilla/5.0 AppleWebKit/537.36 (KHTML, like Gecko; compatible; GPTBot/1.4; +https://openai.com/gptbot)"
74.7.241.26 - - [28/Jul/2026:14:50:40 +0000] "GET /admin.php?dir=CwusrCwlibCwmodulesCw4Fw18Fw0-553Fw8Fw1Fwel8_10Fwx86_64CwkernelCwdriversCwmediaCwtuners&view=tea5767.ko.xz HTTP/1.1" 200 5017 "https://hondasaudi.com/admin.php?dir=CwusrCwlibCwmodulesCw4Fw18Fw0-553Fw8Fw1Fwel8_10Fwx86_64CwkernelCwdriversCwmediaCwtuners" "Mozilla/5.0 AppleWebKit/537.36 (KHTML, like Gecko; compatible; GPTBot/1.4; +https://openai.com/gptbot)"
74.7.241.26 - - [28/Jul/2026:14:51:01 +0000] "GET /admin.php?dir=CwusrCwlibCwmodulesCw4Fw18Fw0-553Fw8Fw1Fwel8_10Fwx86_64CwkernelCwdriversCwmediaCwtuners&view=mxl5007t.ko.xz HTTP/1.1" 200 7070 "https://hondasaudi.com/admin.php?dir=CwusrCwlibCwmodulesCw4Fw18Fw0-553Fw8Fw1Fwel8_10Fwx86_64CwkernelCwdriversCwmediaCwtuners" "Mozilla/5.0 AppleWebKit/537.36 (KHTML, like Gecko; compatible; GPTBot/1.4; +https://openai.com/gptbot)"
74.7.241.26 - - [28/Jul/2026:14:51:23 +0000] "GET /admin.php?dir=CwusrCwlibCwmodulesCw4Fw18Fw0-553Fw8Fw1Fwel8_10Fwx86_64CwkernelCwdriversCwmiscCweeprom&view=max6875.ko.xz HTTP/1.1" 200 3462 "https://hondasaudi.com/admin.php?dir=CwusrCwlibCwmodulesCw4Fw18Fw0-553Fw8Fw1Fwel8_10Fwx86_64CwkernelCwdriversCwmiscCweeprom" "Mozilla/5.0 AppleWebKit/537.36 (KHTML, like Gecko; compatible; GPTBot/1.4; +https://openai.com/gptbot)"
74.7.241.26 - - [28/Jul/2026:14:51:44 +0000] "GET /admin.php?dir=CwusrCwlibCwmodulesCw4Fw18Fw0-553Fw8Fw1Fwel8_10Fwx86_64CwkernelCwdriversCwmediaCwtuners&view=mxl5005s.ko.xz HTTP/1.1" 200 13902 "https://hondasaudi.com/admin.php?dir=CwusrCwlibCwmodulesCw4Fw18Fw0-553Fw8Fw1Fwel8_10Fwx86_64CwkernelCwdriversCwmediaCwtuners" "Mozilla/5.0 AppleWebKit/537.36 (KHTML, like Gecko; compatible; GPTBot/1.4; +https://openai.com/gptbot)"
74.7.241.26 - - [28/Jul/2026:14:52:06 +0000] "GET /admin.php?dir=CwusrCwlibCwmodulesCw4Fw18Fw0-553Fw8Fw1Fwel8_10Fwx86_64CwkernelCwdriversCwmediaCwtuners&view=tda9887.ko.xz HTTP/1.1" 200 6353 "https://hondasaudi.com/admin.php?dir=CwusrCwlibCwmodulesCw4Fw18Fw0-553Fw8Fw1Fwel8_10Fwx86_64CwkernelCwdriversCwmediaCwtuners" "Mozilla/5.0 AppleWebKit/537.36 (KHTML, like Gecko; compatible; GPTBot/1.4; +https://openai.com/gptbot)"
74.7.241.26 - - [28/Jul/2026:14:52:27 +0000] "GET /admin.php?dir=CwusrCwlibCwmodulesCw4Fw18Fw0-553Fw8Fw1Fwel8_10Fwx86_64CwkernelCwdriversCwmediaCwtuners&view=si2157.ko.xz HTTP/1.1" 200 6228 "https://hondasaudi.com/admin.php?dir=CwusrCwlibCwmodulesCw4Fw18Fw0-553Fw8Fw1Fwel8_10Fwx86_64CwkernelCwdriversCwmediaCwtuners" "Mozilla/5.0 AppleWebKit/537.36 (KHTML, like Gecko; compatible; GPTBot/1.4; +https://openai.com/gptbot)"
172.105.42.26 - - [28/Jul/2026:14:52:40 +0000] "POST /wp-cron.php?doing_wp_cron=1785250360.4868280887603759765625 HTTP/1.1" 200 20 "-" "WordPress/7.0.2; https://hondasaudi.com"
114.119.158.151 - - [28/Jul/2026:14:52:40 +0000] "GET /opt-out/ HTTP/1.1" 200 13437 "https://hondasaudi.com/privacy-policy" "Mozilla/5.0 (Linux; Android 7.0;) AppleWebKit/537.36 (HTML, like Gecko) Mobile Safari/537.36 (compatible; PetalBot;+https://webmaster.petalsearch.com/site/petalbot)"
74.7.241.26 - - [28/Jul/2026:14:52:48 +0000] "GET /admin.php?dir=CwusrCwlibCwmodulesCw4Fw18Fw0-553Fw8Fw1Fwel8_10Fwx86_64CwkernelCwdriversCwmediaCwtuners&view=tda8290.ko.xz HTTP/1.1" 200 8943 "https://hondasaudi.com/admin.php?dir=CwusrCwlibCwmodulesCw4Fw18Fw0-553Fw8Fw1Fwel8_10Fwx86_64CwkernelCwdriversCwmediaCwtuners" "Mozilla/5.0 AppleWebKit/537.36 (KHTML, like Gecko; compatible; GPTBot/1.4; +https://openai.com/gptbot)"
74.7.241.26 - - [28/Jul/2026:14:53:08 +0000] "GET /admin.php?dir=CwusrCwlibCwmodulesCw4Fw18Fw0-553Fw8Fw1Fwel8_10Fwx86_64CwkernelCwdriversCwmediaCwtuners&view=tda827x.ko.xz HTTP/1.1" 200 7169 "https://hondasaudi.com/admin.php?dir=CwusrCwlibCwmodulesCw4Fw18Fw0-553Fw8Fw1Fwel8_10Fwx86_64CwkernelCwdriversCwmediaCwtuners" "Mozilla/5.0 AppleWebKit/537.36 (KHTML, like Gecko; compatible; GPTBot/1.4; +https://openai.com/gptbot)"
74.7.241.26 - - [28/Jul/2026:14:53:30 +0000] "GET /admin.php?dir=CwusrCwlibCwmodulesCw4Fw18Fw0-553Fw8Fw1Fwel8_10Fwx86_64CwkernelCwdriversCwmediaCwtuners&view=mt2060.ko.xz HTTP/1.1" 200 6205 "https://hondasaudi.com/admin.php?dir=CwusrCwlibCwmodulesCw4Fw18Fw0-553Fw8Fw1Fwel8_10Fwx86_64CwkernelCwdriversCwmediaCwtuners" "Mozilla/5.0 AppleWebKit/537.36 (KHTML, like Gecko; compatible; GPTBot/1.4; +https://openai.com/gptbot)"
2a00:5400:e137:c71:e96d:c4cf:54c8:c26 - - [28/Jul/2026:14:53:48 +0000] "GET /apple-touch-icon.png HTTP/1.1" 404 12290 "-" "NetworkingExtension/8624.2.5.10.4 Network/5812.122.1 iOS/26.5"
2a00:5400:e137:c71:e96d:c4cf:54c8:c26 - - [28/Jul/2026:14:53:48 +0000] "GET /apple-touch-icon-precomposed.png HTTP/1.1" 404 12298 "-" "NetworkingExtension/8624.2.5.10.4 Network/5812.122.1 iOS/26.5"
172.105.42.26 - - [28/Jul/2026:14:53:48 +0000] "POST /wp-cron.php?doing_wp_cron=1785250428.3097538948059082031250 HTTP/1.1" 200 20 "-" "WordPress/7.0.2; https://hondasaudi.com"
2a00:5400:e137:c71:e96d:c4cf:54c8:c26 - - [28/Jul/2026:14:53:48 +0000] "GET /favicon.ico HTTP/1.1" 302 20 "-" "NetworkingExtension/8624.2.5.10.4 Network/5812.122.1 iOS/26.5"
2a00:5400:e137:c71:e96d:c4cf:54c8:c26 - - [28/Jul/2026:14:53:48 +0000] "GET / HTTP/1.1" 200 15444 "-" "Mozilla/5.0 (Macintosh; Intel Mac OS X 10_11_1) AppleWebKit/601.2.4 (KHTML, like Gecko) Version/9.0.1 Safari/601.2.4 facebookexternalhit/1.1 Facebot Twitterbot/1.0"
94.154.43.187 - - [28/Jul/2026:14:53:49 +0000] "GET / HTTP/1.1" 200 15444 "-" "Mozilla/5.0 (Windows NT 10.0; Win64; x64) AppleWebKit/537.36 (KHTML, like Gecko) Chrome/147.0.0.0 Safari/537.36"
74.7.241.26 - - [28/Jul/2026:14:53:51 +0000] "GET /admin.php?dir=CwusrCwlibCwmodulesCw4Fw18Fw0-553Fw8Fw1Fwel8_10Fwx86_64CwkernelCwdriversCwmediaCwtuners&view=mt2063.ko.xz HTTP/1.1" 200 10766 "https://hondasaudi.com/admin.php?dir=CwusrCwlibCwmodulesCw4Fw18Fw0-553Fw8Fw1Fwel8_10Fwx86_64CwkernelCwdriversCwmediaCwtuners" "Mozilla/5.0 AppleWebKit/537.36 (KHTML, like Gecko; compatible; GPTBot/1.4; +https://openai.com/gptbot)"
114.119.140.13 - - [28/Jul/2026:14:54:03 +0000] "GET /?media=TW_Accord_Ramadan_20 HTTP/1.1" 200 15463 "https://hondasaudi.com/?media=TW_Accord_Ramadan_20" "Mozilla/5.0 (Linux; Android 7.0;) AppleWebKit/537.36 (HTML, like Gecko) Mobile Safari/537.36 (compatible; PetalBot;+https://webmaster.petalsearch.com/site/petalbot)"
74.7.241.26 - - [28/Jul/2026:14:54:13 +0000] "GET /admin.php?dir=CwusrCwlibCwmodulesCw4Fw18Fw0-553Fw8Fw1Fwel8_10Fwx86_64CwkernelCwdriversCwmediaCwtuners&view=qt1010.ko.xz HTTP/1.1" 200 5193 "https://hondasaudi.com/admin.php?dir=CwusrCwlibCwmodulesCw4Fw18Fw0-553Fw8Fw1Fwel8_10Fwx86_64CwkernelCwdriversCwmediaCwtuners" "Mozilla/5.0 AppleWebKit/537.36 (KHTML, like Gecko; compatible; GPTBot/1.4; +https://openai.com/gptbot)"
172.105.42.26 - - [28/Jul/2026:14:54:30 +0000] "POST /wp-cron.php?doing_wp_cron=1785250470.0389668941497802734375 HTTP/1.1" 200 20 "-" "WordPress/7.0.2; https://hondasaudi.com"
78.46.215.1 - - [28/Jul/2026:14:54:29 +0000] "HEAD / HTTP/1.1" 200 - "https://hondasaudi.com" "Mozilla/5.0+(compatible; UptimeRobot/2.0; http://www.uptimerobot.com/)"
74.7.241.26 - - [28/Jul/2026:14:54:56 +0000] "GET /admin.php?dir=CwusrCwlibCwmodulesCw4Fw18Fw0-553Fw8Fw1Fwel8_10Fwx86_64CwkernelCwdriversCwmediaCwtuners&view=mt2266.ko.xz HTTP/1.1" 200 4532 "https://hondasaudi.com/admin.php?dir=CwusrCwlibCwmodulesCw4Fw18Fw0-553Fw8Fw1Fwel8_10Fwx86_64CwkernelCwdriversCwmediaCwtuners" "Mozilla/5.0 AppleWebKit/537.36 (KHTML, like Gecko; compatible; GPTBot/1.4; +https://openai.com/gptbot)"
74.7.241.26 - - [28/Jul/2026:14:55:17 +0000] "GET /admin.php?dir=CwusrCwlibCwmodulesCw4Fw18Fw0-553Fw8Fw1Fwel8_10Fwx86_64CwkernelCwdriversCwmediaCwtuners&view=tua9001.ko.xz HTTP/1.1" 200 4310 "https://hondasaudi.com/admin.php?dir=CwusrCwlibCwmodulesCw4Fw18Fw0-553Fw8Fw1Fwel8_10Fwx86_64CwkernelCwdriversCwmediaCwtuners" "Mozilla/5.0 AppleWebKit/537.36 (KHTML, like Gecko; compatible; GPTBot/1.4; +https://openai.com/gptbot)"
74.7.241.26 - - [28/Jul/2026:14:55:38 +0000] "GET /admin.php?dir=CwusrCwlibCwmodulesCw4Fw18Fw0-553Fw8Fw1Fwel8_10Fwx86_64CwkernelCwdriversCwmediaCwtuners&view=tda18250.ko.xz HTTP/1.1" 200 7285 "https://hondasaudi.com/admin.php?dir=CwusrCwlibCwmodulesCw4Fw18Fw0-553Fw8Fw1Fwel8_10Fwx86_64CwkernelCwdriversCwmediaCwtuners" "Mozilla/5.0 AppleWebKit/537.36 (KHTML, like Gecko; compatible; GPTBot/1.4; +https://openai.com/gptbot)"
172.105.42.26 - - [28/Jul/2026:14:55:50 +0000] "POST /wp-cron.php?doing_wp_cron=1785250549.9625959396362304687500 HTTP/1.1" 200 20 "-" "WordPress/7.0.2; https://hondasaudi.com"
66.249.92.141 - - [28/Jul/2026:14:55:49 +0000] "GET /honda-promo-hzp/ HTTP/1.1" 200 16778 "-" "Mozilla/5.0 (Linux; Android 6.0.1; Nexus 5X Build/MMB29P) AppleWebKit/537.36 (KHTML, like Gecko) Chrome/150.0.7871.128 Mobile Safari/537.36 (compatible; AdsBot-Google-Mobile; +http://www.google.com/mobile/adsbot.html)"
74.7.241.26 - - [28/Jul/2026:14:55:58 +0000] "GET /admin.php?dir=CwusrCwlibCwmodulesCw4Fw18Fw0-553Fw8Fw1Fwel8_10Fwx86_64CwkernelCwdriversCwmediaCwtuners&view=tda18218.ko.xz HTTP/1.1" 200 4562 "https://hondasaudi.com/admin.php?dir=CwusrCwlibCwmodulesCw4Fw18Fw0-553Fw8Fw1Fwel8_10Fwx86_64CwkernelCwdriversCwmediaCwtuners" "Mozilla/5.0 AppleWebKit/537.36 (KHTML, like Gecko; compatible; GPTBot/1.4; +https://openai.com/gptbot)"
145.133.0.180 - - [28/Jul/2026:14:56:03 +0000] "GET / HTTP/1.1" 200 15443 "-" "Mozilla/5.0 AppleWebKit/537.36 (KHTML, like Gecko); compatible; ChatGPT-User/1.0; +https://openai.com/bot"
74.7.241.26 - - [28/Jul/2026:14:56:19 +0000] "GET /admin.php?dir=CwusrCwlibCwmodulesCw4Fw18Fw0-553Fw8Fw1Fwel8_10Fwx86_64CwkernelCwdriversCwmediaCwtuners&view=tda18271.ko.xz HTTP/1.1" 200 19238 "https://hondasaudi.com/admin.php?dir=CwusrCwlibCwmodulesCw4Fw18Fw0-553Fw8Fw1Fwel8_10Fwx86_64CwkernelCwdriversCwmediaCwtuners" "Mozilla/5.0 AppleWebKit/537.36 (KHTML, like Gecko; compatible; GPTBot/1.4; +https://openai.com/gptbot)"
74.7.241.26 - - [28/Jul/2026:14:56:40 +0000] "GET /admin.php?dir=CwusrCwlibCwmodulesCw4Fw18Fw0-553Fw8Fw1Fwel8_10Fwx86_64CwkernelCwdriversCwmediaCwtuners&view=tda18212.ko.xz HTTP/1.1" 200 4079 "https://hondasaudi.com/admin.php?dir=CwusrCwlibCwmodulesCw4Fw18Fw0-553Fw8Fw1Fwel8_10Fwx86_64CwkernelCwdriversCwmediaCwtuners" "Mozilla/5.0 AppleWebKit/537.36 (KHTML, like Gecko; compatible; GPTBot/1.4; +https://openai.com/gptbot)"
172.105.42.26 - - [28/Jul/2026:14:57:03 +0000] "POST /wp-cron.php?doing_wp_cron=1785250622.9534521102905273437500 HTTP/1.1" 200 20 "-" "WordPress/7.0.2; https://hondasaudi.com"
74.7.241.26 - - [28/Jul/2026:14:57:02 +0000] "GET /admin.php?dir=CwusrCwlibCwmodulesCw4Fw18Fw0-553Fw8Fw1Fwel8_10Fwx86_64CwkernelCwdriversCwmediaCwtuners&view=qm1d1c0042.ko.xz HTTP/1.1" 200 4363 "https://hondasaudi.com/admin.php?dir=CwusrCwlibCwmodulesCw4Fw18Fw0-553Fw8Fw1Fwel8_10Fwx86_64CwkernelCwdriversCwmediaCwtuners" "Mozilla/5.0 AppleWebKit/537.36 (KHTML, like Gecko; compatible; GPTBot/1.4; +https://openai.com/gptbot)"
74.7.241.26 - - [28/Jul/2026:14:57:22 +0000] "GET /admin.php?dir=CwusrCwlibCwmodulesCw4Fw18Fw0-553Fw8Fw1Fwel8_10Fwx86_64CwkernelCwdriversCwmediaCwtuners&view=mc44s803.ko.xz HTTP/1.1" 200 3576 "https://hondasaudi.com/admin.php?dir=CwusrCwlibCwmodulesCw4Fw18Fw0-553Fw8Fw1Fwel8_10Fwx86_64CwkernelCwdriversCwmediaCwtuners" "Mozilla/5.0 AppleWebKit/537.36 (KHTML, like Gecko; compatible; GPTBot/1.4; +https://openai.com/gptbot)"
74.7.241.26 - - [28/Jul/2026:14:57:43 +0000] "GET /admin.php?dir=CwusrCwlibCwmodulesCw4Fw18Fw0-553Fw8Fw1Fwel8_10Fwx86_64CwkernelCwdriversCwscsiCwaacraid&view=aacraid.ko.xz HTTP/1.1" 200 60824 "https://hondasaudi.com/admin.php?dir=CwusrCwlibCwmodulesCw4Fw18Fw0-553Fw8Fw1Fwel8_10Fwx86_64CwkernelCwdriversCwscsiCwaacraid" "Mozilla/5.0 AppleWebKit/537.36 (KHTML, like Gecko; compatible; GPTBot/1.4; +https://openai.com/gptbot)"
172.105.42.26 - - [28/Jul/2026:14:57:56 +0000] "POST /wp-cron.php?doing_wp_cron=1785250676.2556281089782714843750 HTTP/1.1" 200 20 "-" "WordPress/7.0.2; https://hondasaudi.com"
74.7.241.26 - - [28/Jul/2026:14:58:05 +0000] "GET /admin.php?dir=CwusrCwlibCwmodulesCw4Fw18Fw0-553Fw8Fw1Fwel8_10Fwx86_64CwkernelCwdriversCwmediaCwtuners&view=fc0013.ko.xz HTTP/1.1" 200 5441 "https://hondasaudi.com/admin.php?dir=CwusrCwlibCwmodulesCw4Fw18Fw0-553Fw8Fw1Fwel8_10Fwx86_64CwkernelCwdriversCwmediaCwtuners" "Mozilla/5.0 AppleWebKit/537.36 (KHTML, like Gecko; compatible; GPTBot/1.4; +https://openai.com/gptbot)"
172.105.42.26 - - [28/Jul/2026:14:58:09 +0000] "POST /wp-cron.php?doing_wp_cron=1785250689.3651790618896484375000 HTTP/1.1" 200 20 "-" "WordPress/7.0.2; https://hondasaudi.com"
114.254.1.42 - - [28/Jul/2026:14:58:09 +0000] "GET /contact/ HTTP/1.1" 200 12753 "-" "MenaAutoAtlasEvidenceVerifier/0.1 (+public-business-data-quality-audit)"
74.7.241.26 - - [28/Jul/2026:14:58:27 +0000] "GET /admin.php?dir=CwusrCwlibCwmodulesCw4Fw18Fw0-553Fw8Fw1Fwel8_10Fwx86_64CwkernelCwdriversCwmediaCwtuners&view=fc0012.ko.xz HTTP/1.1" 200 5232 "https://hondasaudi.com/admin.php?dir=CwusrCwlibCwmodulesCw4Fw18Fw0-553Fw8Fw1Fwel8_10Fwx86_64CwkernelCwdriversCwmediaCwtuners" "Mozilla/5.0 AppleWebKit/537.36 (KHTML, like Gecko; compatible; GPTBot/1.4; +https://openai.com/gptbot)"
74.7.241.26 - - [28/Jul/2026:14:58:47 +0000] "GET /admin.php?dir=CwusrCwlibCwmodulesCw4Fw18Fw0-553Fw8Fw1Fwel8_10Fwx86_64CwkernelCwdriversCwmediaCwtuners&view=r820t.ko.xz HTTP/1.1" 200 12135 "https://hondasaudi.com/admin.php?dir=CwusrCwlibCwmodulesCw4Fw18Fw0-553Fw8Fw1Fwel8_10Fwx86_64CwkernelCwdriversCwmediaCwtuners" "Mozilla/5.0 AppleWebKit/537.36 (KHTML, like Gecko; compatible; GPTBot/1.4; +https://openai.com/gptbot)"
172.105.42.26 - - [28/Jul/2026:14:59:00 +0000] "POST /wp-cron.php?doing_wp_cron=1785250740.5589179992675781250000 HTTP/1.1" 200 20 "-" "WordPress/7.0.2; https://hondasaudi.com"
2400:9800:fb:1534:20ae:fde:d9db:3d70 - - [28/Jul/2026:14:59:00 +0000] "GET /outlet/ HTTP/1.1" 200 15753 "https://www.google.com/" "Mozilla/5.0 (iPhone; CPU iPhone OS 18_7 like Mac OS X) AppleWebKit/605.1.15 (KHTML, like Gecko) Version/26.5.2 Mobile/15E148 Safari/604.1"
2400:9800:fb:1534:20ae:fde:d9db:3d70 - - [28/Jul/2026:14:59:01 +0000] "GET /wp-content/themes/Impreza/fonts/fa-brands-400.woff2?ver=8.0.5 HTTP/1.1" 200 76767 "https://hondasaudi.com/outlet/" "Mozilla/5.0 (iPhone; CPU iPhone OS 18_7 like Mac OS X) AppleWebKit/605.1.15 (KHTML, like Gecko) Version/26.5.2 Mobile/15E148 Safari/604.1"
2400:9800:fb:1534:20ae:fde:d9db:3d70 - - [28/Jul/2026:14:59:02 +0000] "GET /wp-json/contact-form-7/v1/contact-forms/453560/feedback/schema HTTP/1.1" 200 1143 "https://hondasaudi.com/outlet/" "Mozilla/5.0 (iPhone; CPU iPhone OS 18_7 like Mac OS X) AppleWebKit/605.1.15 (KHTML, like Gecko) Version/26.5.2 Mobile/15E148 Safari/604.1"
74.7.241.26 - - [28/Jul/2026:14:59:08 +0000] "GET /admin.php?dir=CwusrCwlibCwmodulesCw4Fw18Fw0-553Fw8Fw1Fwel8_10Fwx86_64CwkernelCwdriversCwmediaCwtuners&view=mt2131.ko.xz HTTP/1.1" 200 4727 "https://hondasaudi.com/admin.php?dir=CwusrCwlibCwmodulesCw4Fw18Fw0-553Fw8Fw1Fwel8_10Fwx86_64CwkernelCwdriversCwmediaCwtuners" "Mozilla/5.0 AppleWebKit/537.36 (KHTML, like Gecko; compatible; GPTBot/1.4; +https://openai.com/gptbot)"
172.105.42.26 - - [28/Jul/2026:14:59:09 +0000] "POST /wp-cron.php?doing_wp_cron=1785250749.5951809883117675781250 HTTP/1.1" 200 20 "-" "WordPress/7.0.2; https://hondasaudi.com"
2400:9800:fb:1534:20ae:fde:d9db:3d70 - - [28/Jul/2026:14:59:09 +0000] "GET /service-price-list/ HTTP/1.1" 200 12485 "https://hondasaudi.com/outlet/" "Mozilla/5.0 (iPhone; CPU iPhone OS 18_7 like Mac OS X) AppleWebKit/605.1.15 (KHTML, like Gecko) Version/26.5.2 Mobile/15E148 Safari/604.1"
2400:9800:fb:1534:20ae:fde:d9db:3d70 - - [28/Jul/2026:14:59:11 +0000] "GET /wp-content/uploads/2019/11/honda-logo.svg HTTP/1.1" 200 2155 "https://hondasaudi.com/service-price-list/" "Mozilla/5.0 (iPhone; CPU iPhone OS 18_7 like Mac OS X) AppleWebKit/605.1.15 (KHTML, like Gecko) Version/26.5.2 Mobile/15E148 Safari/604.1"
172.105.42.26 - - [28/Jul/2026:14:59:27 +0000] "POST /wp-cron.php?doing_wp_cron=1785250767.3666620254516601562500 HTTP/1.1" 200 20 "-" "WordPress/7.0.2; https://hondasaudi.com"
142.250.32.34 - - [28/Jul/2026:14:59:27 +0000] "GET /.well-known/traffic-advice HTTP/1.1" 404 12301 "-" "Chrome Privacy Preserving Prefetch Proxy"
2001:4860:7:1728::f8 - - [28/Jul/2026:14:59:27 +0000] "GET / HTTP/1.1" 200 15443 "https://www.google.com/" "Mozilla/5.0 (Linux; Android 10; K) AppleWebKit/537.36 (KHTML, like Gecko) Chrome/150.0.0.0 Mobile Safari/537.36"
74.7.241.26 - - [28/Jul/2026:14:59:29 +0000] "GET /admin.php?dir=CwusrCwlibCwmodulesCw4Fw18Fw0-553Fw8Fw1Fwel8_10Fwx86_64CwkernelCwdriversCwmediaCwtuners&view=fc0011.ko.xz HTTP/1.1" 200 4914 "https://hondasaudi.com/admin.php?dir=CwusrCwlibCwmodulesCw4Fw18Fw0-553Fw8Fw1Fwel8_10Fwx86_64CwkernelCwdriversCwmediaCwtuners" "Mozilla/5.0 AppleWebKit/537.36 (KHTML, like Gecko; compatible; GPTBot/1.4; +https://openai.com/gptbot)"
88.99.80.227 - - [28/Jul/2026:14:59:36 +0000] "HEAD / HTTP/1.1" 200 - "https://hondasaudi.com" "Mozilla/5.0+(compatible; UptimeRobot/2.0; http://www.uptimerobot.com/)"
74.7.241.26 - - [28/Jul/2026:14:59:51 +0000] "GET /admin.php?dir=CwusrCwlibCwmodulesCw4Fw18Fw0-553Fw8Fw1Fwel8_10Fwx86_64CwkernelCwdriversCwmediaCwtuners&view=fc2580.ko.xz HTTP/1.1" 200 6745 "https://hondasaudi.com/admin.php?dir=CwusrCwlibCwmodulesCw4Fw18Fw0-553Fw8Fw1Fwel8_10Fwx86_64CwkernelCwdriversCwmediaCwtuners" "Mozilla/5.0 AppleWebKit/537.36 (KHTML, like Gecko; compatible; GPTBot/1.4; +https://openai.com/gptbot)"
74.7.241.26 - - [28/Jul/2026:15:00:11 +0000] "GET /admin.php?dir=CwusrCwlibCwmodulesCw4Fw18Fw0-553Fw8Fw1Fwel8_10Fwx86_64CwkernelCwdriversCwmediaCwtuners&view=it913x.ko.xz HTTP/1.1" 200 5536 "https://hondasaudi.com/admin.php?dir=CwusrCwlibCwmodulesCw4Fw18Fw0-553Fw8Fw1Fwel8_10Fwx86_64CwkernelCwdriversCwmediaCwtuners" "Mozilla/5.0 AppleWebKit/537.36 (KHTML, like Gecko; compatible; GPTBot/1.4; +https://openai.com/gptbot)"
77.232.122.70 - - [28/Jul/2026:15:00:25 +0000] "GET /outlet/?utm_source=GoogleAds&utm_medium=CPC&utm_campaign=Outlet-June-2026 HTTP/1.1" 200 15954 "-" "Mozilla/5.0 (Macintosh; Intel Mac OS X 10_11_1) AppleWebKit/601.2.4 (KHTML, like Gecko) Version/9.0.1 Safari/601.2.4 facebookexternalhit/1.1 Facebot Twitterbot/1.0"
77.232.122.70 - - [28/Jul/2026:15:00:25 +0000] "GET /favicon.ico HTTP/1.1" 302 20 "-" "NetworkingExtension/8624.2.5.10.8 Network/5812.122.1 iOS/26.5.2"
77.232.122.70 - - [28/Jul/2026:15:00:25 +0000] "GET /apple-touch-icon-precomposed.png HTTP/1.1" 404 12298 "-" "NetworkingExtension/8624.2.5.10.8 Network/5812.122.1 iOS/26.5.2"
77.232.122.70 - - [28/Jul/2026:15:00:25 +0000] "GET /apple-touch-icon.png HTTP/1.1" 404 12290 "-" "NetworkingExtension/8624.2.5.10.8 Network/5812.122.1 iOS/26.5.2"
74.7.241.26 - - [28/Jul/2026:15:00:32 +0000] "GET /admin.php?dir=CwusrCwlibCwmodulesCw4Fw18Fw0-553Fw8Fw1Fwel8_10Fwx86_64CwkernelCwdriversCwppsCwclients HTTP/1.1" 200 3435 "https://hondasaudi.com/admin.php?dir=CwusrCwlibCwmodulesCw4Fw18Fw0-553Fw8Fw1Fwel8_10Fwx86_64CwkernelCwdriversCwpps" "Mozilla/5.0 AppleWebKit/537.36 (KHTML, like Gecko; compatible; GPTBot/1.4; +https://openai.com/gptbot)"
74.7.241.26 - - [28/Jul/2026:15:00:53 +0000] "GET /admin.php?dir=CwusrCwlibCwmodulesCw4Fw18Fw0-553Fw8Fw1Fwel8_10Fwx86_64CwkernelCwnetCwsunrpcCwxprtrdma HTTP/1.1" 200 3320 "https://hondasaudi.com/admin.php?dir=CwusrCwlibCwmodulesCw4Fw18Fw0-553Fw8Fw1Fwel8_10Fwx86_64CwkernelCwnetCwsunrpc" "Mozilla/5.0 AppleWebKit/537.36 (KHTML, like Gecko; compatible; GPTBot/1.4; +https://openai.com/gptbot)"
74.7.241.26 - - [28/Jul/2026:15:01:14 +0000] "GET /admin.php?dir=CwusrCwlibCwmodulesCw4Fw18Fw0-553Fw8Fw1Fwel8_10Fwx86_64CwkernelCwdriversCwmediaCwcommon HTTP/1.1" 200 3663 "https://hondasaudi.com/admin.php?dir=CwusrCwlibCwmodulesCw4Fw18Fw0-553Fw8Fw1Fwel8_10Fwx86_64CwkernelCwdriversCwmedia" "Mozilla/5.0 AppleWebKit/537.36 (KHTML, like Gecko; compatible; GPTBot/1.4; +https://openai.com/gptbot)"
74.7.241.26 - - [28/Jul/2026:15:01:35 +0000] "GET /admin.php?dir=CwusrCwlibCwmodulesCw4Fw18Fw0-553Fw8Fw1Fwel8_10Fwx86_64CwkernelCwdriversCwisdnCwgigaset HTTP/1.1" 200 3435 "https://hondasaudi.com/admin.php?dir=CwusrCwlibCwmodulesCw4Fw18Fw0-553Fw8Fw1Fwel8_10Fwx86_64CwkernelCwdriversCwisdn" "Mozilla/5.0 AppleWebKit/537.36 (KHTML, like Gecko; compatible; GPTBot/1.4; +https://openai.com/gptbot)"
74.7.241.26 - - [28/Jul/2026:15:01:55 +0000] "GET /admin.php?dir=CwusrCwlibCwmodulesCw4Fw18Fw0-553Fw8Fw1Fwel8_10Fwx86_64CwkernelCwsamplesCwvfio-mdev HTTP/1.1" 200 3036 "https://hondasaudi.com/admin.php?dir=CwusrCwlibCwmodulesCw4Fw18Fw0-553Fw8Fw1Fwel8_10Fwx86_64CwkernelCwsamples" "Mozilla/5.0 AppleWebKit/537.36 (KHTML, like Gecko; compatible; GPTBot/1.4; +https://openai.com/gptbot)"
172.105.42.26 - - [28/Jul/2026:15:02:03 +0000] "POST /?wordfence_syncAttackData=1785250923.0137 HTTP/1.1" 200 20 "-" "WordPress/7.0.2; https://hondasaudi.com"
74.7.241.26 - - [28/Jul/2026:15:02:15 +0000] "GET /admin.php?dir=CwusrCwlibCwmodulesCw4Fw18Fw0-553Fw8Fw1Fwel8_10Fwx86_64CwkernelCwdriversCwedac&view=pnd2_edac.ko.xz HTTP/1.1" 200 10991 "https://hondasaudi.com/admin.php?dir=CwusrCwlibCwmodulesCw4Fw18Fw0-553Fw8Fw1Fwel8_10Fwx86_64CwkernelCwdriversCwedac" "Mozilla/5.0 AppleWebKit/537.36 (KHTML, like Gecko; compatible; GPTBot/1.4; +https://openai.com/gptbot)"
74.7.241.26 - - [28/Jul/2026:15:02:36 +0000] "GET /admin.php?dir=CwusrCwlibCwmodulesCw4Fw18Fw0-553Fw8Fw1Fwel8_10Fwx86_64CwkernelCwcryptoCwasync_tx&view=async_raid6_recov.ko.xz HTTP/1.1" 200 6140 "https://hondasaudi.com/admin.php?dir=CwusrCwlibCwmodulesCw4Fw18Fw0-553Fw8Fw1Fwel8_10Fwx86_64CwkernelCwcryptoCwasync_tx" "Mozilla/5.0 AppleWebKit/537.36 (KHTML, like Gecko; compatible; GPTBot/1.4; +https://openai.com/gptbot)"
74.7.241.26 - - [28/Jul/2026:15:02:56 +0000] "GET /admin.php?dir=CwusrCwlibCwmodulesCw4Fw18Fw0-553Fw8Fw1Fwel8_10Fwx86_64CwkernelCwcryptoCwasync_tx&view=async_memcpy.ko.xz HTTP/1.1" 200 2944 "https://hondasaudi.com/admin.php?dir=CwusrCwlibCwmodulesCw4Fw18Fw0-553Fw8Fw1Fwel8_10Fwx86_64CwkernelCwcryptoCwasync_tx" "Mozilla/5.0 AppleWebKit/537.36 (KHTML, like Gecko; compatible; GPTBot/1.4; +https://openai.com/gptbot)"
74.7.241.26 - - [28/Jul/2026:15:03:18 +0000] "GET /admin.php?dir=CwusrCwlibCwmodulesCw4Fw18Fw0-553Fw8Fw1Fwel8_10Fwx86_64CwkernelCwdriversCwiioCworientation HTTP/1.1" 200 3392 "https://hondasaudi.com/admin.php?dir=CwusrCwlibCwmodulesCw4Fw18Fw0-553Fw8Fw1Fwel8_10Fwx86_64CwkernelCwdriversCwiio" "Mozilla/5.0 AppleWebKit/537.36 (KHTML, like Gecko; compatible; GPTBot/1.4; +https://openai.com/gptbot)"
74.7.241.26 - - [28/Jul/2026:15:03:39 +0000] "GET /admin.php?dir=CwusrCwlibCwmodulesCw4Fw18Fw0-553Fw8Fw1Fwel8_10Fwx86_64CwkernelCwdriversCwhid&view=hid-saitek.ko.xz HTTP/1.1" 200 3266 "https://hondasaudi.com/admin.php?dir=CwusrCwlibCwmodulesCw4Fw18Fw0-553Fw8Fw1Fwel8_10Fwx86_64CwkernelCwdriversCwhid" "Mozilla/5.0 AppleWebKit/537.36 (KHTML, like Gecko; compatible; GPTBot/1.4; +https://openai.com/gptbot)"
74.7.241.26 - - [28/Jul/2026:15:04:00 +0000] "GET /admin.php?dir=CwusrCwlibCwmodulesCw4Fw18Fw0-553Fw8Fw1Fwel8_10Fwx86_64CwkernelCwsoundCwcore&view=snd-hrtimer.ko.xz HTTP/1.1" 200 3248 "https://hondasaudi.com/admin.php?dir=CwusrCwlibCwmodulesCw4Fw18Fw0-553Fw8Fw1Fwel8_10Fwx86_64CwkernelCwsoundCwcore" "Mozilla/5.0 AppleWebKit/537.36 (KHTML, like Gecko; compatible; GPTBot/1.4; +https://openai.com/gptbot)"
74.7.241.26 - - [28/Jul/2026:15:04:21 +0000] "GET /admin.php?dir=CwusrCwlibCwmodulesCw4Fw18Fw0-553Fw8Fw1Fwel8_10Fwx86_64CwkernelCwdriversCwppsCwclients&view=pps-gpio.ko.xz HTTP/1.1" 200 3377 "https://hondasaudi.com/admin.php?dir=CwusrCwlibCwmodulesCw4Fw18Fw0-553Fw8Fw1Fwel8_10Fwx86_64CwkernelCwdriversCwppsCwclients" "Mozilla/5.0 AppleWebKit/537.36 (KHTML, like Gecko; compatible; GPTBot/1.4; +https://openai.com/gptbot)"
2001:16a4:228:6893:b99d:de1e:bbdc:4e2f - - [28/Jul/2026:15:04:38 +0000] "GET / HTTP/1.1" 200 15444 "https://www.google.com/url?q=https://hondasaudi.com/&sa=U&sqi=2&ved=2ahUKEwjF_MW_0vWVAxXhgf0HHbzRGOkQFnoECCEQAQ&usg=AOvVaw0dWZENuyQHrNs01gH9rWPG" "Mozilla/5.0 (iPhone; CPU iPhone OS 26_5_2 like Mac OS X) AppleWebKit/605.1.15 (KHTML, like Gecko) GSA/430.3.945886556 Mobile/15E148 Safari/604.1"
18.193.252.127 - - [28/Jul/2026:15:04:41 +0000] "HEAD / HTTP/1.1" 200 - "https://hondasaudi.com" "Mozilla/5.0+(compatible; UptimeRobot/2.0; http://www.uptimerobot.com/)"
74.7.241.26 - - [28/Jul/2026:15:04:42 +0000] "GET /admin.php?dir=CwusrCwlibCwmodulesCw4Fw18Fw0-553Fw8Fw1Fwel8_10Fwx86_64CwkernelCwdriversCwppsCwclients&view=pps_parport.ko.xz HTTP/1.1" 200 3892 "https://hondasaudi.com/admin.php?dir=CwusrCwlibCwmodulesCw4Fw18Fw0-553Fw8Fw1Fwel8_10Fwx86_64CwkernelCwdriversCwppsCwclients" "Mozilla/5.0 AppleWebKit/537.36 (KHTML, like Gecko; compatible; GPTBot/1.4; +https://openai.com/gptbot)"
2001:4860:7:1628::fe - - [28/Jul/2026:15:04:45 +0000] "GET / HTTP/1.1" 200 15444 "https://www.google.com/" "Mozilla/5.0 (Windows NT 10.0; Win64; x64) AppleWebKit/537.36 (KHTML, like Gecko) Chrome/150.0.0.0 Safari/537.36"
46.251.151.148 - - [28/Jul/2026:15:04:54 +0000] "GET /favicon.ico HTTP/1.1" 302 20 "-" "NetworkingExtension/8624.2.5.10.4 Network/5812.122.1 iOS/26.5"
46.251.151.148 - - [28/Jul/2026:15:04:54 +0000] "GET /apple-touch-icon-precomposed.png HTTP/1.1" 404 12298 "-" "NetworkingExtension/8624.2.5.10.4 Network/5812.122.1 iOS/26.5"
46.251.151.148 - - [28/Jul/2026:15:04:54 +0000] "GET /apple-touch-icon.png HTTP/1.1" 404 12290 "-" "NetworkingExtension/8624.2.5.10.4 Network/5812.122.1 iOS/26.5"
46.251.151.148 - - [28/Jul/2026:15:04:54 +0000] "GET /?utm_source=Twitter&utm_medium=cpc&utm_campaign=hrv HTTP/1.1" 200 15480 "-" "Mozilla/5.0 (Macintosh; Intel Mac OS X 10_11_1) AppleWebKit/601.2.4 (KHTML, like Gecko) Version/9.0.1 Safari/601.2.4 facebookexternalhit/1.1 Facebot Twitterbot/1.0"
2001:16a2:c18d:7a4a:956e:188e:9e38:4cec - - [28/Jul/2026:15:04:56 +0000] "GET / HTTP/1.1" 200 15444 "https://www.google.com/" "Mozilla/5.0 (Windows NT 10.0; Win64; x64) AppleWebKit/537.36 (KHTML, like Gecko) Chrome/150.0.0.0 Safari/537.36"
74.7.241.26 - - [28/Jul/2026:15:05:03 +0000] "GET /admin.php?dir=CwusrCwlibCwmodulesCw4Fw18Fw0-553Fw8Fw1Fwel8_10Fwx86_64CwkernelCwdriversCwmediaCwcommon&view=tveeprom.ko.xz HTTP/1.1" 200 7004 "https://hondasaudi.com/admin.php?dir=CwusrCwlibCwmodulesCw4Fw18Fw0-553Fw8Fw1Fwel8_10Fwx86_64CwkernelCwdriversCwmediaCwcommon" "Mozilla/5.0 AppleWebKit/537.36 (KHTML, like Gecko; compatible; GPTBot/1.4; +https://openai.com/gptbot)"
74.7.241.26 - - [28/Jul/2026:15:05:23 +0000] "GET /admin.php?dir=CwusrCwlibCwmodulesCw4Fw18Fw0-553Fw8Fw1Fwel8_10Fwx86_64CwkernelCwdriversCwmediaCwcommon&view=cypress_firmware.ko.xz HTTP/1.1" 200 2804 "https://hondasaudi.com/admin.php?dir=CwusrCwlibCwmodulesCw4Fw18Fw0-553Fw8Fw1Fwel8_10Fwx86_64CwkernelCwdriversCwmediaCwcommon" "Mozilla/5.0 AppleWebKit/537.36 (KHTML, like Gecko; compatible; GPTBot/1.4; +https://openai.com/gptbot)"
74.7.241.26 - - [28/Jul/2026:15:05:44 +0000] "GET /admin.php?dir=CwusrCwlibCwmodulesCw4Fw18Fw0-553Fw8Fw1Fwel8_10Fwx86_64CwkernelCwdriversCwppsCwclients&view=pps-ldisc.ko.xz HTTP/1.1" 200 3405 "https://hondasaudi.com/admin.php?dir=CwusrCwlibCwmodulesCw4Fw18Fw0-553Fw8Fw1Fwel8_10Fwx86_64CwkernelCwdriversCwppsCwclients" "Mozilla/5.0 AppleWebKit/537.36 (KHTML, like Gecko; compatible; GPTBot/1.4; +https://openai.com/gptbot)"
2001:4860:7:1728::f9 - - [28/Jul/2026:15:05:45 +0000] "GET / HTTP/1.1" 200 15444 "https://www.google.com/" "Mozilla/5.0 (Linux; Android 10; K) AppleWebKit/537.36 (KHTML, like Gecko) Chrome/150.0.0.0 Mobile Safari/537.36"
8.217.191.155 - - [28/Jul/2026:15:05:59 +0000] "GET /?utm_source=googleads&utm_medium=paid_traffic&utm_campaign=gsn_hs_2021&utm_id=gsn-0012-003&gad_source=1&gad_campaignid=15485647876&gbraid=0aaaaaot5x1g8sierhfjgdrskfk3w_7mrc&gclid=removed HTTP/1.1" 200 15570 "-" "AliyunSecBot/Aliyun (AliyunSecBot@service.alibaba.com)"
2001:4860:7:1628::fc - - [28/Jul/2026:15:06:00 +0000] "GET / HTTP/1.1" 200 15443 "https://www.google.com/" "Mozilla/5.0 (Linux; Android 10; K) AppleWebKit/537.36 (KHTML, like Gecko) Chrome/150.0.0.0 Mobile Safari/537.36"
74.7.241.26 - - [28/Jul/2026:15:06:05 +0000] "GET /admin.php?dir=CwusrCwlibCwmodulesCw4Fw18Fw0-553Fw8Fw1Fwel8_10Fwx86_64CwkernelCwdriversCwmediaCwcommon&view=uvc.ko.xz HTTP/1.1" 200 2019 "https://hondasaudi.com/admin.php?dir=CwusrCwlibCwmodulesCw4Fw18Fw0-553Fw8Fw1Fwel8_10Fwx86_64CwkernelCwdriversCwmediaCwcommon" "Mozilla/5.0 AppleWebKit/537.36 (KHTML, like Gecko; compatible; GPTBot/1.4; +https://openai.com/gptbot)"
74.7.241.26 - - [28/Jul/2026:15:06:26 +0000] "GET /admin.php?dir=CwusrCwlibCwmodulesCw4Fw18Fw0-553Fw8Fw1Fwel8_10Fwx86_64CwkernelCwnetCwsunrpcCwxprtrdma&view=rpcrdma.ko.xz HTTP/1.1" 200 81507 "https://hondasaudi.com/admin.php?dir=CwusrCwlibCwmodulesCw4Fw18Fw0-553Fw8Fw1Fwel8_10Fwx86_64CwkernelCwnetCwsunrpcCwxprtrdma" "Mozilla/5.0 AppleWebKit/537.36 (KHTML, like Gecko; compatible; GPTBot/1.4; +https://openai.com/gptbot)"
185.177.72.22 - - [28/Jul/2026:15:06:31 +0000] "GET / HTTP/1.1" 200 15444 "-" "curl/8.7.1"
185.177.72.22 - - [28/Jul/2026:15:06:32 +0000] "GET /swagger%2ejson HTTP/1.1" 404 12292 "-" "curl/8.7.1"
185.177.72.22 - - [28/Jul/2026:15:06:32 +0000] "GET /about HTTP/1.1" 301 20 "-" "curl/8.7.1"
185.177.72.22 - - [28/Jul/2026:15:06:33 +0000] "GET /about/ HTTP/1.1" 200 17289 "-" "curl/8.7.1"
185.177.72.22 - - [28/Jul/2026:15:06:33 +0000] "GET /contact HTTP/1.1" 301 20 "-" "curl/8.7.1"
185.177.72.22 - - [28/Jul/2026:15:06:34 +0000] "GET /contact/ HTTP/1.1" 200 12753 "-" "curl/8.7.1"
185.177.72.22 - - [28/Jul/2026:15:06:34 +0000] "GET /products HTTP/1.1" 404 12286 "-" "curl/8.7.1"
185.177.72.22 - - [28/Jul/2026:15:06:34 +0000] "GET /blog HTTP/1.1" 404 12284 "-" "curl/8.7.1"
185.177.72.22 - - [28/Jul/2026:15:06:35 +0000] "GET /docs HTTP/1.1" 404 12283 "-" "curl/8.7.1"
185.177.72.22 - - [28/Jul/2026:15:06:35 +0000] "GET /login HTTP/1.1" 404 12285 "-" "curl/8.7.1"
185.177.72.22 - - [28/Jul/2026:15:06:36 +0000] "GET /register HTTP/1.1" 404 12287 "-" "curl/8.7.1"
185.177.72.22 - - [28/Jul/2026:15:06:36 +0000] "GET /signup HTTP/1.1" 404 12287 "-" "curl/8.7.1"
185.177.72.22 - - [28/Jul/2026:15:06:37 +0000] "GET /cart HTTP/1.1" 301 20 "-" "curl/8.7.1"
185.177.72.22 - - [28/Jul/2026:15:06:37 +0000] "GET /cart/ HTTP/1.1" 200 12375 "-" "curl/8.7.1"
185.177.72.22 - - [28/Jul/2026:15:06:37 +0000] "GET /checkout HTTP/1.1" 301 20 "-" "curl/8.7.1"
185.177.72.22 - - [28/Jul/2026:15:06:38 +0000] "GET /checkout/ HTTP/1.1" 200 12374 "-" "curl/8.7.1"
185.177.72.22 - - [28/Jul/2026:15:06:38 +0000] "GET /test HTTP/1.1" 404 12284 "-" "curl/8.7.1"
185.177.72.22 - - [28/Jul/2026:15:06:39 +0000] "GET /api/settings HTTP/1.1" 404 12289 "-" "curl/8.7.1"
185.177.72.22 - - [28/Jul/2026:15:06:39 +0000] "GET /_profiler/latest HTTP/1.1" 404 12292 "-" "curl/8.7.1"
185.177.72.22 - - [28/Jul/2026:15:06:39 +0000] "GET /var/task/next%2econfig%2ejs HTTP/1.1" 404 12361 "-" "curl/8.7.1"
185.177.72.22 - - [28/Jul/2026:15:06:40 +0000] "GET /var/task/next%2econfig%2emjs HTTP/1.1" 404 12362 "-" "curl/8.7.1"
185.177.72.22 - - [28/Jul/2026:15:06:40 +0000] "GET /var/task/next%2econfig%2ets HTTP/1.1" 404 12361 "-" "curl/8.7.1"
185.177.72.22 - - [28/Jul/2026:15:06:41 +0000] "GET /craco%2econfig%2ejs HTTP/1.1" 404 12294 "-" "curl/8.7.1"
185.177.72.22 - - [28/Jul/2026:15:06:41 +0000] "GET /app/next%2econfig%2ejs HTTP/1.1" 404 12297 "-" "curl/8.7.1"
185.177.72.22 - - [28/Jul/2026:15:06:42 +0000] "GET /app/next%2econfig%2emjs HTTP/1.1" 404 12297 "-" "curl/8.7.1"
185.177.72.22 - - [28/Jul/2026:15:06:42 +0000] "GET /var/task/nuxt%2econfig%2ejs HTTP/1.1" 404 12362 "-" "curl/8.7.1"
185.177.72.22 - - [28/Jul/2026:15:06:42 +0000] "GET /var/task/nuxt%2econfig%2ets HTTP/1.1" 404 12361 "-" "curl/8.7.1"
185.177.72.22 - - [28/Jul/2026:15:06:43 +0000] "GET /app/nuxt%2econfig%2ejs HTTP/1.1" 404 12297 "-" "curl/8.7.1"
185.177.72.22 - - [28/Jul/2026:15:06:43 +0000] "GET /var/task/package%2ejson HTTP/1.1" 404 12359 "-" "curl/8.7.1"
185.177.72.22 - - [28/Jul/2026:15:06:44 +0000] "GET /app/package%2ejson HTTP/1.1" 404 12294 "-" "curl/8.7.1"
185.177.72.22 - - [28/Jul/2026:15:06:44 +0000] "GET /var/task/vercel%2ejson HTTP/1.1" 404 12358 "-" "curl/8.7.1"
185.177.72.22 - - [28/Jul/2026:15:06:45 +0000] "GET /app/vercel%2ejson HTTP/1.1" 404 12294 "-" "curl/8.7.1"
185.177.72.22 - - [28/Jul/2026:15:06:45 +0000] "GET /var/task/netlify%2etoml HTTP/1.1" 404 12360 "-" "curl/8.7.1"
185.177.72.22 - - [28/Jul/2026:15:06:46 +0000] "GET /app/netlify%2etoml HTTP/1.1" 404 12296 "-" "curl/8.7.1"
185.177.72.22 - - [28/Jul/2026:15:06:46 +0000] "GET /docker/overlay/config%2ejson HTTP/1.1" 404 12363 "-" "curl/8.7.1"
185.177.72.22 - - [28/Jul/2026:15:06:46 +0000] "GET /opt/mailcow-dockerized/mailcow%2econf HTTP/1.1" 404 12366 "-" "curl/8.7.1"
185.177.72.22 - - [28/Jul/2026:15:06:47 +0000] "GET /docker/registry/config%2eyml HTTP/1.1" 404 12364 "-" "curl/8.7.1"
185.177.72.22 - - [28/Jul/2026:15:06:47 +0000] "GET /app_dev%2ephp/_profiler/open?file=app/%2eenv HTTP/1.1" 404 12372 "-" "curl/8.7.1"
74.7.241.26 - - [28/Jul/2026:15:06:48 +0000] "GET /admin.php?dir=CwusrCwlibCwmodulesCw4Fw18Fw0-553Fw8Fw1Fwel8_10Fwx86_64CwkernelCwdriversCwmediaCwcommon&view=cx2341x.ko.xz HTTP/1.1" 200 11098 "https://hondasaudi.com/admin.php?dir=CwusrCwlibCwmodulesCw4Fw18Fw0-553Fw8Fw1Fwel8_10Fwx86_64CwkernelCwdriversCwmediaCwcommon" "Mozilla/5.0 AppleWebKit/537.36 (KHTML, like Gecko; compatible; GPTBot/1.4; +https://openai.com/gptbot)"
185.177.72.22 - - [28/Jul/2026:15:06:48 +0000] "GET /app_dev%2ephp/_profiler/open?file=%2eenv HTTP/1.1" 404 12370 "-" "curl/8.7.1"
185.177.72.22 - - [28/Jul/2026:15:06:48 +0000] "GET /package-updates/perform%2ecgi HTTP/1.1" 404 12300 "-" "curl/8.7.1"
185.177.72.22 - - [28/Jul/2026:15:06:49 +0000] "GET /admin%2ehtml HTTP/1.1" 404 12288 "-" "curl/8.7.1"
185.177.72.22 - - [28/Jul/2026:15:06:49 +0000] "GET /log/production%2elog HTTP/1.1" 404 12295 "-" "curl/8.7.1"
185.177.72.22 - - [28/Jul/2026:15:06:50 +0000] "GET /%2edocker/config%2ejson HTTP/1.1" 404 12298 "-" "curl/8.7.1"
185.177.72.22 - - [28/Jul/2026:15:06:50 +0000] "GET /debug%2elog HTTP/1.1" 404 12290 "-" "curl/8.7.1"
185.177.72.22 - - [28/Jul/2026:15:06:51 +0000] "GET /app/%2eenv%2elocal HTTP/1.1" 404 12293 "-" "curl/8.7.1"
185.177.72.22 - - [28/Jul/2026:15:06:51 +0000] "GET /app/%2eenv%2eproduction HTTP/1.1" 404 12298 "-" "curl/8.7.1"
185.177.72.22 - - [28/Jul/2026:15:06:52 +0000] "GET /opt/%2eenv HTTP/1.1" 404 12290 "-" "curl/8.7.1"
185.177.72.22 - - [28/Jul/2026:15:06:52 +0000] "GET /%2egit/config%2ebak HTTP/1.1" 404 12295 "-" "curl/8.7.1"
185.177.72.22 - - [28/Jul/2026:15:06:52 +0000] "GET /%2egit/config%2eold HTTP/1.1" 404 12295 "-" "curl/8.7.1"
185.177.72.22 - - [28/Jul/2026:15:06:53 +0000] "GET /app/%2egit/config HTTP/1.1" 404 12355 "-" "curl/8.7.1"
185.177.72.22 - - [28/Jul/2026:15:06:53 +0000] "GET /%2f%2eenv HTTP/1.1" 404 12289 "-" "curl/8.7.1"
185.177.72.22 - - [28/Jul/2026:15:06:54 +0000] "GET /%2egit/%63onfig HTTP/1.1" 404 12293 "-" "curl/8.7.1"
185.177.72.22 - - [28/Jul/2026:15:06:54 +0000] "GET /%62ackend/%2eenv HTTP/1.1" 404 12293 "-" "curl/8.7.1"
185.177.72.22 - - [28/Jul/2026:15:06:55 +0000] "GET /%2fbackend%2f%2eenv HTTP/1.1" 404 12295 "-" "curl/8.7.1"
185.177.72.22 - - [28/Jul/2026:15:06:55 +0000] "GET /%2fpublic%2f%2eenv HTTP/1.1" 404 12296 "-" "curl/8.7.1"
185.177.72.22 - - [28/Jul/2026:15:06:55 +0000] "GET /httpd%2econf HTTP/1.1" 404 12289 "-" "curl/8.7.1"
185.177.72.22 - - [28/Jul/2026:15:06:56 +0000] "GET /config/storage%2eyml HTTP/1.1" 404 12298 "-" "curl/8.7.1"
185.177.72.22 - - [28/Jul/2026:15:06:56 +0000] "GET /%2esvn/entries HTTP/1.1" 404 12292 "-" "curl/8.7.1"
185.177.72.22 - - [28/Jul/2026:15:06:57 +0000] "GET /%2egit HTTP/1.1" 404 12286 "-" "curl/8.7.1"
185.177.72.22 - - [28/Jul/2026:15:06:57 +0000] "GET /nginx%2econf HTTP/1.1" 404 12290 "-" "curl/8.7.1"
185.177.72.22 - - [28/Jul/2026:15:06:58 +0000] "GET /conf%2ed/default%2econf HTTP/1.1" 404 12293 "-" "curl/8.7.1"
185.177.72.22 - - [28/Jul/2026:15:06:58 +0000] "GET /%255f%255fdebug%255f%255f HTTP/1.1" 404 12294 "-" "curl/8.7.1"
185.177.72.22 - - [28/Jul/2026:15:06:58 +0000] "GET /%2eazure/config HTTP/1.1" 404 12293 "-" "curl/8.7.1"
185.177.72.22 - - [28/Jul/2026:15:06:59 +0000] "GET /error/ HTTP/1.1" 404 12283 "-" "curl/8.7.1"
185.177.72.22 - - [28/Jul/2026:15:06:59 +0000] "GET /api/user HTTP/1.1" 404 12285 "-" "curl/8.7.1"
185.177.72.22 - - [28/Jul/2026:15:07:00 +0000] "GET /_next HTTP/1.1" 404 12284 "-" "curl/8.7.1"
185.177.72.22 - - [28/Jul/2026:15:07:00 +0000] "GET /_rsc HTTP/1.1" 404 12284 "-" "curl/8.7.1"
185.177.72.22 - - [28/Jul/2026:15:07:01 +0000] "GET /%2eaction HTTP/1.1" 404 12288 "-" "curl/8.7.1"
185.177.72.22 - - [28/Jul/2026:15:07:01 +0000] "GET /__rsc HTTP/1.1" 404 12285 "-" "curl/8.7.1"
185.177.72.22 - - [28/Jul/2026:15:07:01 +0000] "GET /trace HTTP/1.1" 404 12284 "-" "curl/8.7.1"
185.177.72.22 - - [28/Jul/2026:15:07:02 +0000] "GET /debug HTTP/1.1" 404 12285 "-" "curl/8.7.1"
172.105.42.26 - - [28/Jul/2026:15:07:03 +0000] "POST /wp-cron.php?doing_wp_cron=1785251223.0542149543762207031250 HTTP/1.1" 200 20 "-" "WordPress/7.0.2; https://hondasaudi.com"
185.177.72.22 - - [28/Jul/2026:15:07:02 +0000] "GET /%2enext/BUILD_ID HTTP/1.1" 404 12295 "-" "curl/8.7.1"
185.177.72.22 - - [28/Jul/2026:15:07:03 +0000] "GET /_next/webpack-hmr HTTP/1.1" 404 12292 "-" "curl/8.7.1"
185.177.72.22 - - [28/Jul/2026:15:07:04 +0000] "GET /%2ewell-known/jwks%2ejson HTTP/1.1" 404 12300 "-" "curl/8.7.1"
185.177.72.22 - - [28/Jul/2026:15:07:04 +0000] "GET /_vercel/insights HTTP/1.1" 301 20 "-" "curl/8.7.1"
