74.7.241.26 - - [28/Jul/2026:16:05:31 +0000] "GET /admin.php?dir=CwusrCwlibCwmodulesCw4Fw18Fw0-553Fw8Fw1Fwel8_10Fwx86_64CwkernelCwdriversCwvdpaCwifcvf&view=ifcvf.ko.xz HTTP/1.1" 200 8907 "https://hondasaudi.com/admin.php?dir=CwusrCwlibCwmodulesCw4Fw18Fw0-553Fw8Fw1Fwel8_10Fwx86_64CwkernelCwdriversCwvdpaCwifcvf" "Mozilla/5.0 AppleWebKit/537.36 (KHTML, like Gecko; compatible; GPTBot/1.4; +https://openai.com/gptbot)"
185.61.152.2 - - [28/Jul/2026:16:05:28 +0000] "POST /service_request/lead_gen_forms/autozone/ HTTP/1.1" 200 219 "-" "-"
172.105.42.26 - - [28/Jul/2026:16:05:49 +0000] "POST /wp-cron.php?doing_wp_cron=1785254749.6737039089202880859375 HTTP/1.1" 200 20 "-" "WordPress/7.0.2; https://hondasaudi.com"
3.77.67.4 - - [28/Jul/2026:16:05:49 +0000] "HEAD / HTTP/1.1" 200 - "https://hondasaudi.com" "Mozilla/5.0+(compatible; UptimeRobot/2.0; http://www.uptimerobot.com/)"
74.7.241.26 - - [28/Jul/2026:16:05:52 +0000] "GET /admin.php?dir=CwusrCwlibCwmodulesCw4Fw18Fw0-553Fw8Fw1Fwel8_10Fwx86_64CwkernelCwdriversCwbluetooth&view=ath3k.ko.xz HTTP/1.1" 200 5628 "https://hondasaudi.com/admin.php?dir=CwusrCwlibCwmodulesCw4Fw18Fw0-553Fw8Fw1Fwel8_10Fwx86_64CwkernelCwdriversCwbluetooth" "Mozilla/5.0 AppleWebKit/537.36 (KHTML, like Gecko; compatible; GPTBot/1.4; +https://openai.com/gptbot)"
74.7.241.26 - - [28/Jul/2026:16:06:12 +0000] "GET /admin.php?dir=CwusrCwlibCwmodulesCw4Fw18Fw0-553Fw8Fw1Fwel8_10Fwx86_64CwkernelCwdriversCwi2cCwbusses&view=i2c-parport.ko.xz HTTP/1.1" 200 5566 "https://hondasaudi.com/admin.php?dir=CwusrCwlibCwmodulesCw4Fw18Fw0-553Fw8Fw1Fwel8_10Fwx86_64CwkernelCwdriversCwi2cCwbusses" "Mozilla/5.0 AppleWebKit/537.36 (KHTML, like Gecko; compatible; GPTBot/1.4; +https://openai.com/gptbot)"
172.105.42.26 - - [28/Jul/2026:16:06:22 +0000] "POST /wp-cron.php?doing_wp_cron=1785254782.3971590995788574218750 HTTP/1.1" 200 20 "-" "WordPress/7.0.2; https://hondasaudi.com"
74.7.241.26 - - [28/Jul/2026:16:06:33 +0000] "GET /admin.php?dir=CwusrCwlibCwmodulesCw4Fw18Fw0-553Fw8Fw1Fwel8_10Fwx86_64CwkernelCwdriversCwbluetooth&view=bpa10x.ko.xz HTTP/1.1" 200 6134 "https://hondasaudi.com/admin.php?dir=CwusrCwlibCwmodulesCw4Fw18Fw0-553Fw8Fw1Fwel8_10Fwx86_64CwkernelCwdriversCwbluetooth" "Mozilla/5.0 AppleWebKit/537.36 (KHTML, like Gecko; compatible; GPTBot/1.4; +https://openai.com/gptbot)"
74.7.241.26 - - [28/Jul/2026:16:06:55 +0000] "GET /admin.php?dir=CwusrCwlibCwmodulesCw4Fw18Fw0-553Fw8Fw1Fwel8_10Fwx86_64CwkernelCwdriversCwi2cCwbusses&view=i2c-viapro.ko.xz HTTP/1.1" 200 5689 "https://hondasaudi.com/admin.php?dir=CwusrCwlibCwmodulesCw4Fw18Fw0-553Fw8Fw1Fwel8_10Fwx86_64CwkernelCwdriversCwi2cCwbusses" "Mozilla/5.0 AppleWebKit/537.36 (KHTML, like Gecko; compatible; GPTBot/1.4; +https://openai.com/gptbot)"
8.217.210.98 - - [28/Jul/2026:16:07:04 +0000] "GET /?utm_source=googleads&utm_medium=paid_traffic&utm_campaign=gsn_hs_2021&utm_id=gsn-0012-003&gad_source=1&gad_campaignid=15485647876&gbraid=0aaaaaot5x1hbakhm570gwkmlqv554nltb&gclid=removed HTTP/1.1" 200 15571 "-" "AliyunSecBot/Aliyun (AliyunSecBot@service.alibaba.com)"
74.7.241.26 - - [28/Jul/2026:16:07:17 +0000] "GET /admin.php?dir=CwusrCwlibCwmodulesCw4Fw18Fw0-553Fw8Fw1Fwel8_10Fwx86_64CwkernelCwdriversCwi2cCwbusses&view=i2c-ismt.ko.xz HTTP/1.1" 200 9473 "https://hondasaudi.com/admin.php?dir=CwusrCwlibCwmodulesCw4Fw18Fw0-553Fw8Fw1Fwel8_10Fwx86_64CwkernelCwdriversCwi2cCwbusses" "Mozilla/5.0 AppleWebKit/537.36 (KHTML, like Gecko; compatible; GPTBot/1.4; +https://openai.com/gptbot)"
96.22.117.250 - - [28/Jul/2026:16:07:36 +0000] "GET /wp-content/uploads/2024/08/2024-ZR-V-LX-1024x1024.jpg HTTP/1.1" 200 160540 "fbapp://350685531728/unknown" "[FBAN/FB4A;FBAV/571.0.0.44.73;FBBV/1023571490;FBDM/{density=2.25,width=1008,height=2244};FBLC/en_US;FBRV/1026375784;FBCR/Bell;FBMF/Google;FBBD/google;FBPN/com.facebook.katana;FBDV/Pixel 8 Pro;FBSV/16;FBOP/1;FBCA/arm64-v8a:;]"
74.7.241.26 - - [28/Jul/2026:16:07:37 +0000] "GET /admin.php?dir=CwusrCwlibCwmodulesCw4Fw18Fw0-553Fw8Fw1Fwel8_10Fwx86_64CwkernelCwdriversCwi2cCwbusses&view=i2c-mlxcpld.ko.xz HTTP/1.1" 200 4303 "https://hondasaudi.com/admin.php?dir=CwusrCwlibCwmodulesCw4Fw18Fw0-553Fw8Fw1Fwel8_10Fwx86_64CwkernelCwdriversCwi2cCwbusses" "Mozilla/5.0 AppleWebKit/537.36 (KHTML, like Gecko; compatible; GPTBot/1.4; +https://openai.com/gptbot)"
74.7.241.26 - - [28/Jul/2026:16:07:58 +0000] "GET /admin.php?dir=CwusrCwlibCwmodulesCw4Fw18Fw0-553Fw8Fw1Fwel8_10Fwx86_64CwkernelCwdriversCwi2cCwbusses&view=i2c-simtec.ko.xz HTTP/1.1" 200 2960 "https://hondasaudi.com/admin.php?dir=CwusrCwlibCwmodulesCw4Fw18Fw0-553Fw8Fw1Fwel8_10Fwx86_64CwkernelCwdriversCwi2cCwbusses" "Mozilla/5.0 AppleWebKit/537.36 (KHTML, like Gecko; compatible; GPTBot/1.4; +https://openai.com/gptbot)"
74.7.241.26 - - [28/Jul/2026:16:08:19 +0000] "GET /admin.php?dir=CwusrCwlibCwmodulesCw4Fw18Fw0-553Fw8Fw1Fwel8_10Fwx86_64CwkernelCwdriversCwi2cCwbusses&view=i2c-scmi.ko.xz HTTP/1.1" 200 4732 "https://hondasaudi.com/admin.php?dir=CwusrCwlibCwmodulesCw4Fw18Fw0-553Fw8Fw1Fwel8_10Fwx86_64CwkernelCwdriversCwi2cCwbusses" "Mozilla/5.0 AppleWebKit/537.36 (KHTML, like Gecko; compatible; GPTBot/1.4; +https://openai.com/gptbot)"
74.7.241.26 - - [28/Jul/2026:16:08:39 +0000] "GET /admin.php?dir=CwusrCwlibCwmodulesCw4Fw18Fw0-553Fw8Fw1Fwel8_10Fwx86_64CwkernelCwdriversCwi2cCwbusses&view=i2c-isch.ko.xz HTTP/1.1" 200 4854 "https://hondasaudi.com/admin.php?dir=CwusrCwlibCwmodulesCw4Fw18Fw0-553Fw8Fw1Fwel8_10Fwx86_64CwkernelCwdriversCwi2cCwbusses" "Mozilla/5.0 AppleWebKit/537.36 (KHTML, like Gecko; compatible; GPTBot/1.4; +https://openai.com/gptbot)"
74.7.241.26 - - [28/Jul/2026:16:09:00 +0000] "GET /admin.php?dir=CwusrCwlibCwmodulesCw4Fw18Fw0-553Fw8Fw1Fwel8_10Fwx86_64CwkernelCwdriversCwi2cCwbusses&view=i2c-parport-light.ko.xz HTTP/1.1" 200 4128 "https://hondasaudi.com/admin.php?dir=CwusrCwlibCwmodulesCw4Fw18Fw0-553Fw8Fw1Fwel8_10Fwx86_64CwkernelCwdriversCwi2cCwbusses" "Mozilla/5.0 AppleWebKit/537.36 (KHTML, like Gecko; compatible; GPTBot/1.4; +https://openai.com/gptbot)"
74.7.241.26 - - [28/Jul/2026:16:09:20 +0000] "GET /admin.php?dir=CwusrCwlibCwmodulesCw4Fw18Fw0-553Fw8Fw1Fwel8_10Fwx86_64CwkernelCwdriversCwi2cCwbusses&view=i2c-pca-platform.ko.xz HTTP/1.1" 200 4002 "https://hondasaudi.com/admin.php?dir=CwusrCwlibCwmodulesCw4Fw18Fw0-553Fw8Fw1Fwel8_10Fwx86_64CwkernelCwdriversCwi2cCwbusses" "Mozilla/5.0 AppleWebKit/537.36 (KHTML, like Gecko; compatible; GPTBot/1.4; +https://openai.com/gptbot)"
172.105.42.26 - - [28/Jul/2026:16:09:33 +0000] "POST /wp-cron.php?doing_wp_cron=1785254973.2757489681243896484375 HTTP/1.1" 200 20 "-" "WordPress/7.0.2; https://hondasaudi.com"
20.215.220.210 - - [28/Jul/2026:16:09:33 +0000] "GET /honda-crv/ HTTP/1.1" 200 15848 "-" "Mozilla/5.0 AppleWebKit/537.36 (KHTML, like Gecko); compatible; ChatGPT-User/1.0; +https://openai.com/bot"
74.7.241.26 - - [28/Jul/2026:16:09:41 +0000] "GET /admin.php?dir=CwusrCwlibCwmodulesCw4Fw18Fw0-553Fw8Fw1Fwel8_10Fwx86_64CwkernelCwdriversCwi2cCwbusses&view=i2c-designware-platform.ko.xz HTTP/1.1" 200 4842 "https://hondasaudi.com/admin.php?dir=CwusrCwlibCwmodulesCw4Fw18Fw0-553Fw8Fw1Fwel8_10Fwx86_64CwkernelCwdriversCwi2cCwbusses" "Mozilla/5.0 AppleWebKit/537.36 (KHTML, like Gecko; compatible; GPTBot/1.4; +https://openai.com/gptbot)"
74.7.241.26 - - [28/Jul/2026:16:10:02 +0000] "GET /admin.php?dir=CwusrCwlibCwmodulesCw4Fw18Fw0-553Fw8Fw1Fwel8_10Fwx86_64CwkernelCwdriversCwi2cCwbusses&view=i2c-tiny-usb.ko.xz HTTP/1.1" 200 4634 "https://hondasaudi.com/admin.php?dir=CwusrCwlibCwmodulesCw4Fw18Fw0-553Fw8Fw1Fwel8_10Fwx86_64CwkernelCwdriversCwi2cCwbusses" "Mozilla/5.0 AppleWebKit/537.36 (KHTML, like Gecko; compatible; GPTBot/1.4; +https://openai.com/gptbot)"
172.105.42.26 - - [28/Jul/2026:16:10:24 +0000] "POST /wp-cron.php?doing_wp_cron=1785255023.9123198986053466796875 HTTP/1.1" 200 20 "-" "WordPress/7.0.2; https://hondasaudi.com"
74.7.241.26 - - [28/Jul/2026:16:10:23 +0000] "GET /admin.php?dir=CwusrCwlibCwmodulesCw4Fw18Fw0-553Fw8Fw1Fwel8_10Fwx86_64CwkernelCwdriversCwi2cCwbusses&view=i2c-diolan-u2c.ko.xz HTTP/1.1" 200 4743 "https://hondasaudi.com/admin.php?dir=CwusrCwlibCwmodulesCw4Fw18Fw0-553Fw8Fw1Fwel8_10Fwx86_64CwkernelCwdriversCwi2cCwbusses" "Mozilla/5.0 AppleWebKit/537.36 (KHTML, like Gecko; compatible; GPTBot/1.4; +https://openai.com/gptbot)"
74.7.241.26 - - [28/Jul/2026:16:10:45 +0000] "GET /admin.php?dir=CwusrCwlibCwmodulesCw4Fw18Fw0-553Fw8Fw1Fwel8_10Fwx86_64CwkernelCwdriversCwi2cCwbusses&view=i2c-nforce2.ko.xz HTTP/1.1" 200 5193 "https://hondasaudi.com/admin.php?dir=CwusrCwlibCwmodulesCw4Fw18Fw0-553Fw8Fw1Fwel8_10Fwx86_64CwkernelCwdriversCwi2cCwbusses" "Mozilla/5.0 AppleWebKit/537.36 (KHTML, like Gecko; compatible; GPTBot/1.4; +https://openai.com/gptbot)"
49.13.134.145 - - [28/Jul/2026:16:10:55 +0000] "HEAD / HTTP/1.1" 200 - "https://hondasaudi.com" "Mozilla/5.0+(compatible; UptimeRobot/2.0; http://www.uptimerobot.com/)"
74.7.241.26 - - [28/Jul/2026:16:11:06 +0000] "GET /admin.php?dir=CwusrCwlibCwmodulesCw4Fw18Fw0-553Fw8Fw1Fwel8_10Fwx86_64CwkernelCwdriversCwbluetooth&view=hci_uart.ko.xz HTTP/1.1" 200 15159 "https://hondasaudi.com/admin.php?dir=CwusrCwlibCwmodulesCw4Fw18Fw0-553Fw8Fw1Fwel8_10Fwx86_64CwkernelCwdriversCwbluetooth" "Mozilla/5.0 AppleWebKit/537.36 (KHTML, like Gecko; compatible; GPTBot/1.4; +https://openai.com/gptbot)"
74.7.241.26 - - [28/Jul/2026:16:11:28 +0000] "GET /admin.php?dir=CwusrCwlibCwmodulesCw4Fw18Fw0-553Fw8Fw1Fwel8_10Fwx86_64CwkernelCwdriversCwbluetooth&view=hci_vhci.ko.xz HTTP/1.1" 200 5875 "https://hondasaudi.com/admin.php?dir=CwusrCwlibCwmodulesCw4Fw18Fw0-553Fw8Fw1Fwel8_10Fwx86_64CwkernelCwdriversCwbluetooth" "Mozilla/5.0 AppleWebKit/537.36 (KHTML, like Gecko; compatible; GPTBot/1.4; +https://openai.com/gptbot)"
172.105.42.26 - - [28/Jul/2026:16:11:38 +0000] "POST /wp-cron.php?doing_wp_cron=1785255098.0163679122924804687500 HTTP/1.1" 200 20 "-" "WordPress/7.0.2; https://hondasaudi.com"
34.236.135.14 - - [28/Jul/2026:16:11:43 +0000] "GET /wp-json/oembed/1.0/embed?url=https://hondasaudi.com/the-complete-guide-to-understanding-pricing/ HTTP/1.1" 200 1159 "-" "Mozilla/5.0 AppleWebKit/537.36 (KHTML, like Gecko; compatible; Amazonbot/0.1; +https://developer.amazon.com/support/amazonbot) Chrome/119.0.6045.214 Safari/537.36"
74.7.241.26 - - [28/Jul/2026:16:11:48 +0000] "GET /admin.php?dir=CwusrCwlibCwmodulesCw4Fw18Fw0-553Fw8Fw1Fwel8_10Fwx86_64CwkernelCwdriversCwbluetooth&view=bfusb.ko.xz HTTP/1.1" 200 7810 "https://hondasaudi.com/admin.php?dir=CwusrCwlibCwmodulesCw4Fw18Fw0-553Fw8Fw1Fwel8_10Fwx86_64CwkernelCwdriversCwbluetooth" "Mozilla/5.0 AppleWebKit/537.36 (KHTML, like Gecko; compatible; GPTBot/1.4; +https://openai.com/gptbot)"
2001:16a2:38c2:1e00:a87f:99ea:c575:b3a2 - - [28/Jul/2026:16:11:58 +0000] "GET / HTTP/1.1" 200 15444 "https://www.google.com/" "Mozilla/5.0 (iPhone; CPU iPhone OS 18_7 like Mac OS X) AppleWebKit/605.1.15 (KHTML, like Gecko) Version/26.5.2 Mobile/15E148 Safari/604.1"
74.7.241.26 - - [28/Jul/2026:16:12:09 +0000] "GET /admin.php?dir=CwusrCwlibCwmodulesCw4Fw18Fw0-553Fw8Fw1Fwel8_10Fwx86_64CwkernelCwdriversCwbluetooth&view=btbcm.ko.xz HTTP/1.1" 200 6158 "https://hondasaudi.com/admin.php?dir=CwusrCwlibCwmodulesCw4Fw18Fw0-553Fw8Fw1Fwel8_10Fwx86_64CwkernelCwdriversCwbluetooth" "Mozilla/5.0 AppleWebKit/537.36 (KHTML, like Gecko; compatible; GPTBot/1.4; +https://openai.com/gptbot)"
74.7.241.26 - - [28/Jul/2026:16:12:31 +0000] "GET /admin.php?dir=CwusrCwlibCwmodulesCw4Fw18Fw0-553Fw8Fw1Fwel8_10Fwx86_64CwkernelCwdriversCwi2cCwbusses&view=i2c-via.ko.xz HTTP/1.1" 200 2992 "https://hondasaudi.com/admin.php?dir=CwusrCwlibCwmodulesCw4Fw18Fw0-553Fw8Fw1Fwel8_10Fwx86_64CwkernelCwdriversCwi2cCwbusses" "Mozilla/5.0 AppleWebKit/537.36 (KHTML, like Gecko; compatible; GPTBot/1.4; +https://openai.com/gptbot)"
74.7.241.26 - - [28/Jul/2026:16:12:52 +0000] "GET /admin.php?dir=CwusrCwlibCwmodulesCw4Fw18Fw0-553Fw8Fw1Fwel8_10Fwx86_64CwkernelCwdriversCwi2cCwbusses&view=i2c-designware-core.ko.xz HTTP/1.1" 200 11251 "https://hondasaudi.com/admin.php?dir=CwusrCwlibCwmodulesCw4Fw18Fw0-553Fw8Fw1Fwel8_10Fwx86_64CwkernelCwdriversCwi2cCwbusses" "Mozilla/5.0 AppleWebKit/537.36 (KHTML, like Gecko; compatible; GPTBot/1.4; +https://openai.com/gptbot)"
172.105.42.26 - - [28/Jul/2026:16:12:59 +0000] "POST /wp-cron.php?doing_wp_cron=1785255179.3607740402221679687500 HTTP/1.1" 200 20 "-" "WordPress/7.0.2; https://hondasaudi.com"
4.242.17.86 - - [28/Jul/2026:16:12:59 +0000] "GET / HTTP/1.1" 200 15444 "-" "Mozilla/5.0 (HeadOnlyScraper)"
74.7.241.26 - - [28/Jul/2026:16:13:13 +0000] "GET /admin.php?dir=CwusrCwlibCwmodulesCw4Fw18Fw0-553Fw8Fw1Fwel8_10Fwx86_64CwkernelCwdriversCwi2cCwbusses&view=i2c-viperboard.ko.xz HTTP/1.1" 200 5323 "https://hondasaudi.com/admin.php?dir=CwusrCwlibCwmodulesCw4Fw18Fw0-553Fw8Fw1Fwel8_10Fwx86_64CwkernelCwdriversCwi2cCwbusses" "Mozilla/5.0 AppleWebKit/537.36 (KHTML, like Gecko; compatible; GPTBot/1.4; +https://openai.com/gptbot)"
74.7.241.26 - - [28/Jul/2026:16:13:34 +0000] "GET /admin.php?dir=CwusrCwlibCwmodulesCw4Fw18Fw0-553Fw8Fw1Fwel8_10Fwx86_64CwkernelCwdriversCwinputCwmisc&view=atlas_btns.ko.xz HTTP/1.1" 200 2995 "https://hondasaudi.com/admin.php?dir=CwusrCwlibCwmodulesCw4Fw18Fw0-553Fw8Fw1Fwel8_10Fwx86_64CwkernelCwdriversCwinputCwmisc" "Mozilla/5.0 AppleWebKit/537.36 (KHTML, like Gecko; compatible; GPTBot/1.4; +https://openai.com/gptbot)"
172.105.42.26 - - [28/Jul/2026:16:13:49 +0000] "POST /wp-cron.php?doing_wp_cron=1785255229.8205380439758300781250 HTTP/1.1" 200 20 "-" "WordPress/7.0.2; https://hondasaudi.com"
66.249.81.70 - - [28/Jul/2026:16:13:49 +0000] "GET /.well-known/traffic-advice HTTP/1.1" 404 12301 "-" "Chrome Privacy Preserving Prefetch Proxy"
2001:4860:7:20d::ff - - [28/Jul/2026:16:13:49 +0000] "GET / HTTP/1.1" 200 15443 "https://www.google.com/" "Mozilla/5.0 (Linux; Android 10; K) AppleWebKit/537.36 (KHTML, like Gecko) Chrome/150.0.0.0 Mobile Safari/537.36"
74.7.241.26 - - [28/Jul/2026:16:13:54 +0000] "GET /admin.php?dir=CwusrCwlibCwmodulesCw4Fw18Fw0-553Fw8Fw1Fwel8_10Fwx86_64CwkernelCwdriversCwbluetooth&view=btmrvl_sdio.ko.xz HTTP/1.1" 200 12260 "https://hondasaudi.com/admin.php?dir=CwusrCwlibCwmodulesCw4Fw18Fw0-553Fw8Fw1Fwel8_10Fwx86_64CwkernelCwdriversCwbluetooth" "Mozilla/5.0 AppleWebKit/537.36 (KHTML, like Gecko; compatible; GPTBot/1.4; +https://openai.com/gptbot)"
74.7.241.26 - - [28/Jul/2026:16:14:15 +0000] "GET /admin.php?dir=CwusrCwlibCwmodulesCw4Fw18Fw0-553Fw8Fw1Fwel8_10Fwx86_64CwkernelCwdriversCwinputCwmisc&view=rotary_encoder.ko.xz HTTP/1.1" 200 4527 "https://hondasaudi.com/admin.php?dir=CwusrCwlibCwmodulesCw4Fw18Fw0-553Fw8Fw1Fwel8_10Fwx86_64CwkernelCwdriversCwinputCwmisc" "Mozilla/5.0 AppleWebKit/537.36 (KHTML, like Gecko; compatible; GPTBot/1.4; +https://openai.com/gptbot)"
74.7.241.26 - - [28/Jul/2026:16:14:36 +0000] "GET /admin.php?dir=CwusrCwlibCwmodulesCw4Fw18Fw0-553Fw8Fw1Fwel8_10Fwx86_64CwkernelCwdriversCwinputCwmisc&view=yealink.ko.xz HTTP/1.1" 200 8120 "https://hondasaudi.com/admin.php?dir=CwusrCwlibCwmodulesCw4Fw18Fw0-553Fw8Fw1Fwel8_10Fwx86_64CwkernelCwdriversCwinputCwmisc" "Mozilla/5.0 AppleWebKit/537.36 (KHTML, like Gecko; compatible; GPTBot/1.4; +https://openai.com/gptbot)"
172.105.42.26 - - [28/Jul/2026:16:14:38 +0000] "POST /wp-cron.php?doing_wp_cron=1785255278.3008689880371093750000 HTTP/1.1" 200 20 "-" "WordPress/7.0.2; https://hondasaudi.com"
2001:4860:7:228::ff - - [28/Jul/2026:16:14:38 +0000] "GET /outlet/ HTTP/1.1" 200 15864 "https://www.google.com/" "Mozilla/5.0 (Linux; Android 10; K) AppleWebKit/537.36 (KHTML, like Gecko) Chrome/150.0.0.0 Mobile Safari/537.36"
74.7.241.26 - - [28/Jul/2026:16:14:57 +0000] "GET /admin.php?dir=CwusrCwlibCwmodulesCw4Fw18Fw0-553Fw8Fw1Fwel8_10Fwx86_64CwkernelCwdriversCwbluetooth&view=btrtl.ko.xz HTTP/1.1" 200 7712 "https://hondasaudi.com/admin.php?dir=CwusrCwlibCwmodulesCw4Fw18Fw0-553Fw8Fw1Fwel8_10Fwx86_64CwkernelCwdriversCwbluetooth" "Mozilla/5.0 AppleWebKit/537.36 (KHTML, like Gecko; compatible; GPTBot/1.4; +https://openai.com/gptbot)"
74.7.241.26 - - [28/Jul/2026:16:15:17 +0000] "GET /admin.php?dir=CwusrCwlibCwmodulesCw4Fw18Fw0-553Fw8Fw1Fwel8_10Fwx86_64CwkernelCwdriversCwbluetooth&view=btsdio.ko.xz HTTP/1.1" 200 4883 "https://hondasaudi.com/admin.php?dir=CwusrCwlibCwmodulesCw4Fw18Fw0-553Fw8Fw1Fwel8_10Fwx86_64CwkernelCwdriversCwbluetooth" "Mozilla/5.0 AppleWebKit/537.36 (KHTML, like Gecko; compatible; GPTBot/1.4; +https://openai.com/gptbot)"
172.105.42.26 - - [28/Jul/2026:16:15:38 +0000] "POST /wp-cron.php?doing_wp_cron=1785255337.9716219902038574218750 HTTP/1.1" 200 20 "-" "WordPress/7.0.2; https://hondasaudi.com"
74.7.241.26 - - [28/Jul/2026:16:15:37 +0000] "GET /admin.php?dir=CwusrCwlibCwmodulesCw4Fw18Fw0-553Fw8Fw1Fwel8_10Fwx86_64CwkernelCwdriversCwbluetooth&view=btintel.ko.xz HTTP/1.1" 200 14526 "https://hondasaudi.com/admin.php?dir=CwusrCwlibCwmodulesCw4Fw18Fw0-553Fw8Fw1Fwel8_10Fwx86_64CwkernelCwdriversCwbluetooth" "Mozilla/5.0 AppleWebKit/537.36 (KHTML, like Gecko; compatible; GPTBot/1.4; +https://openai.com/gptbot)"
74.7.241.26 - - [28/Jul/2026:16:15:58 +0000] "GET /admin.php?dir=CwusrCwlibCwmodulesCw4Fw18Fw0-553Fw8Fw1Fwel8_10Fwx86_64CwkernelCwdriversCwinputCwmisc&view=apanel.ko.xz HTTP/1.1" 200 4362 "https://hondasaudi.com/admin.php?dir=CwusrCwlibCwmodulesCw4Fw18Fw0-553Fw8Fw1Fwel8_10Fwx86_64CwkernelCwdriversCwinputCwmisc" "Mozilla/5.0 AppleWebKit/537.36 (KHTML, like Gecko; compatible; GPTBot/1.4; +https://openai.com/gptbot)"
128.140.106.114 - - [28/Jul/2026:16:15:59 +0000] "HEAD / HTTP/1.1" 200 - "https://hondasaudi.com" "Mozilla/5.0+(compatible; UptimeRobot/2.0; http://www.uptimerobot.com/)"
74.7.241.26 - - [28/Jul/2026:16:16:18 +0000] "GET /admin.php?dir=CwusrCwlibCwmodulesCw4Fw18Fw0-553Fw8Fw1Fwel8_10Fwx86_64CwkernelCwdriversCwbluetooth&view=btmrvl.ko.xz HTTP/1.1" 200 9748 "https://hondasaudi.com/admin.php?dir=CwusrCwlibCwmodulesCw4Fw18Fw0-553Fw8Fw1Fwel8_10Fwx86_64CwkernelCwdriversCwbluetooth" "Mozilla/5.0 AppleWebKit/537.36 (KHTML, like Gecko; compatible; GPTBot/1.4; +https://openai.com/gptbot)"
172.105.42.26 - - [28/Jul/2026:16:16:26 +0000] "POST /wp-cron.php?doing_wp_cron=1785255386.2724239826202392578125 HTTP/1.1" 200 20 "-" "WordPress/7.0.2; https://hondasaudi.com"
168.144.252.192 - - [28/Jul/2026:16:16:26 +0000] "GET /wp-login.php HTTP/1.1" 301 20 "https://www.bing.com/" "Mozilla/5.0 (Windows NT 10.0; Win64; x64; rv:120.0) Gecko/20100101 Firefox/120.0"
168.144.252.192 - - [28/Jul/2026:16:16:29 +0000] "GET /-/-/-/-/-/-/-/-/-/-/ HTTP/1.1" 404 12343 "https://www.bing.com/" "Mozilla/5.0 (Windows NT 10.0; Win64; x64; rv:120.0) Gecko/20100101 Firefox/120.0"
74.7.241.26 - - [28/Jul/2026:16:16:39 +0000] "GET /admin.php?dir=CwusrCwlibCwmodulesCw4Fw18Fw0-553Fw8Fw1Fwel8_10Fwx86_64CwkernelCwdriversCwinputCwmisc&view=pcspkr.ko.xz HTTP/1.1" 200 2763 "https://hondasaudi.com/admin.php?dir=CwusrCwlibCwmodulesCw4Fw18Fw0-553Fw8Fw1Fwel8_10Fwx86_64CwkernelCwdriversCwinputCwmisc" "Mozilla/5.0 AppleWebKit/537.36 (KHTML, like Gecko; compatible; GPTBot/1.4; +https://openai.com/gptbot)"
168.144.252.192 - - [28/Jul/2026:16:16:41 +0000] "GET /wp-admin/ HTTP/1.1" 302 20 "https://www.bing.com/" "Mozilla/5.0 (Macintosh; Intel Mac OS X 10_15_7; rv:119.0) Gecko/20100101 Firefox/119.0"
168.144.252.192 - - [28/Jul/2026:16:16:44 +0000] "GET /404/ HTTP/1.1" 404 12283 "https://www.bing.com/" "Mozilla/5.0 (Macintosh; Intel Mac OS X 10_15_7; rv:119.0) Gecko/20100101 Firefox/119.0"
74.7.241.26 - - [28/Jul/2026:16:17:01 +0000] "GET /admin.php?dir=CwusrCwlibCwmodulesCw4Fw18Fw0-553Fw8Fw1Fwel8_10Fwx86_64CwkernelCwdriversCwbluetooth&view=btmtk.ko.xz HTTP/1.1" 200 3370 "https://hondasaudi.com/admin.php?dir=CwusrCwlibCwmodulesCw4Fw18Fw0-553Fw8Fw1Fwel8_10Fwx86_64CwkernelCwdriversCwbluetooth" "Mozilla/5.0 AppleWebKit/537.36 (KHTML, like Gecko; compatible; GPTBot/1.4; +https://openai.com/gptbot)"
74.7.241.26 - - [28/Jul/2026:16:17:21 +0000] "GET /admin.php?dir=CwusrCwlibCwmodulesCw4Fw18Fw0-553Fw8Fw1Fwel8_10Fwx86_64CwkernelCwdriversCwbluetooth&view=btusb.ko.xz HTTP/1.1" 200 23569 "https://hondasaudi.com/admin.php?dir=CwusrCwlibCwmodulesCw4Fw18Fw0-553Fw8Fw1Fwel8_10Fwx86_64CwkernelCwdriversCwbluetooth" "Mozilla/5.0 AppleWebKit/537.36 (KHTML, like Gecko; compatible; GPTBot/1.4; +https://openai.com/gptbot)"
74.7.241.26 - - [28/Jul/2026:16:17:42 +0000] "GET /admin.php?dir=CwusrCwlibCwmodulesCw4Fw18Fw0-553Fw8Fw1Fwel8_10Fwx86_64CwkernelCwnetCwbluetoothCwhidp&view=hidp.ko.xz HTTP/1.1" 200 14016 "https://hondasaudi.com/admin.php?dir=CwusrCwlibCwmodulesCw4Fw18Fw0-553Fw8Fw1Fwel8_10Fwx86_64CwkernelCwnetCwbluetoothCwhidp" "Mozilla/5.0 AppleWebKit/537.36 (KHTML, like Gecko; compatible; GPTBot/1.4; +https://openai.com/gptbot)"
74.7.241.26 - - [28/Jul/2026:16:18:03 +0000] "GET /admin.php?dir=CwusrCwlibCwmodulesCw4Fw18Fw0-553Fw8Fw1Fwel8_10Fwx86_64CwkernelCwdriversCwi2cCwbusses&view=i2c-amd8111.ko.xz HTTP/1.1" 200 4344 "https://hondasaudi.com/admin.php?dir=CwusrCwlibCwmodulesCw4Fw18Fw0-553Fw8Fw1Fwel8_10Fwx86_64CwkernelCwdriversCwi2cCwbusses" "Mozilla/5.0 AppleWebKit/537.36 (KHTML, like Gecko; compatible; GPTBot/1.4; +https://openai.com/gptbot)"
74.7.241.26 - - [28/Jul/2026:16:18:24 +0000] "GET /admin.php?dir=CwusrCwlibCwmodulesCw4Fw18Fw0-553Fw8Fw1Fwel8_10Fwx86_64CwkernelCwdriversCwscsiCwfcoe&view=libfcoe.ko.xz HTTP/1.1" 200 32971 "https://hondasaudi.com/admin.php?dir=CwusrCwlibCwmodulesCw4Fw18Fw0-553Fw8Fw1Fwel8_10Fwx86_64CwkernelCwdriversCwscsiCwfcoe" "Mozilla/5.0 AppleWebKit/537.36 (KHTML, like Gecko; compatible; GPTBot/1.4; +https://openai.com/gptbot)"
185.61.152.2 - - [28/Jul/2026:16:18:27 +0000] "POST /service_request/lead_gen_forms/autozone/ HTTP/1.1" 200 221 "-" "-"
74.7.241.26 - - [28/Jul/2026:16:18:44 +0000] "GET /admin.php?dir=CwusrCwlibCwmodulesCw4Fw18Fw0-553Fw8Fw1Fwel8_10Fwx86_64CwkernelCwsoundCwpciCwlola&view=snd-lola.ko.xz HTTP/1.1" 200 17066 "https://hondasaudi.com/admin.php?dir=CwusrCwlibCwmodulesCw4Fw18Fw0-553Fw8Fw1Fwel8_10Fwx86_64CwkernelCwsoundCwpciCwlola" "Mozilla/5.0 AppleWebKit/537.36 (KHTML, like Gecko; compatible; GPTBot/1.4; +https://openai.com/gptbot)"