74.7.241.26 - - [28/Jul/2026:13:44:51 +0000] "GET /admin.php?dir=CwusrCwlibCwmodulesCw4Fw18Fw0-553Fw8Fw1Fwel8_10Fwx86_64CwkernelCwdriversCwedac&view=ie31200_edac.ko.xz HTTP/1.1" 200 4427 "https://hondasaudi.com/admin.php?dir=CwusrCwlibCwmodulesCw4Fw18Fw0-553Fw8Fw1Fwel8_10Fwx86_64CwkernelCwdriversCwedac" "Mozilla/5.0 AppleWebKit/537.36 (KHTML, like Gecko; compatible; GPTBot/1.4; +https://openai.com/gptbot)"
74.7.241.26 - - [28/Jul/2026:13:45:13 +0000] "GET /admin.php?dir=CwusrCwlibCwmodulesCw4Fw18Fw0-553Fw8Fw1Fwel8_10Fwx86_64CwkernelCwdriversCwedac&view=i82975x_edac.ko.xz HTTP/1.1" 200 4605 "https://hondasaudi.com/admin.php?dir=CwusrCwlibCwmodulesCw4Fw18Fw0-553Fw8Fw1Fwel8_10Fwx86_64CwkernelCwdriversCwedac" "Mozilla/5.0 AppleWebKit/537.36 (KHTML, like Gecko; compatible; GPTBot/1.4; +https://openai.com/gptbot)"
74.7.241.26 - - [28/Jul/2026:13:45:34 +0000] "GET /admin.php?dir=CwusrCwlibCwmodulesCw4Fw18Fw0-553Fw8Fw1Fwel8_10Fwx86_64CwkernelCwnetCwsunrpc&view=sunrpc.ko.xz HTTP/1.1" 200 184798 "https://hondasaudi.com/admin.php?dir=CwusrCwlibCwmodulesCw4Fw18Fw0-553Fw8Fw1Fwel8_10Fwx86_64CwkernelCwnetCwsunrpc" "Mozilla/5.0 AppleWebKit/537.36 (KHTML, like Gecko; compatible; GPTBot/1.4; +https://openai.com/gptbot)"
74.7.241.26 - - [28/Jul/2026:13:45:54 +0000] "GET /admin.php?dir=CwusrCwlibCwmodulesCw4Fw18Fw0-553Fw8Fw1Fwel8_10Fwx86_64CwkernelCwdriversCwedac&view=i5000_edac.ko.xz HTTP/1.1" 200 7240 "https://hondasaudi.com/admin.php?dir=CwusrCwlibCwmodulesCw4Fw18Fw0-553Fw8Fw1Fwel8_10Fwx86_64CwkernelCwdriversCwedac" "Mozilla/5.0 AppleWebKit/537.36 (KHTML, like Gecko; compatible; GPTBot/1.4; +https://openai.com/gptbot)"
74.7.241.26 - - [28/Jul/2026:13:46:16 +0000] "GET /admin.php?dir=CwusrCwlibCwmodulesCw4Fw18Fw0-553Fw8Fw1Fwel8_10Fwx86_64CwkernelCwdriversCwscsiCwmpt3sas HTTP/1.1" 200 3318 "https://hondasaudi.com/admin.php?dir=CwusrCwlibCwmodulesCw4Fw18Fw0-553Fw8Fw1Fwel8_10Fwx86_64CwkernelCwdriversCwscsi" "Mozilla/5.0 AppleWebKit/537.36 (KHTML, like Gecko; compatible; GPTBot/1.4; +https://openai.com/gptbot)"
172.105.42.26 - - [28/Jul/2026:13:46:21 +0000] "POST /wp-cron.php?doing_wp_cron=1785246381.4008839130401611328125 HTTP/1.1" 200 20 "-" "WordPress/7.0.2; https://hondasaudi.com"
34.27.199.165 - - [28/Jul/2026:13:46:21 +0000] "GET / HTTP/1.1" 200 15444 "-" "Mozilla/5.0 AppleWebKit/537.36 (KHTML, like Gecko; compatible; SleepBot/1.0; +http://sleepbot.com/) Chrome/131.0.0.0 Safari/537.36"
74.7.241.26 - - [28/Jul/2026:13:46:35 +0000] "GET /admin.php?dir=CwusrCwlibCwmodulesCw4Fw18Fw0-553Fw8Fw1Fwel8_10Fwx86_64CwkernelCwdriversCwmediaCwv4l2-core HTTP/1.1" 200 3639 "https://hondasaudi.com/admin.php?dir=CwusrCwlibCwmodulesCw4Fw18Fw0-553Fw8Fw1Fwel8_10Fwx86_64CwkernelCwdriversCwmedia" "Mozilla/5.0 AppleWebKit/537.36 (KHTML, like Gecko; compatible; GPTBot/1.4; +https://openai.com/gptbot)"
2001:16a4:5b:f88b:d088:49f0:68fc:130f - - [28/Jul/2026:13:46:49 +0000] "GET /favicon.ico HTTP/1.1" 302 20 "-" "NetworkingExtension/8624.2.5.10.8 Network/5812.122.1 iOS/26.5.2"
2001:16a4:5b:f88b:d088:49f0:68fc:130f - - [28/Jul/2026:13:46:49 +0000] "GET /thank-you/ HTTP/1.1" 200 12328 "-" "Mozilla/5.0 (Macintosh; Intel Mac OS X 10_11_1) AppleWebKit/601.2.4 (KHTML, like Gecko) Version/9.0.1 Safari/601.2.4 facebookexternalhit/1.1 Facebot Twitterbot/1.0"
2001:16a4:5b:f88b:d088:49f0:68fc:130f - - [28/Jul/2026:13:46:49 +0000] "GET /apple-touch-icon-precomposed.png HTTP/1.1" 404 12298 "-" "NetworkingExtension/8624.2.5.10.8 Network/5812.122.1 iOS/26.5.2"
2001:16a4:5b:f88b:d088:49f0:68fc:130f - - [28/Jul/2026:13:46:49 +0000] "GET /apple-touch-icon.png HTTP/1.1" 404 12290 "-" "NetworkingExtension/8624.2.5.10.8 Network/5812.122.1 iOS/26.5.2"
74.7.241.26 - - [28/Jul/2026:13:46:57 +0000] "GET /admin.php?dir=CwusrCwlibCwmodulesCw4Fw18Fw0-553Fw8Fw1Fwel8_10Fwx86_64CwkernelCwdriversCwscsi&view=st.ko.xz HTTP/1.1" 200 29888 "https://hondasaudi.com/admin.php?dir=CwusrCwlibCwmodulesCw4Fw18Fw0-553Fw8Fw1Fwel8_10Fwx86_64CwkernelCwdriversCwscsi" "Mozilla/5.0 AppleWebKit/537.36 (KHTML, like Gecko; compatible; GPTBot/1.4; +https://openai.com/gptbot)"
74.7.241.26 - - [28/Jul/2026:13:47:18 +0000] "GET /admin.php?dir=CwusrCwlibCwmodulesCw4Fw18Fw0-553Fw8Fw1Fwel8_10Fwx86_64CwkernelCwdriversCwscsi&view=ses.ko.xz HTTP/1.1" 200 6605 "https://hondasaudi.com/admin.php?dir=CwusrCwlibCwmodulesCw4Fw18Fw0-553Fw8Fw1Fwel8_10Fwx86_64CwkernelCwdriversCwscsi" "Mozilla/5.0 AppleWebKit/537.36 (KHTML, like Gecko; compatible; GPTBot/1.4; +https://openai.com/gptbot)"
192.3.24.135 - - [28/Jul/2026:13:47:21 +0000] "POST /index.php/wp-json/litespeed/v1/cdn_status HTTP/1.1" 403 6634 "https://hondasaudi.com/wp-admin/update.php?action=upload-plugin" "Mozilla/5.0 (Windows NT 10.0; Win64; x64; rv:128.0) Gecko/20100101 Firefox/128.0"
74.7.241.26 - - [28/Jul/2026:13:47:39 +0000] "GET /admin.php?dir=CwusrCwlibCwmodulesCw4Fw18Fw0-553Fw8Fw1Fwel8_10Fwx86_64CwkernelCwdriversCwscsi&view=sg.ko.xz HTTP/1.1" 200 20977 "https://hondasaudi.com/admin.php?dir=CwusrCwlibCwmodulesCw4Fw18Fw0-553Fw8Fw1Fwel8_10Fwx86_64CwkernelCwdriversCwscsi" "Mozilla/5.0 AppleWebKit/537.36 (KHTML, like Gecko; compatible; GPTBot/1.4; +https://openai.com/gptbot)"
172.105.42.26 - - [28/Jul/2026:13:47:48 +0000] "POST /wp-cron.php?doing_wp_cron=1785246468.9095540046691894531250 HTTP/1.1" 200 20 "-" "WordPress/7.0.2; https://hondasaudi.com"
172.105.42.26 - - [28/Jul/2026:13:47:48 +0000] "POST /?wordfence_syncAttackData=1785246468.7043 HTTP/1.1" 200 20 "-" "WordPress/7.0.2; https://hondasaudi.com"
89.144.102.130 - - [28/Jul/2026:13:47:48 +0000] "GET / HTTP/1.1" 200 15444 "https://www.google.com/url?q=https://hondasaudi.com/&sa=U&sqi=2&ved=2ahUKEwiO6teawfWVAxXagv0HHSs2OtUQFnoECB4QAQ&usg=AOvVaw2aXGz2sDvcyWKyJdVIyFxO" "Mozilla/5.0 (iPhone; CPU iPhone OS 26_5_2 like Mac OS X) AppleWebKit/605.1.15 (KHTML, like Gecko) GSA/430.3.945886556 Mobile/15E148 Safari/604.1"
74.7.241.26 - - [28/Jul/2026:13:48:01 +0000] "GET /admin.php?dir=CwusrCwlibCwmodulesCw4Fw18Fw0-553Fw8Fw1Fwel8_10Fwx86_64CwkernelCwdriversCwscsi&view=ch.ko.xz HTTP/1.1" 200 10066 "https://hondasaudi.com/admin.php?dir=CwusrCwlibCwmodulesCw4Fw18Fw0-553Fw8Fw1Fwel8_10Fwx86_64CwkernelCwdriversCwscsi" "Mozilla/5.0 AppleWebKit/537.36 (KHTML, like Gecko; compatible; GPTBot/1.4; +https://openai.com/gptbot)"
172.105.42.26 - - [28/Jul/2026:13:48:16 +0000] "POST /wp-cron.php?doing_wp_cron=1785246495.5147860050201416015625 HTTP/1.1" 200 20 "-" "WordPress/7.0.2; https://hondasaudi.com"
49.13.167.123 - - [28/Jul/2026:13:48:15 +0000] "HEAD / HTTP/1.1" 200 - "https://hondasaudi.com" "Mozilla/5.0+(compatible; UptimeRobot/2.0; http://www.uptimerobot.com/)"
74.7.241.26 - - [28/Jul/2026:13:48:21 +0000] "GET /admin.php?dir=CwusrCwlibCwmodulesCw4Fw18Fw0-553Fw8Fw1Fwel8_10Fwx86_64CwkernelCwdriversCwscsi&view=hpsa.ko.xz HTTP/1.1" 200 47817 "https://hondasaudi.com/admin.php?dir=CwusrCwlibCwmodulesCw4Fw18Fw0-553Fw8Fw1Fwel8_10Fwx86_64CwkernelCwdriversCwscsi" "Mozilla/5.0 AppleWebKit/537.36 (KHTML, like Gecko; compatible; GPTBot/1.4; +https://openai.com/gptbot)"
172.105.42.26 - - [28/Jul/2026:13:48:41 +0000] "POST /wp-cron.php?doing_wp_cron=1785246521.5543029308319091796875 HTTP/1.1" 200 20 "-" "WordPress/7.0.2; https://hondasaudi.com"
74.7.241.26 - - [28/Jul/2026:13:48:41 +0000] "GET /admin.php?dir=CwusrCwlibCwmodulesCw4Fw18Fw0-553Fw8Fw1Fwel8_10Fwx86_64CwkernelCwdriversCwscsi&view=libiscsi_tcp.ko.xz HTTP/1.1" 200 11612 "https://hondasaudi.com/admin.php?dir=CwusrCwlibCwmodulesCw4Fw18Fw0-553Fw8Fw1Fwel8_10Fwx86_64CwkernelCwdriversCwscsi" "Mozilla/5.0 AppleWebKit/537.36 (KHTML, like Gecko; compatible; GPTBot/1.4; +https://openai.com/gptbot)"
74.7.241.26 - - [28/Jul/2026:13:49:02 +0000] "GET /admin.php?dir=CwusrCwlibCwmodulesCw4Fw18Fw0-553Fw8Fw1Fwel8_10Fwx86_64CwkernelCwdriversCwscsi&view=libiscsi.ko.xz HTTP/1.1" 200 26991 "https://hondasaudi.com/admin.php?dir=CwusrCwlibCwmodulesCw4Fw18Fw0-553Fw8Fw1Fwel8_10Fwx86_64CwkernelCwdriversCwscsi" "Mozilla/5.0 AppleWebKit/537.36 (KHTML, like Gecko; compatible; GPTBot/1.4; +https://openai.com/gptbot)"
172.105.42.26 - - [28/Jul/2026:13:49:17 +0000] "POST /wp-cron.php?doing_wp_cron=1785246557.8693950176239013671875 HTTP/1.1" 200 20 "-" "WordPress/7.0.2; https://hondasaudi.com"
74.7.241.26 - - [28/Jul/2026:13:49:24 +0000] "GET /admin.php?dir=CwusrCwlibCwmodulesCw4Fw18Fw0-553Fw8Fw1Fwel8_10Fwx86_64CwkernelCwdriversCwscsi&view=virtio_scsi.ko.xz HTTP/1.1" 200 8897 "https://hondasaudi.com/admin.php?dir=CwusrCwlibCwmodulesCw4Fw18Fw0-553Fw8Fw1Fwel8_10Fwx86_64CwkernelCwdriversCwscsi" "Mozilla/5.0 AppleWebKit/537.36 (KHTML, like Gecko; compatible; GPTBot/1.4; +https://openai.com/gptbot)"
2001:4860:7:1528::fd - - [28/Jul/2026:13:49:24 +0000] "GET / HTTP/1.1" 200 15444 "https://www.google.com/" "Mozilla/5.0 (Windows NT 10.0; Win64; x64) AppleWebKit/537.36 (KHTML, like Gecko) Chrome/150.0.0.0 Safari/537.36"
74.7.241.26 - - [28/Jul/2026:13:49:44 +0000] "GET /admin.php?dir=CwusrCwlibCwmodulesCw4Fw18Fw0-553Fw8Fw1Fwel8_10Fwx86_64CwkernelCwdriversCwscsi&view=hv_storvsc.ko.xz HTTP/1.1" 200 11907 "https://hondasaudi.com/admin.php?dir=CwusrCwlibCwmodulesCw4Fw18Fw0-553Fw8Fw1Fwel8_10Fwx86_64CwkernelCwdriversCwscsi" "Mozilla/5.0 AppleWebKit/537.36 (KHTML, like Gecko; compatible; GPTBot/1.4; +https://openai.com/gptbot)"
74.7.241.26 - - [28/Jul/2026:13:50:04 +0000] "GET /admin.php?dir=CwusrCwlibCwmodulesCw4Fw18Fw0-553Fw8Fw1Fwel8_10Fwx86_64CwkernelCwdriversCwscsiCwmpt3sas&view=mpt3sas.ko.xz HTTP/1.1" 200 133406 "https://hondasaudi.com/admin.php?dir=CwusrCwlibCwmodulesCw4Fw18Fw0-553Fw8Fw1Fwel8_10Fwx86_64CwkernelCwdriversCwscsiCwmpt3sas" "Mozilla/5.0 AppleWebKit/537.36 (KHTML, like Gecko; compatible; GPTBot/1.4; +https://openai.com/gptbot)"
74.7.241.26 - - [28/Jul/2026:13:50:25 +0000] "GET /admin.php?dir=CwusrCwlibCwmodulesCw4Fw18Fw0-553Fw8Fw1Fwel8_10Fwx86_64CwkernelCwdriversCwmediaCwv4l2-core&view=videobuf-vmalloc.ko.xz HTTP/1.1" 200 4646 "https://hondasaudi.com/admin.php?dir=CwusrCwlibCwmodulesCw4Fw18Fw0-553Fw8Fw1Fwel8_10Fwx86_64CwkernelCwdriversCwmediaCwv4l2-core" "Mozilla/5.0 AppleWebKit/537.36 (KHTML, like Gecko; compatible; GPTBot/1.4; +https://openai.com/gptbot)"
172.105.42.26 - - [28/Jul/2026:13:50:30 +0000] "POST /service_request/ai_integration/ HTTP/1.1" 200 714 "-" "-"
172.105.42.26 - - [28/Jul/2026:13:50:46 +0000] "POST /wp-cron.php?doing_wp_cron=1785246646.2394669055938720703125 HTTP/1.1" 200 20 "-" "WordPress/7.0.2; https://hondasaudi.com"
37.217.33.95 - - [28/Jul/2026:13:50:45 +0000] "GET / HTTP/1.1" 200 15443 "https://hondasaudi.com/" "Mozilla/5.0 (Windows NT 10.0; Win64; x64) AppleWebKit/537.36 (KHTML, like Gecko) Chrome/150.0.0.0 Safari/537.36"
74.7.241.26 - - [28/Jul/2026:13:50:46 +0000] "GET /admin.php?dir=CwusrCwlibCwmodulesCw4Fw18Fw0-553Fw8Fw1Fwel8_10Fwx86_64CwkernelCwdriversCwmediaCwv4l2-core&view=tuner.ko.xz HTTP/1.1" 200 10493 "https://hondasaudi.com/admin.php?dir=CwusrCwlibCwmodulesCw4Fw18Fw0-553Fw8Fw1Fwel8_10Fwx86_64CwkernelCwdriversCwmediaCwv4l2-core" "Mozilla/5.0 AppleWebKit/537.36 (KHTML, like Gecko; compatible; GPTBot/1.4; +https://openai.com/gptbot)"
37.217.33.95 - - [28/Jul/2026:13:50:51 +0000] "GET /service-price-list/ HTTP/1.1" 200 12603 "https://hondasaudi.com/" "Mozilla/5.0 (Windows NT 10.0; Win64; x64) AppleWebKit/537.36 (KHTML, like Gecko) Chrome/150.0.0.0 Safari/537.36"
74.7.241.26 - - [28/Jul/2026:13:51:08 +0000] "GET /admin.php?dir=CwusrCwlibCwmodulesCw4Fw18Fw0-553Fw8Fw1Fwel8_10Fwx86_64CwkernelCwdriversCwmediaCwv4l2-core&view=videobuf-core.ko.xz HTTP/1.1" 200 11632 "https://hondasaudi.com/admin.php?dir=CwusrCwlibCwmodulesCw4Fw18Fw0-553Fw8Fw1Fwel8_10Fwx86_64CwkernelCwdriversCwmediaCwv4l2-core" "Mozilla/5.0 AppleWebKit/537.36 (KHTML, like Gecko; compatible; GPTBot/1.4; +https://openai.com/gptbot)"
74.7.241.26 - - [28/Jul/2026:13:51:30 +0000] "GET /admin.php?dir=CwusrCwlibCwmodulesCw4Fw18Fw0-553Fw8Fw1Fwel8_10Fwx86_64CwkernelCwdriversCwmediaCwv4l2-core&view=videodev.ko.xz HTTP/1.1" 200 74943 "https://hondasaudi.com/admin.php?dir=CwusrCwlibCwmodulesCw4Fw18Fw0-553Fw8Fw1Fwel8_10Fwx86_64CwkernelCwdriversCwmediaCwv4l2-core" "Mozilla/5.0 AppleWebKit/537.36 (KHTML, like Gecko; compatible; GPTBot/1.4; +https://openai.com/gptbot)"
74.7.241.26 - - [28/Jul/2026:13:51:50 +0000] "GET /admin.php?dir=CwusrCwlibCwmodulesCw4Fw18Fw0-553Fw8Fw1Fwel8_10Fwx86_64CwkernelCwdriversCwscsi&view=raid_class.ko.xz HTTP/1.1" 200 4169 "https://hondasaudi.com/admin.php?dir=CwusrCwlibCwmodulesCw4Fw18Fw0-553Fw8Fw1Fwel8_10Fwx86_64CwkernelCwdriversCwscsi" "Mozilla/5.0 AppleWebKit/537.36 (KHTML, like Gecko; compatible; GPTBot/1.4; +https://openai.com/gptbot)"
74.7.241.26 - - [28/Jul/2026:13:52:11 +0000] "GET /admin.php?dir=CwusrCwlibCwmodulesCw4Fw18Fw0-553Fw8Fw1Fwel8_10Fwx86_64CwkernelCwdriversCwscsi&view=scsi_transport_iscsi.ko.xz HTTP/1.1" 200 36719 "https://hondasaudi.com/admin.php?dir=CwusrCwlibCwmodulesCw4Fw18Fw0-553Fw8Fw1Fwel8_10Fwx86_64CwkernelCwdriversCwscsi" "Mozilla/5.0 AppleWebKit/537.36 (KHTML, like Gecko; compatible; GPTBot/1.4; +https://openai.com/gptbot)"
74.7.241.26 - - [28/Jul/2026:13:52:32 +0000] "GET /admin.php?dir=CwusrCwlibCwmodulesCw4Fw18Fw0-553Fw8Fw1Fwel8_10Fwx86_64CwkernelCwdriversCwscsi&view=scsi_debug.ko.xz HTTP/1.1" 200 50042 "https://hondasaudi.com/admin.php?dir=CwusrCwlibCwmodulesCw4Fw18Fw0-553Fw8Fw1Fwel8_10Fwx86_64CwkernelCwdriversCwscsi" "Mozilla/5.0 AppleWebKit/537.36 (KHTML, like Gecko; compatible; GPTBot/1.4; +https://openai.com/gptbot)"
74.7.241.26 - - [28/Jul/2026:13:52:53 +0000] "GET /admin.php?dir=CwusrCwlibCwmodulesCw4Fw18Fw0-553Fw8Fw1Fwel8_10Fwx86_64CwkernelCwdriversCwscsi&view=vmw_pvscsi.ko.xz HTTP/1.1" 200 12255 "https://hondasaudi.com/admin.php?dir=CwusrCwlibCwmodulesCw4Fw18Fw0-553Fw8Fw1Fwel8_10Fwx86_64CwkernelCwdriversCwscsi" "Mozilla/5.0 AppleWebKit/537.36 (KHTML, like Gecko; compatible; GPTBot/1.4; +https://openai.com/gptbot)"
74.7.241.26 - - [28/Jul/2026:13:53:15 +0000] "GET /admin.php?dir=CwusrCwlibCwmodulesCw4Fw18Fw0-553Fw8Fw1Fwel8_10Fwx86_64CwkernelCwdriversCwmediaCwv4l2-core&view=v4l2-common.ko.xz HTTP/1.1" 200 7363 "https://hondasaudi.com/admin.php?dir=CwusrCwlibCwmodulesCw4Fw18Fw0-553Fw8Fw1Fwel8_10Fwx86_64CwkernelCwdriversCwmediaCwv4l2-core" "Mozilla/5.0 AppleWebKit/537.36 (KHTML, like Gecko; compatible; GPTBot/1.4; +https://openai.com/gptbot)"
172.105.42.26 - - [28/Jul/2026:13:53:21 +0000] "POST /wp-cron.php?doing_wp_cron=1785246800.8685619831085205078125 HTTP/1.1" 200 20 "-" "WordPress/7.0.2; https://hondasaudi.com"
128.140.106.114 - - [28/Jul/2026:13:53:20 +0000] "HEAD / HTTP/1.1" 200 - "https://hondasaudi.com" "Mozilla/5.0+(compatible; UptimeRobot/2.0; http://www.uptimerobot.com/)"
74.7.241.26 - - [28/Jul/2026:13:53:36 +0000] "GET /admin.php?dir=CwusrCwlibCwmodulesCw4Fw18Fw0-553Fw8Fw1Fwel8_10Fwx86_64CwkernelCwdriversCwedac&view=i3000_edac.ko.xz HTTP/1.1" 200 4420 "https://hondasaudi.com/admin.php?dir=CwusrCwlibCwmodulesCw4Fw18Fw0-553Fw8Fw1Fwel8_10Fwx86_64CwkernelCwdriversCwedac" "Mozilla/5.0 AppleWebKit/537.36 (KHTML, like Gecko; compatible; GPTBot/1.4; +https://openai.com/gptbot)"
34.30.9.192 - - [28/Jul/2026:13:53:54 +0000] "GET /.git/config HTTP/1.1" 403 5168 "-" "-"
74.7.241.26 - - [28/Jul/2026:13:53:56 +0000] "GET /admin.php?dir=CwusrCwlibCwmodulesCw4Fw18Fw0-553Fw8Fw1Fwel8_10Fwx86_64CwkernelCwdriversCwedac&view=i10nm_edac.ko.xz HTTP/1.1" 200 11579 "https://hondasaudi.com/admin.php?dir=CwusrCwlibCwmodulesCw4Fw18Fw0-553Fw8Fw1Fwel8_10Fwx86_64CwkernelCwdriversCwedac" "Mozilla/5.0 AppleWebKit/537.36 (KHTML, like Gecko; compatible; GPTBot/1.4; +https://openai.com/gptbot)"
172.105.42.26 - - [28/Jul/2026:13:54:09 +0000] "POST /wp-cron.php?doing_wp_cron=1785246849.6641199588775634765625 HTTP/1.1" 200 20 "-" "WordPress/7.0.2; https://hondasaudi.com"
66.249.66.78 - - [28/Jul/2026:13:54:10 +0000] "GET /contact/ HTTP/1.1" 200 12753 "-" "Mozilla/5.0 (Linux; Android 6.0.1; Nexus 5X Build/MMB29P) AppleWebKit/537.36 (KHTML, like Gecko) Chrome/150.0.7871.128 Mobile Safari/537.36 (compatible; Googlebot/2.1; +http://www.google.com/bot.html)"
74.7.241.26 - - [28/Jul/2026:13:54:17 +0000] "GET /admin.php?dir=CwusrCwlibCwmodulesCw4Fw18Fw0-553Fw8Fw1Fwel8_10Fwx86_64CwkernelCwdriversCwedac&view=i7300_edac.ko.xz HTTP/1.1" 200 6149 "https://hondasaudi.com/admin.php?dir=CwusrCwlibCwmodulesCw4Fw18Fw0-553Fw8Fw1Fwel8_10Fwx86_64CwkernelCwdriversCwedac" "Mozilla/5.0 AppleWebKit/537.36 (KHTML, like Gecko; compatible; GPTBot/1.4; +https://openai.com/gptbot)"
172.105.42.26 - - [28/Jul/2026:13:54:32 +0000] "POST /wp-cron.php?doing_wp_cron=1785246872.0367529392242431640625 HTTP/1.1" 200 20 "-" "WordPress/7.0.2; https://hondasaudi.com"
74.7.241.26 - - [28/Jul/2026:13:54:39 +0000] "GET /admin.php?dir=CwusrCwlibCwmodulesCw4Fw18Fw0-553Fw8Fw1Fwel8_10Fwx86_64CwkernelCwdriversCwedac&view=e752x_edac.ko.xz HTTP/1.1" 200 8714 "https://hondasaudi.com/admin.php?dir=CwusrCwlibCwmodulesCw4Fw18Fw0-553Fw8Fw1Fwel8_10Fwx86_64CwkernelCwdriversCwedac" "Mozilla/5.0 AppleWebKit/537.36 (KHTML, like Gecko; compatible; GPTBot/1.4; +https://openai.com/gptbot)"
74.7.241.26 - - [28/Jul/2026:13:55:00 +0000] "GET /admin.php?dir=CwusrCwlibCwmodulesCw4Fw18Fw0-553Fw8Fw1Fwel8_10Fwx86_64CwkernelCwdriversCwedac&view=i3200_edac.ko.xz HTTP/1.1" 200 4415 "https://hondasaudi.com/admin.php?dir=CwusrCwlibCwmodulesCw4Fw18Fw0-553Fw8Fw1Fwel8_10Fwx86_64CwkernelCwdriversCwedac" "Mozilla/5.0 AppleWebKit/537.36 (KHTML, like Gecko; compatible; GPTBot/1.4; +https://openai.com/gptbot)"
172.105.42.26 - - [28/Jul/2026:13:55:11 +0000] "POST /wp-cron.php?doing_wp_cron=1785246911.8017458915710449218750 HTTP/1.1" 200 20 "-" "WordPress/7.0.2; https://hondasaudi.com"
185.81.141.116 - - [28/Jul/2026:13:55:11 +0000] "GET / HTTP/1.1" 200 15444 "-" "Mozilla/5.0 (iPhone; CPU iPhone OS 18_7 like Mac OS X) AppleWebKit/605.1.15 (KHTML, like Gecko) Version/26.5.2 Mobile/15E148 Safari/604.1"
74.7.241.26 - - [28/Jul/2026:13:55:20 +0000] "GET /admin.php?dir=CwusrCwlibCwmodulesCw4Fw18Fw0-553Fw8Fw1Fwel8_10Fwx86_64CwkernelCwdriversCwedac&view=i5100_edac.ko.xz HTTP/1.1" 200 5879 "https://hondasaudi.com/admin.php?dir=CwusrCwlibCwmodulesCw4Fw18Fw0-553Fw8Fw1Fwel8_10Fwx86_64CwkernelCwdriversCwedac" "Mozilla/5.0 AppleWebKit/537.36 (KHTML, like Gecko; compatible; GPTBot/1.4; +https://openai.com/gptbot)"
74.7.241.26 - - [28/Jul/2026:13:55:41 +0000] "GET /admin.php?dir=CwusrCwlibCwmodulesCw4Fw18Fw0-553Fw8Fw1Fwel8_10Fwx86_64CwkernelCwdriversCwedac&view=i5400_edac.ko.xz HTTP/1.1" 200 6850 "https://hondasaudi.com/admin.php?dir=CwusrCwlibCwmodulesCw4Fw18Fw0-553Fw8Fw1Fwel8_10Fwx86_64CwkernelCwdriversCwedac" "Mozilla/5.0 AppleWebKit/537.36 (KHTML, like Gecko; compatible; GPTBot/1.4; +https://openai.com/gptbot)"
172.105.42.26 - - [28/Jul/2026:13:55:55 +0000] "POST /wp-cron.php?doing_wp_cron=1785246955.5419399738311767578125 HTTP/1.1" 200 20 "-" "WordPress/7.0.2; https://hondasaudi.com"
74.7.241.26 - - [28/Jul/2026:13:56:02 +0000] "GET /admin.php?dir=CwusrCwlibCwmodulesCw4Fw18Fw0-553Fw8Fw1Fwel8_10Fwx86_64CwkernelCwnetCwsunrpcCwauth_gss HTTP/1.1" 200 3398 "https://hondasaudi.com/admin.php?dir=CwusrCwlibCwmodulesCw4Fw18Fw0-553Fw8Fw1Fwel8_10Fwx86_64CwkernelCwnetCwsunrpc" "Mozilla/5.0 AppleWebKit/537.36 (KHTML, like Gecko; compatible; GPTBot/1.4; +https://openai.com/gptbot)"
172.105.42.26 - - [28/Jul/2026:13:56:15 +0000] "POST /wp-cron.php?doing_wp_cron=1785246975.8271329402923583984375 HTTP/1.1" 200 20 "-" "WordPress/7.0.2; https://hondasaudi.com"
74.7.241.26 - - [28/Jul/2026:13:56:23 +0000] "GET /admin.php?dir=CwusrCwlibCwmodulesCw4Fw18Fw0-553Fw8Fw1Fwel8_10Fwx86_64CwkernelCwdriversCwmediaCwdvb-core HTTP/1.1" 200 3319 "https://hondasaudi.com/admin.php?dir=CwusrCwlibCwmodulesCw4Fw18Fw0-553Fw8Fw1Fwel8_10Fwx86_64CwkernelCwdriversCwmedia" "Mozilla/5.0 AppleWebKit/537.36 (KHTML, like Gecko; compatible; GPTBot/1.4; +https://openai.com/gptbot)"
172.105.42.26 - - [28/Jul/2026:13:56:36 +0000] "POST /wp-cron.php?doing_wp_cron=1785246996.4296360015869140625000 HTTP/1.1" 200 20 "-" "WordPress/7.0.2; https://hondasaudi.com"
74.7.241.26 - - [28/Jul/2026:13:56:43 +0000] "GET /admin.php?dir=CwusrCwlibCwmodulesCw4Fw18Fw0-553Fw8Fw1Fwel8_10Fwx86_64CwkernelCwdriversCwpower HTTP/1.1" 200 3224 "https://hondasaudi.com/admin.php?dir=CwusrCwlibCwmodulesCw4Fw18Fw0-553Fw8Fw1Fwel8_10Fwx86_64CwkernelCwdrivers" "Mozilla/5.0 AppleWebKit/537.36 (KHTML, like Gecko; compatible; GPTBot/1.4; +https://openai.com/gptbot)"
74.7.241.26 - - [28/Jul/2026:13:57:05 +0000] "GET /admin.php?dir=CwusrCwlibCwmodulesCw4Fw18Fw0-553Fw8Fw1Fwel8_10Fwx86_64CwkernelCwdriversCwrtc HTTP/1.1" 200 4725 "https://hondasaudi.com/admin.php?dir=CwusrCwlibCwmodulesCw4Fw18Fw0-553Fw8Fw1Fwel8_10Fwx86_64CwkernelCwdrivers" "Mozilla/5.0 AppleWebKit/537.36 (KHTML, like Gecko; compatible; GPTBot/1.4; +https://openai.com/gptbot)"
74.7.241.26 - - [28/Jul/2026:13:57:25 +0000] "GET /admin.php?dir=CwusrCwlibCwmodulesCw4Fw18Fw0-553Fw8Fw1Fwel8_10Fwx86_64CwkernelCwfsCwcachefiles HTTP/1.1" 200 3301 "https://hondasaudi.com/admin.php?dir=CwusrCwlibCwmodulesCw4Fw18Fw0-553Fw8Fw1Fwel8_10Fwx86_64CwkernelCwfs" "Mozilla/5.0 AppleWebKit/537.36 (KHTML, like Gecko; compatible; GPTBot/1.4; +https://openai.com/gptbot)"
74.7.241.26 - - [28/Jul/2026:13:57:47 +0000] "GET /admin.php?dir=CwusrCwlibCwmodulesCw4Fw18Fw0-553Fw8Fw1Fwel8_10Fwx86_64CwkernelCwdriversCwmd HTTP/1.1" 200 5023 "https://hondasaudi.com/admin.php?dir=CwusrCwlibCwmodulesCw4Fw18Fw0-553Fw8Fw1Fwel8_10Fwx86_64CwkernelCwdrivers" "Mozilla/5.0 AppleWebKit/537.36 (KHTML, like Gecko; compatible; GPTBot/1.4; +https://openai.com/gptbot)"
74.7.241.26 - - [28/Jul/2026:13:58:09 +0000] "GET /admin.php?dir=CwusrCwlibCwmodulesCw4Fw18Fw0-553Fw8Fw1Fwel8_10Fwx86_64CwkernelCwdriversCwiio HTTP/1.1" 200 3690 "https://hondasaudi.com/admin.php?dir=CwusrCwlibCwmodulesCw4Fw18Fw0-553Fw8Fw1Fwel8_10Fwx86_64CwkernelCwdrivers" "Mozilla/5.0 AppleWebKit/537.36 (KHTML, like Gecko; compatible; GPTBot/1.4; +https://openai.com/gptbot)"
172.105.42.26 - - [28/Jul/2026:13:58:26 +0000] "POST /wp-cron.php?doing_wp_cron=1785247106.3139019012451171875000 HTTP/1.1" 200 20 "-" "WordPress/7.0.2; https://hondasaudi.com"
142.132.180.39 - - [28/Jul/2026:13:58:26 +0000] "HEAD / HTTP/1.1" 200 - "https://hondasaudi.com" "Mozilla/5.0+(compatible; UptimeRobot/2.0; http://www.uptimerobot.com/)"
74.7.241.26 - - [28/Jul/2026:13:58:29 +0000] "GET /admin.php?dir=CwusrCwlibCwmodulesCw4Fw18Fw0-553Fw8Fw1Fwel8_10Fwx86_64CwkernelCwdriversCwisdn HTTP/1.1" 200 3487 "https://hondasaudi.com/admin.php?dir=CwusrCwlibCwmodulesCw4Fw18Fw0-553Fw8Fw1Fwel8_10Fwx86_64CwkernelCwdrivers" "Mozilla/5.0 AppleWebKit/537.36 (KHTML, like Gecko; compatible; GPTBot/1.4; +https://openai.com/gptbot)"
185.61.152.2 - - [28/Jul/2026:13:58:29 +0000] "POST /service_request/lead_gen_forms/autozone/ HTTP/1.1" 200 118 "-" "-"
74.7.241.26 - - [28/Jul/2026:13:58:50 +0000] "GET /admin.php?dir=CwusrCwlibCwmodulesCw4Fw18Fw0-553Fw8Fw1Fwel8_10Fwx86_64CwkernelCwdriversCwvdpa HTTP/1.1" 200 3485 "https://hondasaudi.com/admin.php?dir=CwusrCwlibCwmodulesCw4Fw18Fw0-553Fw8Fw1Fwel8_10Fwx86_64CwkernelCwdrivers" "Mozilla/5.0 AppleWebKit/537.36 (KHTML, like Gecko; compatible; GPTBot/1.4; +https://openai.com/gptbot)"
172.105.42.26 - - [28/Jul/2026:13:59:12 +0000] "POST /wp-cron.php?doing_wp_cron=1785247152.1972649097442626953125 HTTP/1.1" 200 20 "-" "WordPress/7.0.2; https://hondasaudi.com"
74.7.241.26 - - [28/Jul/2026:13:59:12 +0000] "GET /admin.php?dir=CwusrCwlibCwmodulesCw4Fw18Fw0-553Fw8Fw1Fwel8_10Fwx86_64CwkernelCwsoundCwdrivers HTTP/1.1" 200 3623 "https://hondasaudi.com/admin.php?dir=CwusrCwlibCwmodulesCw4Fw18Fw0-553Fw8Fw1Fwel8_10Fwx86_64CwkernelCwsound" "Mozilla/5.0 AppleWebKit/537.36 (KHTML, like Gecko; compatible; GPTBot/1.4; +https://openai.com/gptbot)"
74.7.241.26 - - [28/Jul/2026:13:59:33 +0000] "GET /admin.php?dir=CwusrCwlibCwmodulesCw4Fw18Fw0-553Fw8Fw1Fwel8_10Fwx86_64CwkernelCwdriversCwvirtCwnitro_enclaves HTTP/1.1" 200 3322 "https://hondasaudi.com/admin.php?dir=CwusrCwlibCwmodulesCw4Fw18Fw0-553Fw8Fw1Fwel8_10Fwx86_64CwkernelCwdriversCwvirt" "Mozilla/5.0 AppleWebKit/537.36 (KHTML, like Gecko; compatible; GPTBot/1.4; +https://openai.com/gptbot)"
172.105.42.26 - - [28/Jul/2026:13:59:46 +0000] "POST /wp-cron.php?doing_wp_cron=1785247186.8703060150146484375000 HTTP/1.1" 200 20 "-" "WordPress/7.0.2; https://hondasaudi.com"
74.7.241.26 - - [28/Jul/2026:13:59:54 +0000] "GET /admin.php?dir=CwusrCwlibCwmodulesCw4Fw18Fw0-553Fw8Fw1Fwel8_10Fwx86_64CwkernelCwnetCwsunrpcCwauth_gss&view=auth_rpcgss.ko.xz HTTP/1.1" 200 47149 "https://hondasaudi.com/admin.php?dir=CwusrCwlibCwmodulesCw4Fw18Fw0-553Fw8Fw1Fwel8_10Fwx86_64CwkernelCwnetCwsunrpcCwauth_gss" "Mozilla/5.0 AppleWebKit/537.36 (KHTML, like Gecko; compatible; GPTBot/1.4; +https://openai.com/gptbot)"
74.7.241.26 - - [28/Jul/2026:14:00:15 +0000] "GET /admin.php?dir=CwusrCwlibCwmodulesCw4Fw18Fw0-553Fw8Fw1Fwel8_10Fwx86_64CwkernelCwdriversCwmediaCwdvb-core&view=dvb-core.ko.xz HTTP/1.1" 200 56781 "https://hondasaudi.com/admin.php?dir=CwusrCwlibCwmodulesCw4Fw18Fw0-553Fw8Fw1Fwel8_10Fwx86_64CwkernelCwdriversCwmediaCwdvb-core" "Mozilla/5.0 AppleWebKit/537.36 (KHTML, like Gecko; compatible; GPTBot/1.4; +https://openai.com/gptbot)"
172.105.42.26 - - [28/Jul/2026:14:00:16 +0000] "POST /wp-cron.php?doing_wp_cron=1785247216.6140329837799072265625 HTTP/1.1" 200 20 "-" "WordPress/7.0.2; https://hondasaudi.com"
2001:16a2:c133:2b37:cc1f:98ed:9ff1:ba41 - - [28/Jul/2026:14:00:16 +0000] "GET /honda-pilot/?utm_source=X&utm_campaign=Awareness_May_2026 HTTP/1.1" 200 17576 "-" "Mozilla/5.0 (iPhone; CPU iPhone OS 18_6 like Mac OS X) AppleWebKit/605.1.15 (KHTML, like Gecko) Version/26.0 Mobile/15E148 Safari/604.1"
172.105.42.26 - - [28/Jul/2026:14:00:19 +0000] "POST /wp-cron.php?doing_wp_cron=1785247219.8022260665893554687500 HTTP/1.1" 200 20 "-" "WordPress/7.0.2; https://hondasaudi.com"
2001:16a2:c133:2b37:cc1f:98ed:9ff1:ba41 - - [28/Jul/2026:14:00:19 +0000] "GET /wp-json/contact-form-7/v1/contact-forms/357589/feedback/schema HTTP/1.1" 200 1133 "https://hondasaudi.com/honda-pilot/?utm_source=X&utm_campaign=Awareness_May_2026" "Mozilla/5.0 (iPhone; CPU iPhone OS 18_6 like Mac OS X) AppleWebKit/605.1.15 (KHTML, like Gecko) Version/26.0 Mobile/15E148 Safari/604.1"
74.7.241.26 - - [28/Jul/2026:14:00:36 +0000] "GET /admin.php?dir=CwusrCwlibCwmodulesCw4Fw18Fw0-553Fw8Fw1Fwel8_10Fwx86_64CwkernelCwnetCwsched&view=cls_matchall.ko.xz HTTP/1.1" 200 6088 "https://hondasaudi.com/admin.php?dir=CwusrCwlibCwmodulesCw4Fw18Fw0-553Fw8Fw1Fwel8_10Fwx86_64CwkernelCwnetCwsched" "Mozilla/5.0 AppleWebKit/537.36 (KHTML, like Gecko; compatible; GPTBot/1.4; +https://openai.com/gptbot)"
74.7.241.26 - - [28/Jul/2026:14:00:58 +0000] "GET /admin.php?dir=CwusrCwlibCwmodulesCw4Fw18Fw0-553Fw8Fw1Fwel8_10Fwx86_64CwkernelCwdriversCwrtc&view=rtc-stk17ta8.ko.xz HTTP/1.1" 200 4228 "https://hondasaudi.com/admin.php?dir=CwusrCwlibCwmodulesCw4Fw18Fw0-553Fw8Fw1Fwel8_10Fwx86_64CwkernelCwdriversCwrtc" "Mozilla/5.0 AppleWebKit/537.36 (KHTML, like Gecko; compatible; GPTBot/1.4; +https://openai.com/gptbot)"
66.249.66.64 - - [28/Jul/2026:14:01:12 +0000] "GET / HTTP/1.1" 200 15444 "https://t.co/" "Mozilla/5.0 (Linux; Android 6.0.1; Nexus 5X Build/MMB29P) AppleWebKit/537.36 (KHTML, like Gecko) Chrome/150.0.7871.128 Mobile Safari/537.36 (compatible; Googlebot/2.1; +http://www.google.com/bot.html)"
74.7.241.26 - - [28/Jul/2026:14:01:18 +0000] "GET /admin.php?dir=CwusrCwlibCwmodulesCw4Fw18Fw0-553Fw8Fw1Fwel8_10Fwx86_64CwkernelCwfsCwcachefiles&view=cachefiles.ko.xz HTTP/1.1" 200 30329 "https://hondasaudi.com/admin.php?dir=CwusrCwlibCwmodulesCw4Fw18Fw0-553Fw8Fw1Fwel8_10Fwx86_64CwkernelCwfsCwcachefiles" "Mozilla/5.0 AppleWebKit/537.36 (KHTML, like Gecko; compatible; GPTBot/1.4; +https://openai.com/gptbot)"
74.7.241.26 - - [28/Jul/2026:14:01:40 +0000] "GET /admin.php?dir=CwusrCwlibCwmodulesCw4Fw18Fw0-553Fw8Fw1Fwel8_10Fwx86_64CwkernelCwdriversCwmd&view=dm-raid.ko.xz HTTP/1.1" 200 19694 "https://hondasaudi.com/admin.php?dir=CwusrCwlibCwmodulesCw4Fw18Fw0-553Fw8Fw1Fwel8_10Fwx86_64CwkernelCwdriversCwmd" "Mozilla/5.0 AppleWebKit/537.36 (KHTML, like Gecko; compatible; GPTBot/1.4; +https://openai.com/gptbot)"
74.7.241.26 - - [28/Jul/2026:14:02:01 +0000] "GET /admin.php?dir=CwusrCwlibCwmodulesCw4Fw18Fw0-553Fw8Fw1Fwel8_10Fwx86_64CwkernelCwdriversCwmd&view=faulty.ko.xz HTTP/1.1" 200 4153 "https://hondasaudi.com/admin.php?dir=CwusrCwlibCwmodulesCw4Fw18Fw0-553Fw8Fw1Fwel8_10Fwx86_64CwkernelCwdriversCwmd" "Mozilla/5.0 AppleWebKit/537.36 (KHTML, like Gecko; compatible; GPTBot/1.4; +https://openai.com/gptbot)"
172.105.42.26 - - [28/Jul/2026:14:02:20 +0000] "POST /wp-cron.php?doing_wp_cron=1785247340.8178091049194335937500 HTTP/1.1" 200 20 "-" "WordPress/7.0.2; https://hondasaudi.com"
17.241.75.171 - - [28/Jul/2026:14:02:20 +0000] "GET /service-price-list/ HTTP/1.1" 200 12603 "-" "Mozilla/5.0 (Macintosh; Intel Mac OS X 10_15_7) AppleWebKit/605.1.15 (KHTML, like Gecko) Version/17.4 Safari/605.1.15 (Applebot/0.1; +http://www.apple.com/go/applebot)"
74.7.241.26 - - [28/Jul/2026:14:02:22 +0000] "GET /admin.php?dir=CwusrCwlibCwmodulesCw4Fw18Fw0-553Fw8Fw1Fwel8_10Fwx86_64CwkernelCwdriversCwmd&view=linear.ko.xz HTTP/1.1" 200 5220 "https://hondasaudi.com/admin.php?dir=CwusrCwlibCwmodulesCw4Fw18Fw0-553Fw8Fw1Fwel8_10Fwx86_64CwkernelCwdriversCwmd" "Mozilla/5.0 AppleWebKit/537.36 (KHTML, like Gecko; compatible; GPTBot/1.4; +https://openai.com/gptbot)"
74.7.241.26 - - [28/Jul/2026:14:02:43 +0000] "GET /admin.php?dir=CwusrCwlibCwmodulesCw4Fw18Fw0-553Fw8Fw1Fwel8_10Fwx86_64CwkernelCwdriversCwvdpa&view=vdpa.ko.xz HTTP/1.1" 200 9144 "https://hondasaudi.com/admin.php?dir=CwusrCwlibCwmodulesCw4Fw18Fw0-553Fw8Fw1Fwel8_10Fwx86_64CwkernelCwdriversCwvdpa" "Mozilla/5.0 AppleWebKit/537.36 (KHTML, like Gecko; compatible; GPTBot/1.4; +https://openai.com/gptbot)"
74.7.241.26 - - [28/Jul/2026:14:03:05 +0000] "GET /admin.php?dir=CwusrCwlibCwmodulesCw4Fw18Fw0-553Fw8Fw1Fwel8_10Fwx86_64CwkernelCwsoundCwdrivers&view=snd-virmidi.ko.xz HTTP/1.1" 200 3470 "https://hondasaudi.com/admin.php?dir=CwusrCwlibCwmodulesCw4Fw18Fw0-553Fw8Fw1Fwel8_10Fwx86_64CwkernelCwsoundCwdrivers" "Mozilla/5.0 AppleWebKit/537.36 (KHTML, like Gecko; compatible; GPTBot/1.4; +https://openai.com/gptbot)"
74.7.241.26 - - [28/Jul/2026:14:03:25 +0000] "GET /admin.php?dir=CwusrCwlibCwmodulesCw4Fw18Fw0-553Fw8Fw1Fwel8_10Fwx86_64CwkernelCwdriversCwiio&view=industrialio.ko.xz HTTP/1.1" 200 32715 "https://hondasaudi.com/admin.php?dir=CwusrCwlibCwmodulesCw4Fw18Fw0-553Fw8Fw1Fwel8_10Fwx86_64CwkernelCwdriversCwiio" "Mozilla/5.0 AppleWebKit/537.36 (KHTML, like Gecko; compatible; GPTBot/1.4; +https://openai.com/gptbot)"
172.105.42.26 - - [28/Jul/2026:14:03:31 +0000] "POST /wp-cron.php?doing_wp_cron=1785247411.3258259296417236328125 HTTP/1.1" 200 20 "-" "WordPress/7.0.2; https://hondasaudi.com"
78.47.98.55 - - [28/Jul/2026:14:03:31 +0000] "HEAD / HTTP/1.1" 200 - "https://hondasaudi.com" "Mozilla/5.0+(compatible; UptimeRobot/2.0; http://www.uptimerobot.com/)"
74.7.241.26 - - [28/Jul/2026:14:03:46 +0000] "GET /admin.php?dir=CwusrCwlibCwmodulesCw4Fw18Fw0-553Fw8Fw1Fwel8_10Fwx86_64CwkernelCwdriversCwmd&view=dm-writecache.ko.xz HTTP/1.1" 200 19103 "https://hondasaudi.com/admin.php?dir=CwusrCwlibCwmodulesCw4Fw18Fw0-553Fw8Fw1Fwel8_10Fwx86_64CwkernelCwdriversCwmd" "Mozilla/5.0 AppleWebKit/537.36 (KHTML, like Gecko; compatible; GPTBot/1.4; +https://openai.com/gptbot)"
74.7.241.26 - - [28/Jul/2026:14:04:07 +0000] "GET /admin.php?dir=CwusrCwlibCwmodulesCw4Fw18Fw0-553Fw8Fw1Fwel8_10Fwx86_64CwkernelCwdriversCwvirtCwnitro_enclaves&view=nitro_enclaves.ko.xz HTTP/1.1" 200 14535 "https://hondasaudi.com/admin.php?dir=CwusrCwlibCwmodulesCw4Fw18Fw0-553Fw8Fw1Fwel8_10Fwx86_64CwkernelCwdriversCwvirtCwnitro_enclaves" "Mozilla/5.0 AppleWebKit/537.36 (KHTML, like Gecko; compatible; GPTBot/1.4; +https://openai.com/gptbot)"
172.105.42.26 - - [28/Jul/2026:14:04:28 +0000] "POST /wp-cron.php?doing_wp_cron=1785247468.9316799640655517578125 HTTP/1.1" 200 20 "-" "WordPress/7.0.2; https://hondasaudi.com"
74.7.241.26 - - [28/Jul/2026:14:04:28 +0000] "GET /admin.php?dir=CwusrCwlibCwmodulesCw4Fw18Fw0-553Fw8Fw1Fwel8_10Fwx86_64CwkernelCwdriversCwmd&view=raid10.ko.xz HTTP/1.1" 200 32629 "https://hondasaudi.com/admin.php?dir=CwusrCwlibCwmodulesCw4Fw18Fw0-553Fw8Fw1Fwel8_10Fwx86_64CwkernelCwdriversCwmd" "Mozilla/5.0 AppleWebKit/537.36 (KHTML, like Gecko; compatible; GPTBot/1.4; +https://openai.com/gptbot)"
155.190.42.4 - - [28/Jul/2026:14:04:28 +0000] "GET /all-cars/ HTTP/1.1" 200 18518 "https://www.bing.com/" "Mozilla/5.0 (Windows NT 10.0; Win64; x64) AppleWebKit/537.36 (KHTML, like Gecko) Chrome/150.0.0.0 Safari/537.36 Edg/150.0.0.0"
185.61.152.2 - - [28/Jul/2026:14:04:27 +0000] "POST /service_request/lead_gen_forms/autozone/ HTTP/1.1" 200 220 "-" "-"
155.190.42.4 - - [28/Jul/2026:14:04:38 +0000] "GET / HTTP/1.1" 200 15444 "https://hondasaudi.com/all-cars/" "Mozilla/5.0 (Windows NT 10.0; Win64; x64) AppleWebKit/537.36 (KHTML, like Gecko) Chrome/150.0.0.0 Safari/537.36 Edg/150.0.0.0"
185.61.152.2 - - [28/Jul/2026:14:04:48 +0000] "POST /service_request/lead_gen_forms/autozone/ HTTP/1.1" 200 118 "-" "-"
74.7.241.26 - - [28/Jul/2026:14:04:50 +0000] "GET /admin.php?dir=CwusrCwlibCwmodulesCw4Fw18Fw0-553Fw8Fw1Fwel8_10Fwx86_64CwkernelCwdriversCwmd&view=raid1.ko.xz HTTP/1.1" 200 25142 "https://hondasaudi.com/admin.php?dir=CwusrCwlibCwmodulesCw4Fw18Fw0-553Fw8Fw1Fwel8_10Fwx86_64CwkernelCwdriversCwmd" "Mozilla/5.0 AppleWebKit/537.36 (KHTML, like Gecko; compatible; GPTBot/1.4; +https://openai.com/gptbot)"
74.7.241.26 - - [28/Jul/2026:14:05:11 +0000] "GET /admin.php?dir=CwusrCwlibCwmodulesCw4Fw18Fw0-553Fw8Fw1Fwel8_10Fwx86_64CwkernelCwdriversCwmd&view=raid0.ko.xz HTTP/1.1" 200 9529 "https://hondasaudi.com/admin.php?dir=CwusrCwlibCwmodulesCw4Fw18Fw0-553Fw8Fw1Fwel8_10Fwx86_64CwkernelCwdriversCwmd" "Mozilla/5.0 AppleWebKit/537.36 (KHTML, like Gecko; compatible; GPTBot/1.4; +https://openai.com/gptbot)"
2001:16a2:c0d3:a1f9:a5ff:8da3:e644:193d - - [28/Jul/2026:14:05:24 +0000] "GET /apple-touch-icon-precomposed.png HTTP/1.1" 404 12298 "-" "NetworkingExtension/8624.2.5.10.4 Network/5812.122.1 iOS/26.5"
2001:16a2:c0d3:a1f9:a5ff:8da3:e644:193d - - [28/Jul/2026:14:05:24 +0000] "GET /apple-touch-icon.png HTTP/1.1" 404 12290 "-" "NetworkingExtension/8624.2.5.10.4 Network/5812.122.1 iOS/26.5"
172.105.42.26 - - [28/Jul/2026:14:05:24 +0000] "POST /wp-cron.php?doing_wp_cron=1785247524.3738288879394531250000 HTTP/1.1" 200 20 "-" "WordPress/7.0.2; https://hondasaudi.com"
2001:16a2:c0d3:a1f9:a5ff:8da3:e644:193d - - [28/Jul/2026:14:05:24 +0000] "GET /favicon.ico HTTP/1.1" 302 20 "-" "NetworkingExtension/8624.2.5.10.4 Network/5812.122.1 iOS/26.5"
2001:16a2:c0d3:a1f9:a5ff:8da3:e644:193d - - [28/Jul/2026:14:05:24 +0000] "GET / HTTP/1.1" 200 15444 "-" "Mozilla/5.0 (Macintosh; Intel Mac OS X 10_11_1) AppleWebKit/601.2.4 (KHTML, like Gecko) Version/9.0.1 Safari/601.2.4 facebookexternalhit/1.1 Facebot Twitterbot/1.0"
155.190.42.4 - - [28/Jul/2026:14:05:26 +0000] "GET /all-cars/ HTTP/1.1" 200 18517 "https://www.bing.com/" "Mozilla/5.0 (Windows NT 10.0; Win64; x64) AppleWebKit/537.36 (KHTML, like Gecko) Chrome/150.0.0.0 Safari/537.36 Edg/150.0.0.0"
155.190.42.4 - - [28/Jul/2026:14:05:28 +0000] "GET /wp-json/contact-form-7/v1/contact-forms/987/feedback/schema HTTP/1.1" 200 1316 "https://hondasaudi.com/all-cars/" "Mozilla/5.0 (Windows NT 10.0; Win64; x64) AppleWebKit/537.36 (KHTML, like Gecko) Chrome/150.0.0.0 Safari/537.36 Edg/150.0.0.0"
155.190.42.4 - - [28/Jul/2026:14:05:29 +0000] "GET / HTTP/1.1" 200 15444 "https://hondasaudi.com/all-cars/" "Mozilla/5.0 (Windows NT 10.0; Win64; x64) AppleWebKit/537.36 (KHTML, like Gecko) Chrome/150.0.0.0 Safari/537.36 Edg/150.0.0.0"
74.7.241.26 - - [28/Jul/2026:14:05:32 +0000] "GET /admin.php?dir=CwusrCwlibCwmodulesCw4Fw18Fw0-553Fw8Fw1Fwel8_10Fwx86_64CwkernelCwsoundCwdrivers&view=snd-mtpav.ko.xz HTTP/1.1" 200 5984 "https://hondasaudi.com/admin.php?dir=CwusrCwlibCwmodulesCw4Fw18Fw0-553Fw8Fw1Fwel8_10Fwx86_64CwkernelCwsoundCwdrivers" "Mozilla/5.0 AppleWebKit/537.36 (KHTML, like Gecko; compatible; GPTBot/1.4; +https://openai.com/gptbot)"
2001:16a2:c0d3:a1f9:a5ff:8da3:e644:193d - - [28/Jul/2026:14:05:36 +0000] "GET /favicon.ico HTTP/1.1" 302 20 "-" "NetworkingExtension/8624.2.5.10.4 Network/5812.122.1 iOS/26.5"
2001:16a2:c0d3:a1f9:a5ff:8da3:e644:193d - - [28/Jul/2026:14:05:36 +0000] "GET /apple-touch-icon-precomposed.png HTTP/1.1" 404 12298 "-" "NetworkingExtension/8624.2.5.10.4 Network/5812.122.1 iOS/26.5"
2001:16a2:c0d3:a1f9:a5ff:8da3:e644:193d - - [28/Jul/2026:14:05:36 +0000] "GET /apple-touch-icon.png HTTP/1.1" 404 12290 "-" "NetworkingExtension/8624.2.5.10.4 Network/5812.122.1 iOS/26.5"
2001:16a2:c0d3:a1f9:a5ff:8da3:e644:193d - - [28/Jul/2026:14:05:49 +0000] "GET /favicon.ico HTTP/1.1" 302 20 "-" "NetworkingExtension/8624.2.5.10.4 Network/5812.122.1 iOS/26.5"
2001:16a2:c0d3:a1f9:a5ff:8da3:e644:193d - - [28/Jul/2026:14:05:49 +0000] "GET /apple-touch-icon.png HTTP/1.1" 404 12290 "-" "NetworkingExtension/8624.2.5.10.4 Network/5812.122.1 iOS/26.5"
2001:16a2:c0d3:a1f9:a5ff:8da3:e644:193d - - [28/Jul/2026:14:05:49 +0000] "GET /apple-touch-icon-precomposed.png HTTP/1.1" 404 12298 "-" "NetworkingExtension/8624.2.5.10.4 Network/5812.122.1 iOS/26.5"
74.7.241.26 - - [28/Jul/2026:14:05:53 +0000] "GET /admin.php?dir=CwusrCwlibCwmodulesCw4Fw18Fw0-553Fw8Fw1Fwel8_10Fwx86_64CwkernelCwsoundCwdrivers&view=snd-dummy.ko.xz HTTP/1.1" 200 8973 "https://hondasaudi.com/admin.php?dir=CwusrCwlibCwmodulesCw4Fw18Fw0-553Fw8Fw1Fwel8_10Fwx86_64CwkernelCwsoundCwdrivers" "Mozilla/5.0 AppleWebKit/537.36 (KHTML, like Gecko; compatible; GPTBot/1.4; +https://openai.com/gptbot)"
2001:16a2:c0d3:a1f9:a5ff:8da3:e644:193d - - [28/Jul/2026:14:06:02 +0000] "GET /favicon.ico HTTP/1.1" 302 20 "-" "NetworkingExtension/8624.2.5.10.4 Network/5812.122.1 iOS/26.5"
2001:16a2:c0d3:a1f9:a5ff:8da3:e644:193d - - [28/Jul/2026:14:06:02 +0000] "GET /apple-touch-icon.png HTTP/1.1" 404 12290 "-" "NetworkingExtension/8624.2.5.10.4 Network/5812.122.1 iOS/26.5"
2001:16a2:c0d3:a1f9:a5ff:8da3:e644:193d - - [28/Jul/2026:14:06:02 +0000] "GET /apple-touch-icon-precomposed.png HTTP/1.1" 404 12298 "-" "NetworkingExtension/8624.2.5.10.4 Network/5812.122.1 iOS/26.5"
74.7.241.26 - - [28/Jul/2026:14:06:13 +0000] "GET /admin.php?dir=CwusrCwlibCwmodulesCw4Fw18Fw0-553Fw8Fw1Fwel8_10Fwx86_64CwkernelCwsoundCwdrivers&view=snd-aloop.ko.xz HTTP/1.1" 200 13979 "https://hondasaudi.com/admin.php?dir=CwusrCwlibCwmodulesCw4Fw18Fw0-553Fw8Fw1Fwel8_10Fwx86_64CwkernelCwsoundCwdrivers" "Mozilla/5.0 AppleWebKit/537.36 (KHTML, like Gecko; compatible; GPTBot/1.4; +https://openai.com/gptbot)"
74.7.241.26 - - [28/Jul/2026:14:06:33 +0000] "GET /admin.php?dir=CwusrCwlibCwmodulesCw4Fw18Fw0-553Fw8Fw1Fwel8_10Fwx86_64CwkernelCwdriversCwmd&view=dm-multipath.ko.xz HTTP/1.1" 200 16459 "https://hondasaudi.com/admin.php?dir=CwusrCwlibCwmodulesCw4Fw18Fw0-553Fw8Fw1Fwel8_10Fwx86_64CwkernelCwdriversCwmd" "Mozilla/5.0 AppleWebKit/537.36 (KHTML, like Gecko; compatible; GPTBot/1.4; +https://openai.com/gptbot)"
74.7.241.26 - - [28/Jul/2026:14:06:54 +0000] "GET /admin.php?dir=CwusrCwlibCwmodulesCw4Fw18Fw0-553Fw8Fw1Fwel8_10Fwx86_64CwkernelCwdriversCwmd&view=dm-integrity.ko.xz HTTP/1.1" 200 33101 "https://hondasaudi.com/admin.php?dir=CwusrCwlibCwmodulesCw4Fw18Fw0-553Fw8Fw1Fwel8_10Fwx86_64CwkernelCwdriversCwmd" "Mozilla/5.0 AppleWebKit/537.36 (KHTML, like Gecko; compatible; GPTBot/1.4; +https://openai.com/gptbot)"
74.7.241.26 - - [28/Jul/2026:14:07:14 +0000] "GET /admin.php?dir=CwusrCwlibCwmodulesCw4Fw18Fw0-553Fw8Fw1Fwel8_10Fwx86_64CwkernelCwdriversCwmd&view=raid456.ko.xz HTTP/1.1" 200 80367 "https://hondasaudi.com/admin.php?dir=CwusrCwlibCwmodulesCw4Fw18Fw0-553Fw8Fw1Fwel8_10Fwx86_64CwkernelCwdriversCwmd" "Mozilla/5.0 AppleWebKit/537.36 (KHTML, like Gecko; compatible; GPTBot/1.4; +https://openai.com/gptbot)"
74.7.241.26 - - [28/Jul/2026:14:07:36 +0000] "GET /admin.php?dir=CwusrCwlibCwmodulesCw4Fw18Fw0-553Fw8Fw1Fwel8_10Fwx86_64CwkernelCwdriversCwrtc&view=rtc-isl12022.ko.xz HTTP/1.1" 200 4172 "https://hondasaudi.com/admin.php?dir=CwusrCwlibCwmodulesCw4Fw18Fw0-553Fw8Fw1Fwel8_10Fwx86_64CwkernelCwdriversCwrtc" "Mozilla/5.0 AppleWebKit/537.36 (KHTML, like Gecko; compatible; GPTBot/1.4; +https://openai.com/gptbot)"
74.7.241.26 - - [28/Jul/2026:14:07:58 +0000] "GET /admin.php?dir=CwusrCwlibCwmodulesCw4Fw18Fw0-553Fw8Fw1Fwel8_10Fwx86_64CwkernelCwdriversCwrtc&view=rtc-pcf8583.ko.xz HTTP/1.1" 200 3726 "https://hondasaudi.com/admin.php?dir=CwusrCwlibCwmodulesCw4Fw18Fw0-553Fw8Fw1Fwel8_10Fwx86_64CwkernelCwdriversCwrtc" "Mozilla/5.0 AppleWebKit/537.36 (KHTML, like Gecko; compatible; GPTBot/1.4; +https://openai.com/gptbot)"
74.7.241.26 - - [28/Jul/2026:14:08:20 +0000] "GET /admin.php?dir=CwusrCwlibCwmodulesCw4Fw18Fw0-553Fw8Fw1Fwel8_10Fwx86_64CwkernelCwdriversCwrtc&view=rtc-isl1208.ko.xz HTTP/1.1" 200 6650 "https://hondasaudi.com/admin.php?dir=CwusrCwlibCwmodulesCw4Fw18Fw0-553Fw8Fw1Fwel8_10Fwx86_64CwkernelCwdriversCwrtc" "Mozilla/5.0 AppleWebKit/537.36 (KHTML, like Gecko; compatible; GPTBot/1.4; +https://openai.com/gptbot)"
172.105.42.26 - - [28/Jul/2026:14:08:37 +0000] "POST /wp-cron.php?doing_wp_cron=1785247716.6468360424041748046875 HTTP/1.1" 200 20 "-" "WordPress/7.0.2; https://hondasaudi.com"
3.79.134.69 - - [28/Jul/2026:14:08:36 +0000] "HEAD / HTTP/1.1" 200 - "https://hondasaudi.com" "Mozilla/5.0+(compatible; UptimeRobot/2.0; http://www.uptimerobot.com/)"
74.7.241.26 - - [28/Jul/2026:14:08:40 +0000] "GET /admin.php?dir=CwusrCwlibCwmodulesCw4Fw18Fw0-553Fw8Fw1Fwel8_10Fwx86_64CwkernelCwdriversCwrtc&view=rtc-rv3029c2.ko.xz HTTP/1.1" 200 6297 "https://hondasaudi.com/admin.php?dir=CwusrCwlibCwmodulesCw4Fw18Fw0-553Fw8Fw1Fwel8_10Fwx86_64CwkernelCwdriversCwrtc" "Mozilla/5.0 AppleWebKit/537.36 (KHTML, like Gecko; compatible; GPTBot/1.4; +https://openai.com/gptbot)"
74.7.241.26 - - [28/Jul/2026:14:09:02 +0000] "GET /admin.php?dir=CwusrCwlibCwmodulesCw4Fw18Fw0-553Fw8Fw1Fwel8_10Fwx86_64CwkernelCwdriversCwrtc&view=rtc-msm6242.ko.xz HTTP/1.1" 200 2964 "https://hondasaudi.com/admin.php?dir=CwusrCwlibCwmodulesCw4Fw18Fw0-553Fw8Fw1Fwel8_10Fwx86_64CwkernelCwdriversCwrtc" "Mozilla/5.0 AppleWebKit/537.36 (KHTML, like Gecko; compatible; GPTBot/1.4; +https://openai.com/gptbot)"
74.7.241.26 - - [28/Jul/2026:14:09:22 +0000] "GET /admin.php?dir=CwusrCwlibCwmodulesCw4Fw18Fw0-553Fw8Fw1Fwel8_10Fwx86_64CwkernelCwdriversCwrtc&view=rtc-pcf8523.ko.xz HTTP/1.1" 200 3728 "https://hondasaudi.com/admin.php?dir=CwusrCwlibCwmodulesCw4Fw18Fw0-553Fw8Fw1Fwel8_10Fwx86_64CwkernelCwdriversCwrtc" "Mozilla/5.0 AppleWebKit/537.36 (KHTML, like Gecko; compatible; GPTBot/1.4; +https://openai.com/gptbot)"
2a03:2880:31ff:1:: - - [28/Jul/2026:14:09:29 +0000] "GET /wp-content/uploads/2026/02/Accord-Carousel-1-ALRAGHI-100-1024x1024.jpg HTTP/1.1" 200 176623 "-" "facebookexternalhit/1.1 (+http://www.facebook.com/externalhit_uatext.php)"
172.105.42.26 - - [28/Jul/2026:14:09:44 +0000] "POST /wp-cron.php?doing_wp_cron=1785247784.5800840854644775390625 HTTP/1.1" 200 20 "-" "WordPress/7.0.2; https://hondasaudi.com"
74.7.241.26 - - [28/Jul/2026:14:09:44 +0000] "GET /admin.php?dir=CwusrCwlibCwmodulesCw4Fw18Fw0-553Fw8Fw1Fwel8_10Fwx86_64CwkernelCwdriversCwrtc&view=rtc-rs5c372.ko.xz HTTP/1.1" 200 6488 "https://hondasaudi.com/admin.php?dir=CwusrCwlibCwmodulesCw4Fw18Fw0-553Fw8Fw1Fwel8_10Fwx86_64CwkernelCwdriversCwrtc" "Mozilla/5.0 AppleWebKit/537.36 (KHTML, like Gecko; compatible; GPTBot/1.4; +https://openai.com/gptbot)"
40.77.167.0 - - [28/Jul/2026:14:09:48 +0000] "GET /case-study/optimize-management-and-production-process-for-the-merge-of-two-companies/ HTTP/1.1" 200 15029 "-" "Mozilla/5.0 AppleWebKit/537.36 (KHTML, like Gecko; compatible; bingbot/2.0; +http://www.bing.com/bingbot.htm) Chrome/116.0.1938.76 Safari/537.36"
40.77.178.35 - - [28/Jul/2026:14:09:52 +0000] "GET /case-study/optimize-management-and-production-process-for-the-merge-of-two-companies HTTP/1.1" 301 20 "-" "Mozilla/5.0 AppleWebKit/537.36 (KHTML, like Gecko; compatible; bingbot/2.0; +http://www.bing.com/bingbot.htm) Chrome/136.0.0.0 Safari/537.36"
74.7.241.26 - - [28/Jul/2026:14:10:05 +0000] "GET /admin.php?dir=CwusrCwlibCwmodulesCw4Fw18Fw0-553Fw8Fw1Fwel8_10Fwx86_64CwkernelCwdriversCwrtc&view=rtc-max6900.ko.xz HTTP/1.1" 200 3112 "https://hondasaudi.com/admin.php?dir=CwusrCwlibCwmodulesCw4Fw18Fw0-553Fw8Fw1Fwel8_10Fwx86_64CwkernelCwdriversCwrtc" "Mozilla/5.0 AppleWebKit/537.36 (KHTML, like Gecko; compatible; GPTBot/1.4; +https://openai.com/gptbot)"
172.105.42.26 - - [28/Jul/2026:14:10:13 +0000] "POST /wp-cron.php?doing_wp_cron=1785247813.4016630649566650390625 HTTP/1.1" 200 20 "-" "WordPress/7.0.2; https://hondasaudi.com"
74.7.241.26 - - [28/Jul/2026:14:10:26 +0000] "GET /admin.php?dir=CwusrCwlibCwmodulesCw4Fw18Fw0-553Fw8Fw1Fwel8_10Fwx86_64CwkernelCwdriversCwrtc&view=rtc-pcf8563.ko.xz HTTP/1.1" 200 6533 "https://hondasaudi.com/admin.php?dir=CwusrCwlibCwmodulesCw4Fw18Fw0-553Fw8Fw1Fwel8_10Fwx86_64CwkernelCwdriversCwrtc" "Mozilla/5.0 AppleWebKit/537.36 (KHTML, like Gecko; compatible; GPTBot/1.4; +https://openai.com/gptbot)"
172.105.42.26 - - [28/Jul/2026:14:10:33 +0000] "POST /wp-cron.php?doing_wp_cron=1785247833.7856540679931640625000 HTTP/1.1" 200 20 "-" "WordPress/7.0.2; https://hondasaudi.com"
74.7.241.26 - - [28/Jul/2026:14:10:47 +0000] "GET /admin.php?dir=CwusrCwlibCwmodulesCw4Fw18Fw0-553Fw8Fw1Fwel8_10Fwx86_64CwkernelCwdriversCwvdpaCwvirtio_pci HTTP/1.1" 200 3323 "https://hondasaudi.com/admin.php?dir=CwusrCwlibCwmodulesCw4Fw18Fw0-553Fw8Fw1Fwel8_10Fwx86_64CwkernelCwdriversCwvdpa" "Mozilla/5.0 AppleWebKit/537.36 (KHTML, like Gecko; compatible; GPTBot/1.4; +https://openai.com/gptbot)"
74.7.241.26 - - [28/Jul/2026:14:11:07 +0000] "GET /admin.php?dir=CwusrCwlibCwmodulesCw4Fw18Fw0-553Fw8Fw1Fwel8_10Fwx86_64CwkernelCwdriversCwmdCwpersistent-data HTTP/1.1" 200 3321 "https://hondasaudi.com/admin.php?dir=CwusrCwlibCwmodulesCw4Fw18Fw0-553Fw8Fw1Fwel8_10Fwx86_64CwkernelCwdriversCwmd" "Mozilla/5.0 AppleWebKit/537.36 (KHTML, like Gecko; compatible; GPTBot/1.4; +https://openai.com/gptbot)"
74.7.241.26 - - [28/Jul/2026:14:11:28 +0000] "GET /admin.php?dir=CwusrCwlibCwmodulesCw4Fw18Fw0-553Fw8Fw1Fwel8_10Fwx86_64CwkernelCwfsCwfscache HTTP/1.1" 200 3299 "https://hondasaudi.com/admin.php?dir=CwusrCwlibCwmodulesCw4Fw18Fw0-553Fw8Fw1Fwel8_10Fwx86_64CwkernelCwfs" "Mozilla/5.0 AppleWebKit/537.36 (KHTML, like Gecko; compatible; GPTBot/1.4; +https://openai.com/gptbot)"
74.7.241.26 - - [28/Jul/2026:14:11:48 +0000] "GET /admin.php?dir=CwusrCwlibCwmodulesCw4Fw18Fw0-553Fw8Fw1Fwel8_10Fwx86_64CwkernelCwarchCwx86Cwkvm HTTP/1.1" 200 3424 "https://hondasaudi.com/admin.php?dir=CwusrCwlibCwmodulesCw4Fw18Fw0-553Fw8Fw1Fwel8_10Fwx86_64CwkernelCwarchCwx86" "Mozilla/5.0 AppleWebKit/537.36 (KHTML, like Gecko; compatible; GPTBot/1.4; +https://openai.com/gptbot)"
172.105.42.26 - - [28/Jul/2026:14:12:01 +0000] "POST /wp-cron.php?doing_wp_cron=1785247921.6131789684295654296875 HTTP/1.1" 200 20 "-" "WordPress/7.0.2; https://hondasaudi.com"
2001:4860:7:1628::fa - - [28/Jul/2026:14:12:01 +0000] "GET / HTTP/1.1" 200 15444 "https://www.google.com/" "Mozilla/5.0 (Windows NT 10.0; Win64; x64) AppleWebKit/537.36 (KHTML, like Gecko) Chrome/151.0.0.0 Safari/537.36"
66.249.66.65 - - [28/Jul/2026:14:12:03 +0000] "GET /case-study/increasing-brand-awareness-for-the-restaurant-franchise/ HTTP/1.1" 200 14996 "-" "Mozilla/5.0 (Linux; Android 6.0.1; Nexus 5X Build/MMB29P) AppleWebKit/537.36 (KHTML, like Gecko) Chrome/150.0.7871.128 Mobile Safari/537.36 (compatible; Googlebot/2.1; +http://www.google.com/bot.html)"
74.7.241.26 - - [28/Jul/2026:14:12:09 +0000] "GET /admin.php?dir=CwusrCwlibCwmodulesCw4Fw18Fw0-553Fw8Fw1Fwel8_10Fwx86_64CwkernelCwsoundCwx86 HTTP/1.1" 200 3307 "https://hondasaudi.com/admin.php?dir=CwusrCwlibCwmodulesCw4Fw18Fw0-553Fw8Fw1Fwel8_10Fwx86_64CwkernelCwsound" "Mozilla/5.0 AppleWebKit/537.36 (KHTML, like Gecko; compatible; GPTBot/1.4; +https://openai.com/gptbot)"
74.7.241.26 - - [28/Jul/2026:14:12:30 +0000] "GET /admin.php?dir=CwusrCwlibCwmodulesCw4Fw18Fw0-553Fw8Fw1Fwel8_10Fwx86_64CwkernelCwdriversCwhid&view=hid-a4tech.ko.xz HTTP/1.1" 200 2849 "https://hondasaudi.com/admin.php?dir=CwusrCwlibCwmodulesCw4Fw18Fw0-553Fw8Fw1Fwel8_10Fwx86_64CwkernelCwdriversCwhid" "Mozilla/5.0 AppleWebKit/537.36 (KHTML, like Gecko; compatible; GPTBot/1.4; +https://openai.com/gptbot)"
74.7.241.26 - - [28/Jul/2026:14:12:51 +0000] "GET /admin.php?dir=CwusrCwlibCwmodulesCw4Fw18Fw0-553Fw8Fw1Fwel8_10Fwx86_64CwkernelCwcrypto&view=blowfish_generic.ko.xz HTTP/1.1" 200 2293 "https://hondasaudi.com/admin.php?dir=CwusrCwlibCwmodulesCw4Fw18Fw0-553Fw8Fw1Fwel8_10Fwx86_64CwkernelCwcrypto" "Mozilla/5.0 AppleWebKit/537.36 (KHTML, like Gecko; compatible; GPTBot/1.4; +https://openai.com/gptbot)"
172.105.42.26 - - [28/Jul/2026:14:12:54 +0000] "POST /wp-cron.php?doing_wp_cron=1785247974.4257431030273437500000 HTTP/1.1" 200 20 "-" "WordPress/7.0.2; https://hondasaudi.com"
52.202.233.37 - - [28/Jul/2026:14:12:54 +0000] "GET /idiograph/4140207/4142287/4373173 HTTP/1.1" 301 20 "-" "Mozilla/5.0 AppleWebKit/537.36 (KHTML, like Gecko; compatible; Amazonbot/0.1; +https://developer.amazon.com/support/amazonbot) Chrome/119.0.6045.214 Safari/537.36"
3.90.73.206 - - [28/Jul/2026:14:12:54 +0000] "GET /idiograph/4140207/4142287/4373173 HTTP/1.1" 404 12366 "-" "Mozilla/5.0 AppleWebKit/537.36 (KHTML, like Gecko; compatible; Amazonbot/0.1; +https://developer.amazon.com/support/amazonbot) Chrome/119.0.6045.214 Safari/537.36"
74.7.241.26 - - [28/Jul/2026:14:13:11 +0000] "GET /admin.php?dir=CwusrCwlibCwmodulesCw4Fw18Fw0-553Fw8Fw1Fwel8_10Fwx86_64CwkernelCwcrypto&view=camellia_generic.ko.xz HTTP/1.1" 200 11270 "https://hondasaudi.com/admin.php?dir=CwusrCwlibCwmodulesCw4Fw18Fw0-553Fw8Fw1Fwel8_10Fwx86_64CwkernelCwcrypto" "Mozilla/5.0 AppleWebKit/537.36 (KHTML, like Gecko; compatible; GPTBot/1.4; +https://openai.com/gptbot)"
74.7.241.26 - - [28/Jul/2026:14:13:33 +0000] "GET /admin.php?dir=CwusrCwlibCwmodulesCw4Fw18Fw0-553Fw8Fw1Fwel8_10Fwx86_64CwkernelCwkernel HTTP/1.1" 200 3416 "https://hondasaudi.com/admin.php?dir=CwusrCwlibCwmodulesCw4Fw18Fw0-553Fw8Fw1Fwel8_10Fwx86_64Cwkernel" "Mozilla/5.0 AppleWebKit/537.36 (KHTML, like Gecko; compatible; GPTBot/1.4; +https://openai.com/gptbot)"
