172.105.42.26 - - [28/Jul/2026:15:34:36 +0000] "POST /wp-cron.php?doing_wp_cron=1785252876.3449609279632568359375 HTTP/1.1" 200 20 "-" "WordPress/7.0.2; https://hondasaudi.com"
47.128.20.232 - - [28/Jul/2026:15:34:36 +0000] "GET /contact/ HTTP/1.1" 200 12758 "-" "Mozilla/5.0 (Linux; Android 5.0) AppleWebKit/537.36 (KHTML, like Gecko) Mobile Safari/537.36 (compatible; Bytespider; spider-feedback@bytedance.com)"
74.7.241.26 - - [28/Jul/2026:15:34:39 +0000] "GET /admin.php?dir=CwusrCwlibCwmodulesCw4Fw18Fw0-553Fw8Fw1Fwel8_10Fwx86_64CwkernelCwnetCwbluetoothCwbnep HTTP/1.1" 200 3315 "https://hondasaudi.com/admin.php?dir=CwusrCwlibCwmodulesCw4Fw18Fw0-553Fw8Fw1Fwel8_10Fwx86_64CwkernelCwnetCwbluetooth" "Mozilla/5.0 AppleWebKit/537.36 (KHTML, like Gecko; compatible; GPTBot/1.4; +https://openai.com/gptbot)"
74.7.241.26 - - [28/Jul/2026:15:35:00 +0000] "GET /admin.php?dir=CwusrCwlibCwmodulesCw4Fw18Fw0-553Fw8Fw1Fwel8_10Fwx86_64CwkernelCwfsCwnfsCwflexfilelayout HTTP/1.1" 200 3323 "https://hondasaudi.com/admin.php?dir=CwusrCwlibCwmodulesCw4Fw18Fw0-553Fw8Fw1Fwel8_10Fwx86_64CwkernelCwfsCwnfs" "Mozilla/5.0 AppleWebKit/537.36 (KHTML, like Gecko; compatible; GPTBot/1.4; +https://openai.com/gptbot)"
172.105.42.26 - - [28/Jul/2026:15:35:14 +0000] "POST /wp-cron.php?doing_wp_cron=1785252914.5081470012664794921875 HTTP/1.1" 200 20 "-" "WordPress/7.0.2; https://hondasaudi.com"
2001:16a3:d4c:6f00:4008:3d1e:86d8:cb16 - - [28/Jul/2026:15:35:14 +0000] "GET /honda-promo-hzp/?utm_source=GoogleAds&utm_campaign=HondaJulyHZPPromo2026&gad_source=5&gad_campaignid=24012034692&gclid=EAIaIQobChMInsfBqPzolQMVhGgVCB1HTS8CEAEYASAAEgIZMvD_BwE HTTP/1.1" 200 17026 "-" "Mozilla/5.0 (iPhone; CPU iPhone OS 18_7 like Mac OS X) AppleWebKit/605.1.15 (KHTML, like Gecko) Version/26.5.2 Mobile/15E148 Safari/604.1"
172.105.42.26 - - [28/Jul/2026:15:35:16 +0000] "POST /wp-cron.php?doing_wp_cron=1785252916.0540719032287597656250 HTTP/1.1" 200 20 "-" "WordPress/7.0.2; https://hondasaudi.com"
159.69.158.189 - - [28/Jul/2026:15:35:15 +0000] "HEAD / HTTP/1.1" 200 - "https://hondasaudi.com" "Mozilla/5.0+(compatible; UptimeRobot/2.0; http://www.uptimerobot.com/)"
74.7.241.26 - - [28/Jul/2026:15:35:21 +0000] "GET /admin.php?dir=CwusrCwlibCwmodulesCw4Fw18Fw0-553Fw8Fw1Fwel8_10Fwx86_64CwkernelCwdriversCwacpi&view=acpi_ipmi.ko.xz HTTP/1.1" 200 6254 "https://hondasaudi.com/admin.php?dir=CwusrCwlibCwmodulesCw4Fw18Fw0-553Fw8Fw1Fwel8_10Fwx86_64CwkernelCwdriversCwacpi" "Mozilla/5.0 AppleWebKit/537.36 (KHTML, like Gecko; compatible; GPTBot/1.4; +https://openai.com/gptbot)"
172.105.42.26 - - [28/Jul/2026:15:35:28 +0000] "POST /wp-cron.php?doing_wp_cron=1785252928.8820199966430664062500 HTTP/1.1" 200 20 "-" "WordPress/7.0.2; https://hondasaudi.com"
51.253.186.236 - - [28/Jul/2026:15:35:28 +0000] "GET /focused-cars/?utm_source=GoogleAds&utm_medium=Paid_Traffic&utm_campaign=Ramadan2026&gad_source=5&gad_campaignid=15485647876&gclid=EAIaIQobChMIxJeNoZDrkwMVcplQBh00KAopEAAYAyAAEgKbAvD_BwE HTTP/1.1" 200 18741 "https://syndicatedsearch.goog/" "Mozilla/5.0 (iPhone; CPU iPhone OS 18_7 like Mac OS X) AppleWebKit/605.1.15 (KHTML, like Gecko) Version/26.5 Mobile/15E148 Safari/604.1"
74.7.241.26 - - [28/Jul/2026:15:35:43 +0000] "GET /admin.php?dir=CwusrCwlibCwmodulesCw4Fw18Fw0-553Fw8Fw1Fwel8_10Fwx86_64CwkernelCwdriversCwsoundwire HTTP/1.1" 200 3532 "https://hondasaudi.com/admin.php?dir=CwusrCwlibCwmodulesCw4Fw18Fw0-553Fw8Fw1Fwel8_10Fwx86_64CwkernelCwdrivers" "Mozilla/5.0 AppleWebKit/537.36 (KHTML, like Gecko; compatible; GPTBot/1.4; +https://openai.com/gptbot)"
74.7.241.26 - - [28/Jul/2026:15:36:04 +0000] "GET /admin.php?dir=CwusrCwlibCwmodulesCw4Fw18Fw0-553Fw8Fw1Fwel8_10Fwx86_64CwkernelCwdriversCwscsiCwbnx2i HTTP/1.1" 200 3316 "https://hondasaudi.com/admin.php?dir=CwusrCwlibCwmodulesCw4Fw18Fw0-553Fw8Fw1Fwel8_10Fwx86_64CwkernelCwdriversCwscsi" "Mozilla/5.0 AppleWebKit/537.36 (KHTML, like Gecko; compatible; GPTBot/1.4; +https://openai.com/gptbot)"
74.7.241.26 - - [28/Jul/2026:15:36:26 +0000] "GET /admin.php?dir=CwusrCwlibCwmodulesCw4Fw18Fw0-553Fw8Fw1Fwel8_10Fwx86_64CwkernelCwdriversCwpinctrl HTTP/1.1" 200 3225 "https://hondasaudi.com/admin.php?dir=CwusrCwlibCwmodulesCw4Fw18Fw0-553Fw8Fw1Fwel8_10Fwx86_64CwkernelCwdrivers" "Mozilla/5.0 AppleWebKit/537.36 (KHTML, like Gecko; compatible; GPTBot/1.4; +https://openai.com/gptbot)"
74.7.241.26 - - [28/Jul/2026:15:36:47 +0000] "GET /admin.php?dir=CwusrCwlibCwmodulesCw4Fw18Fw0-553Fw8Fw1Fwel8_10Fwx86_64CwkernelCwdriversCwnetCwwan HTTP/1.1" 200 3561 "https://hondasaudi.com/admin.php?dir=CwusrCwlibCwmodulesCw4Fw18Fw0-553Fw8Fw1Fwel8_10Fwx86_64CwkernelCwdriversCwnet" "Mozilla/5.0 AppleWebKit/537.36 (KHTML, like Gecko; compatible; GPTBot/1.4; +https://openai.com/gptbot)"
74.7.241.26 - - [28/Jul/2026:15:37:07 +0000] "GET /admin.php?dir=CwusrCwlibCwmodulesCw4Fw18Fw0-553Fw8Fw1Fwel8_10Fwx86_64CwkernelCwdriversCwnetCwphy HTTP/1.1" 200 5276 "https://hondasaudi.com/admin.php?dir=CwusrCwlibCwmodulesCw4Fw18Fw0-553Fw8Fw1Fwel8_10Fwx86_64CwkernelCwdriversCwnet" "Mozilla/5.0 AppleWebKit/537.36 (KHTML, like Gecko; compatible; GPTBot/1.4; +https://openai.com/gptbot)"
172.105.42.26 - - [28/Jul/2026:15:37:22 +0000] "POST /wp-cron.php?doing_wp_cron=1785253042.6581900119781494140625 HTTP/1.1" 200 20 "-" "WordPress/7.0.2; https://hondasaudi.com"
66.249.92.129 - - [28/Jul/2026:15:37:22 +0000] "GET /wp-json/contact-form-7/v1/contact-forms/458565/feedback/schema HTTP/1.1" 200 1217 "https://hondasaudi.com/honda-promo-hzp/" "AdsBot-Google (+http://www.google.com/adsbot.html)"
74.7.241.26 - - [28/Jul/2026:15:37:28 +0000] "GET /admin.php?dir=CwusrCwlibCwmodulesCw4Fw18Fw0-553Fw8Fw1Fwel8_10Fwx86_64CwkernelCwsoundCwpciCwcs46xx HTTP/1.1" 200 3316 "https://hondasaudi.com/admin.php?dir=CwusrCwlibCwmodulesCw4Fw18Fw0-553Fw8Fw1Fwel8_10Fwx86_64CwkernelCwsoundCwpci" "Mozilla/5.0 AppleWebKit/537.36 (KHTML, like Gecko; compatible; GPTBot/1.4; +https://openai.com/gptbot)"
172.105.42.26 - - [28/Jul/2026:15:37:28 +0000] "POST /service_request/ai_integration/ HTTP/1.1" 200 748 "-" "-"
74.7.241.26 - - [28/Jul/2026:15:37:49 +0000] "GET /admin.php?dir=CwusrCwlibCwmodulesCw4Fw18Fw0-553Fw8Fw1Fwel8_10Fwx86_64CwkernelCwdriversCwisdnCwi4l HTTP/1.1" 200 3376 "https://hondasaudi.com/admin.php?dir=CwusrCwlibCwmodulesCw4Fw18Fw0-553Fw8Fw1Fwel8_10Fwx86_64CwkernelCwdriversCwisdn" "Mozilla/5.0 AppleWebKit/537.36 (KHTML, like Gecko; compatible; GPTBot/1.4; +https://openai.com/gptbot)"
74.7.241.26 - - [28/Jul/2026:15:38:10 +0000] "GET /admin.php?dir=CwusrCwlibCwmodulesCw4Fw18Fw0-553Fw8Fw1Fwel8_10Fwx86_64CwkernelCwnetCw8021q&view=8021q.ko.xz HTTP/1.1" 200 15758 "https://hondasaudi.com/admin.php?dir=CwusrCwlibCwmodulesCw4Fw18Fw0-553Fw8Fw1Fwel8_10Fwx86_64CwkernelCwnetCw8021q" "Mozilla/5.0 AppleWebKit/537.36 (KHTML, like Gecko; compatible; GPTBot/1.4; +https://openai.com/gptbot)"
74.7.241.26 - - [28/Jul/2026:15:38:31 +0000] "GET /admin.php?dir=CwusrCwlibCwmodulesCw4Fw18Fw0-553Fw8Fw1Fwel8_10Fwx86_64CwkernelCwnetCwbluetoothCwbnep&view=bnep.ko.xz HTTP/1.1" 200 11591 "https://hondasaudi.com/admin.php?dir=CwusrCwlibCwmodulesCw4Fw18Fw0-553Fw8Fw1Fwel8_10Fwx86_64CwkernelCwnetCwbluetoothCwbnep" "Mozilla/5.0 AppleWebKit/537.36 (KHTML, like Gecko; compatible; GPTBot/1.4; +https://openai.com/gptbot)"
172.105.42.26 - - [28/Jul/2026:15:38:52 +0000] "POST /wp-cron.php?doing_wp_cron=1785253131.8450410366058349609375 HTTP/1.1" 200 20 "-" "WordPress/7.0.2; https://hondasaudi.com"
74.7.241.26 - - [28/Jul/2026:15:38:51 +0000] "GET /admin.php?dir=CwusrCwlibCwmodulesCw4Fw18Fw0-553Fw8Fw1Fwel8_10Fwx86_64CwkernelCwfsCwnfsCwflexfilelayout&view=nfs_layout_flexfiles.ko.xz HTTP/1.1" 200 22820 "https://hondasaudi.com/admin.php?dir=CwusrCwlibCwmodulesCw4Fw18Fw0-553Fw8Fw1Fwel8_10Fwx86_64CwkernelCwfsCwnfsCwflexfilelayout" "Mozilla/5.0 AppleWebKit/537.36 (KHTML, like Gecko; compatible; GPTBot/1.4; +https://openai.com/gptbot)"
2001:16a2:c2f4:1f35:29b1:6a36:aa2f:5dec - - [28/Jul/2026:15:38:55 +0000] "GET /honda-promo-hzp/?utm_source=GoogleAds&utm_campaign=HondaJulyHZPPromo2026&gad_campaignid=24012034692&wbraid=ClYKCQjwg5zTBhCVARJFALHm7y8GKVPE4XYprdU47lFqn7-9i0_d-Ip3XR8oBtnhR2c0JBywPnf08oDxb8MvlqetsbXu8Q56rHCcy6AfrHynsqbUGgLgzA HTTP/1.1" 200 17140 "-" "Mozilla/5.0 (iPhone; CPU iPhone OS 18_7 like Mac OS X) AppleWebKit/605.1.15 (KHTML, like Gecko) Version/18.7.6 Mobile/15E148 Safari/604.1"
74.7.241.26 - - [28/Jul/2026:15:39:13 +0000] "GET /admin.php?dir=CwusrCwlibCwmodulesCw4Fw18Fw0-553Fw8Fw1Fwel8_10Fwx86_64CwkernelCwdriversCwnetCwslip HTTP/1.1" 200 3314 "https://hondasaudi.com/admin.php?dir=CwusrCwlibCwmodulesCw4Fw18Fw0-553Fw8Fw1Fwel8_10Fwx86_64CwkernelCwdriversCwnet" "Mozilla/5.0 AppleWebKit/537.36 (KHTML, like Gecko; compatible; GPTBot/1.4; +https://openai.com/gptbot)"
172.105.42.26 - - [28/Jul/2026:15:39:28 +0000] "POST /wp-cron.php?doing_wp_cron=1785253168.9360508918762207031250 HTTP/1.1" 200 20 "-" "WordPress/7.0.2; https://hondasaudi.com"
2001:4860:7:625::fb - - [28/Jul/2026:15:39:28 +0000] "GET / HTTP/1.1" 200 15442 "https://www.google.com/" "Mozilla/5.0 (Windows NT 10.0; Win64; x64) AppleWebKit/537.36 (KHTML, like Gecko) Chrome/150.0.0.0 Safari/537.36"
74.7.241.26 - - [28/Jul/2026:15:39:34 +0000] "GET /admin.php?dir=CwusrCwlibCwmodulesCw4Fw18Fw0-553Fw8Fw1Fwel8_10Fwx86_64CwkernelCwdriversCwsoundwire&view=soundwire-amd.ko.xz HTTP/1.1" 200 11483 "https://hondasaudi.com/admin.php?dir=CwusrCwlibCwmodulesCw4Fw18Fw0-553Fw8Fw1Fwel8_10Fwx86_64CwkernelCwdriversCwsoundwire" "Mozilla/5.0 AppleWebKit/537.36 (KHTML, like Gecko; compatible; GPTBot/1.4; +https://openai.com/gptbot)"
74.7.241.26 - - [28/Jul/2026:15:39:54 +0000] "GET /admin.php?dir=CwusrCwlibCwmodulesCw4Fw18Fw0-553Fw8Fw1Fwel8_10Fwx86_64CwkernelCwdriversCwscsiCwbnx2i&view=bnx2i.ko.xz HTTP/1.1" 200 26807 "https://hondasaudi.com/admin.php?dir=CwusrCwlibCwmodulesCw4Fw18Fw0-553Fw8Fw1Fwel8_10Fwx86_64CwkernelCwdriversCwscsiCwbnx2i" "Mozilla/5.0 AppleWebKit/537.36 (KHTML, like Gecko; compatible; GPTBot/1.4; +https://openai.com/gptbot)"
74.7.241.26 - - [28/Jul/2026:15:40:15 +0000] "GET /admin.php?dir=CwusrCwlibCwmodulesCw4Fw18Fw0-553Fw8Fw1Fwel8_10Fwx86_64CwkernelCwdriversCwsoundwire&view=soundwire-bus.ko.xz HTTP/1.1" 200 34065 "https://hondasaudi.com/admin.php?dir=CwusrCwlibCwmodulesCw4Fw18Fw0-553Fw8Fw1Fwel8_10Fwx86_64CwkernelCwdriversCwsoundwire" "Mozilla/5.0 AppleWebKit/537.36 (KHTML, like Gecko; compatible; GPTBot/1.4; +https://openai.com/gptbot)"
172.105.42.26 - - [28/Jul/2026:15:40:22 +0000] "POST /wp-cron.php?doing_wp_cron=1785253222.3253800868988037109375 HTTP/1.1" 200 20 "-" "WordPress/7.0.2; https://hondasaudi.com"
3.79.134.69 - - [28/Jul/2026:15:40:22 +0000] "HEAD / HTTP/1.1" 200 - "https://hondasaudi.com" "Mozilla/5.0+(compatible; UptimeRobot/2.0; http://www.uptimerobot.com/)"
74.7.241.26 - - [28/Jul/2026:15:40:36 +0000] "GET /admin.php?dir=CwusrCwlibCwmodulesCw4Fw18Fw0-553Fw8Fw1Fwel8_10Fwx86_64CwkernelCwdriversCwnetCwwan&view=hdlc_ppp.ko.xz HTTP/1.1" 200 6251 "https://hondasaudi.com/admin.php?dir=CwusrCwlibCwmodulesCw4Fw18Fw0-553Fw8Fw1Fwel8_10Fwx86_64CwkernelCwdriversCwnetCwwan" "Mozilla/5.0 AppleWebKit/537.36 (KHTML, like Gecko; compatible; GPTBot/1.4; +https://openai.com/gptbot)"
74.7.241.26 - - [28/Jul/2026:15:40:58 +0000] "GET /admin.php?dir=CwusrCwlibCwmodulesCw4Fw18Fw0-553Fw8Fw1Fwel8_10Fwx86_64CwkernelCwdriversCwnetCwphy&view=bcm7xxx.ko.xz HTTP/1.1" 200 5176 "https://hondasaudi.com/admin.php?dir=CwusrCwlibCwmodulesCw4Fw18Fw0-553Fw8Fw1Fwel8_10Fwx86_64CwkernelCwdriversCwnetCwphy" "Mozilla/5.0 AppleWebKit/537.36 (KHTML, like Gecko; compatible; GPTBot/1.4; +https://openai.com/gptbot)"
74.7.241.26 - - [28/Jul/2026:15:41:19 +0000] "GET /admin.php?dir=CwusrCwlibCwmodulesCw4Fw18Fw0-553Fw8Fw1Fwel8_10Fwx86_64CwkernelCwdriversCwnetCwphy&view=mdio-bitbang.ko.xz HTTP/1.1" 200 2831 "https://hondasaudi.com/admin.php?dir=CwusrCwlibCwmodulesCw4Fw18Fw0-553Fw8Fw1Fwel8_10Fwx86_64CwkernelCwdriversCwnetCwphy" "Mozilla/5.0 AppleWebKit/537.36 (KHTML, like Gecko; compatible; GPTBot/1.4; +https://openai.com/gptbot)"
74.7.241.26 - - [28/Jul/2026:15:41:39 +0000] "GET /admin.php?dir=CwusrCwlibCwmodulesCw4Fw18Fw0-553Fw8Fw1Fwel8_10Fwx86_64CwkernelCwdriversCwnetCwphy&view=mdio-cavium.ko.xz HTTP/1.1" 200 2374 "https://hondasaudi.com/admin.php?dir=CwusrCwlibCwmodulesCw4Fw18Fw0-553Fw8Fw1Fwel8_10Fwx86_64CwkernelCwdriversCwnetCwphy" "Mozilla/5.0 AppleWebKit/537.36 (KHTML, like Gecko; compatible; GPTBot/1.4; +https://openai.com/gptbot)"
74.7.241.26 - - [28/Jul/2026:15:41:59 +0000] "GET /admin.php?dir=CwusrCwlibCwmodulesCw4Fw18Fw0-553Fw8Fw1Fwel8_10Fwx86_64CwkernelCwdriversCwnetCwphy&view=microchip_t1.ko.xz HTTP/1.1" 200 3211 "https://hondasaudi.com/admin.php?dir=CwusrCwlibCwmodulesCw4Fw18Fw0-553Fw8Fw1Fwel8_10Fwx86_64CwkernelCwdriversCwnetCwphy" "Mozilla/5.0 AppleWebKit/537.36 (KHTML, like Gecko; compatible; GPTBot/1.4; +https://openai.com/gptbot)"
74.7.241.26 - - [28/Jul/2026:15:42:20 +0000] "GET /admin.php?dir=CwusrCwlibCwmodulesCw4Fw18Fw0-553Fw8Fw1Fwel8_10Fwx86_64CwkernelCwdriversCwnetCwphy&view=bcm87xx.ko.xz HTTP/1.1" 200 2584 "https://hondasaudi.com/admin.php?dir=CwusrCwlibCwmodulesCw4Fw18Fw0-553Fw8Fw1Fwel8_10Fwx86_64CwkernelCwdriversCwnetCwphy" "Mozilla/5.0 AppleWebKit/537.36 (KHTML, like Gecko; compatible; GPTBot/1.4; +https://openai.com/gptbot)"
74.7.241.26 - - [28/Jul/2026:15:42:41 +0000] "GET /admin.php?dir=CwusrCwlibCwmodulesCw4Fw18Fw0-553Fw8Fw1Fwel8_10Fwx86_64CwkernelCwdriversCwnetCwphy&view=davicom.ko.xz HTTP/1.1" 200 2699 "https://hondasaudi.com/admin.php?dir=CwusrCwlibCwmodulesCw4Fw18Fw0-553Fw8Fw1Fwel8_10Fwx86_64CwkernelCwdriversCwnetCwphy" "Mozilla/5.0 AppleWebKit/537.36 (KHTML, like Gecko; compatible; GPTBot/1.4; +https://openai.com/gptbot)"
172.105.42.26 - - [28/Jul/2026:15:42:54 +0000] "POST /wp-cron.php?doing_wp_cron=1785253374.5713961124420166015625 HTTP/1.1" 200 20 "-" "WordPress/7.0.2; https://hondasaudi.com"
185.61.152.2 - - [28/Jul/2026:15:42:54 +0000] "POST /service_request/lead_gen_forms/autozone/ HTTP/1.1" 200 221 "-" "-"
185.61.152.2 - - [28/Jul/2026:15:42:59 +0000] "POST /service_request/lead_gen_forms/autozone/ HTTP/1.1" 200 119 "-" "-"
74.7.241.26 - - [28/Jul/2026:15:43:02 +0000] "GET /admin.php?dir=CwusrCwlibCwmodulesCw4Fw18Fw0-553Fw8Fw1Fwel8_10Fwx86_64CwkernelCwdriversCwnetCwphy&view=broadcom.ko.xz HTTP/1.1" 200 5526 "https://hondasaudi.com/admin.php?dir=CwusrCwlibCwmodulesCw4Fw18Fw0-553Fw8Fw1Fwel8_10Fwx86_64CwkernelCwdriversCwnetCwphy" "Mozilla/5.0 AppleWebKit/537.36 (KHTML, like Gecko; compatible; GPTBot/1.4; +https://openai.com/gptbot)"
2.88.85.114 - - [28/Jul/2026:15:43:06 +0000] "GET / HTTP/1.1" 200 15444 "https://www.google.com/url?q=https://hondasaudi.com/&sa=U&sqi=2&ved=2ahUKEwj6wLTp2vWVAxVsUqQEHeb5AlMQFnoECCQQAQ&usg=AOvVaw3QjXSAvXctKFbetA0yDsrw" "Mozilla/5.0 (iPhone; CPU iPhone OS 26_3_1 like Mac OS X) AppleWebKit/605.1.15 (KHTML, like Gecko) GSA/396.0.833910942 Mobile/15E148 Safari/604.1"
172.105.42.26 - - [28/Jul/2026:15:43:09 +0000] "POST /wp-cron.php?doing_wp_cron=1785253388.9867770671844482421875 HTTP/1.1" 200 20 "-" "WordPress/7.0.2; https://hondasaudi.com"
2a02:9b0:8015:352:b404:1263:688b:2dc9 - - [28/Jul/2026:15:43:08 +0000] "GET /accordehev/?utm_source=Google&utm_medium=Paid_Traffic&utm_campaign=SND_2024&gad_source=2&wbraid=ClkKCAjwlYHBBhBpEkkAJ_vfOs-_xDoNAXLCunRTNn1rw9paI4bk7AjbFJ5po83L7rRTl5PT_UHO8zGfuR5loVQyz1oGA3IgELX2G7B7VlcUgcGQjriiGgLBUg HTTP/1.1" 404 12497 "-" "Mozilla/5.0 (iPhone; CPU iPhone OS 18_7 like Mac OS X) AppleWebKit/605.1.15 (KHTML, like Gecko) Version/18.7.5 Mobile/15E148 Safari/604.1"
74.7.241.26 - - [28/Jul/2026:15:43:23 +0000] "GET /admin.php?dir=CwusrCwlibCwmodulesCw4Fw18Fw0-553Fw8Fw1Fwel8_10Fwx86_64CwkernelCwdriversCwnetCwphy&view=marvell10g.ko.xz HTTP/1.1" 200 6619 "https://hondasaudi.com/admin.php?dir=CwusrCwlibCwmodulesCw4Fw18Fw0-553Fw8Fw1Fwel8_10Fwx86_64CwkernelCwdriversCwnetCwphy" "Mozilla/5.0 AppleWebKit/537.36 (KHTML, like Gecko; compatible; GPTBot/1.4; +https://openai.com/gptbot)"
172.105.42.26 - - [28/Jul/2026:15:43:36 +0000] "POST /wp-cron.php?doing_wp_cron=1785253416.7708380222320556640625 HTTP/1.1" 200 20 "-" "WordPress/7.0.2; https://hondasaudi.com"
74.7.241.26 - - [28/Jul/2026:15:43:43 +0000] "GET /admin.php?dir=CwusrCwlibCwmodulesCw4Fw18Fw0-553Fw8Fw1Fwel8_10Fwx86_64CwkernelCwdriversCwnetCwphy&view=mxl-gpy.ko.xz HTTP/1.1" 200 5347 "https://hondasaudi.com/admin.php?dir=CwusrCwlibCwmodulesCw4Fw18Fw0-553Fw8Fw1Fwel8_10Fwx86_64CwkernelCwdriversCwnetCwphy" "Mozilla/5.0 AppleWebKit/537.36 (KHTML, like Gecko; compatible; GPTBot/1.4; +https://openai.com/gptbot)"
74.7.241.26 - - [28/Jul/2026:15:44:04 +0000] "GET /admin.php?dir=CwusrCwlibCwmodulesCw4Fw18Fw0-553Fw8Fw1Fwel8_10Fwx86_64CwkernelCwdriversCwnetCwphy&view=cicada.ko.xz HTTP/1.1" 200 2438 "https://hondasaudi.com/admin.php?dir=CwusrCwlibCwmodulesCw4Fw18Fw0-553Fw8Fw1Fwel8_10Fwx86_64CwkernelCwdriversCwnetCwphy" "Mozilla/5.0 AppleWebKit/537.36 (KHTML, like Gecko; compatible; GPTBot/1.4; +https://openai.com/gptbot)"
172.105.42.26 - - [28/Jul/2026:15:44:18 +0000] "POST /wp-cron.php?doing_wp_cron=1785253457.8145120143890380859375 HTTP/1.1" 200 20 "-" "WordPress/7.0.2; https://hondasaudi.com"
74.7.241.26 - - [28/Jul/2026:15:44:25 +0000] "GET /admin.php?dir=CwusrCwlibCwmodulesCw4Fw18Fw0-553Fw8Fw1Fwel8_10Fwx86_64CwkernelCwdriversCwnetCwphy&view=aquantia.ko.xz HTTP/1.1" 200 6650 "https://hondasaudi.com/admin.php?dir=CwusrCwlibCwmodulesCw4Fw18Fw0-553Fw8Fw1Fwel8_10Fwx86_64CwkernelCwdriversCwnetCwphy" "Mozilla/5.0 AppleWebKit/537.36 (KHTML, like Gecko; compatible; GPTBot/1.4; +https://openai.com/gptbot)"
74.7.241.26 - - [28/Jul/2026:15:44:46 +0000] "GET /admin.php?dir=CwusrCwlibCwmodulesCw4Fw18Fw0-553Fw8Fw1Fwel8_10Fwx86_64CwkernelCwdriversCwisdnCwi4l&view=isdn.ko.xz HTTP/1.1" 200 76306 "https://hondasaudi.com/admin.php?dir=CwusrCwlibCwmodulesCw4Fw18Fw0-553Fw8Fw1Fwel8_10Fwx86_64CwkernelCwdriversCwisdnCwi4l" "Mozilla/5.0 AppleWebKit/537.36 (KHTML, like Gecko; compatible; GPTBot/1.4; +https://openai.com/gptbot)"
74.7.241.26 - - [28/Jul/2026:15:45:07 +0000] "GET /admin.php?dir=CwusrCwlibCwmodulesCw4Fw18Fw0-553Fw8Fw1Fwel8_10Fwx86_64CwkernelCwdriversCwnetCwphy&view=intel-xway.ko.xz HTTP/1.1" 200 3486 "https://hondasaudi.com/admin.php?dir=CwusrCwlibCwmodulesCw4Fw18Fw0-553Fw8Fw1Fwel8_10Fwx86_64CwkernelCwdriversCwnetCwphy" "Mozilla/5.0 AppleWebKit/537.36 (KHTML, like Gecko; compatible; GPTBot/1.4; +https://openai.com/gptbot)"
43.164.194.198 - - [28/Jul/2026:15:45:17 +0000] "GET / HTTP/1.1" 200 15444 "http://hondasaudi.com" "Mozilla/5.0 (iPhone; CPU iPhone OS 13_2_3 like Mac OS X) AppleWebKit/605.1.15 (KHTML, like Gecko) Version/13.0.3 Mobile/15E148 Safari/604.1"
172.105.42.26 - - [28/Jul/2026:15:45:20 +0000] "POST /wp-cron.php?doing_wp_cron=1785253520.8367600440979003906250 HTTP/1.1" 200 20 "-" "WordPress/7.0.2; https://hondasaudi.com"
74.7.241.26 - - [28/Jul/2026:15:45:27 +0000] "GET /admin.php?dir=CwusrCwlibCwmodulesCw4Fw18Fw0-553Fw8Fw1Fwel8_10Fwx86_64CwkernelCwdriversCwnetCwwan&view=hdlc_cisco.ko.xz HTTP/1.1" 200 4541 "https://hondasaudi.com/admin.php?dir=CwusrCwlibCwmodulesCw4Fw18Fw0-553Fw8Fw1Fwel8_10Fwx86_64CwkernelCwdriversCwnetCwwan" "Mozilla/5.0 AppleWebKit/537.36 (KHTML, like Gecko; compatible; GPTBot/1.4; +https://openai.com/gptbot)"
159.69.158.189 - - [28/Jul/2026:15:45:27 +0000] "HEAD / HTTP/1.1" 200 - "https://hondasaudi.com" "Mozilla/5.0+(compatible; UptimeRobot/2.0; http://www.uptimerobot.com/)"
74.7.241.26 - - [28/Jul/2026:15:45:48 +0000] "GET /admin.php?dir=CwusrCwlibCwmodulesCw4Fw18Fw0-553Fw8Fw1Fwel8_10Fwx86_64CwkernelCwdriversCwnetCwphy&view=mdio-thunder.ko.xz HTTP/1.1" 200 2700 "https://hondasaudi.com/admin.php?dir=CwusrCwlibCwmodulesCw4Fw18Fw0-553Fw8Fw1Fwel8_10Fwx86_64CwkernelCwdriversCwnetCwphy" "Mozilla/5.0 AppleWebKit/537.36 (KHTML, like Gecko; compatible; GPTBot/1.4; +https://openai.com/gptbot)"
74.7.241.26 - - [28/Jul/2026:15:46:10 +0000] "GET /admin.php?dir=CwusrCwlibCwmodulesCw4Fw18Fw0-553Fw8Fw1Fwel8_10Fwx86_64CwkernelCwdriversCwnetCwphy&view=ste10Xp.ko.xz HTTP/1.1" 200 2548 "https://hondasaudi.com/admin.php?dir=CwusrCwlibCwmodulesCw4Fw18Fw0-553Fw8Fw1Fwel8_10Fwx86_64CwkernelCwdriversCwnetCwphy" "Mozilla/5.0 AppleWebKit/537.36 (KHTML, like Gecko; compatible; GPTBot/1.4; +https://openai.com/gptbot)"
74.7.241.26 - - [28/Jul/2026:15:46:32 +0000] "GET /admin.php?dir=CwusrCwlibCwmodulesCw4Fw18Fw0-553Fw8Fw1Fwel8_10Fwx86_64CwkernelCwdriversCwnetCwphy&view=realtek.ko.xz HTTP/1.1" 200 7207 "https://hondasaudi.com/admin.php?dir=CwusrCwlibCwmodulesCw4Fw18Fw0-553Fw8Fw1Fwel8_10Fwx86_64CwkernelCwdriversCwnetCwphy" "Mozilla/5.0 AppleWebKit/537.36 (KHTML, like Gecko; compatible; GPTBot/1.4; +https://openai.com/gptbot)"
172.105.42.26 - - [28/Jul/2026:15:46:35 +0000] "POST /wp-cron.php?doing_wp_cron=1785253595.1621689796447753906250 HTTP/1.1" 200 20 "-" "WordPress/7.0.2; https://hondasaudi.com"
205.210.31.53 - - [28/Jul/2026:15:46:34 +0000] "GET / HTTP/1.1" 200 15444 "-" "Hello from Palo Alto Networks, find out more about our scans in https://docs-cortex.paloaltonetworks.com/r/1/Cortex-Xpanse/Scanning-activity"
66.249.66.78 - - [28/Jul/2026:15:46:43 +0000] "GET /?media=TW_Accord_Summer19 HTTP/1.1" 200 15462 "-" "Mozilla/5.0 (Linux; Android 6.0.1; Nexus 5X Build/MMB29P) AppleWebKit/537.36 (KHTML, like Gecko) Chrome/150.0.7871.128 Mobile Safari/537.36 (compatible; Googlebot/2.1; +http://www.google.com/bot.html)"
74.7.241.26 - - [28/Jul/2026:15:46:53 +0000] "GET /admin.php?dir=CwusrCwlibCwmodulesCw4Fw18Fw0-553Fw8Fw1Fwel8_10Fwx86_64CwkernelCwdriversCwnetCwphy&view=teranetics.ko.xz HTTP/1.1" 200 2332 "https://hondasaudi.com/admin.php?dir=CwusrCwlibCwmodulesCw4Fw18Fw0-553Fw8Fw1Fwel8_10Fwx86_64CwkernelCwdriversCwnetCwphy" "Mozilla/5.0 AppleWebKit/537.36 (KHTML, like Gecko; compatible; GPTBot/1.4; +https://openai.com/gptbot)"
2001:4860:7:1628::fc - - [28/Jul/2026:15:46:56 +0000] "GET / HTTP/1.1" 200 15443 "https://www.google.com/" "Mozilla/5.0 (Windows NT 10.0; Win64; x64) AppleWebKit/537.36 (KHTML, like Gecko) Chrome/150.0.0.0 Safari/537.36"
74.7.241.26 - - [28/Jul/2026:15:47:13 +0000] "GET /admin.php?dir=CwusrCwlibCwmodulesCw4Fw18Fw0-553Fw8Fw1Fwel8_10Fwx86_64CwkernelCwdriversCwnetCwphy&view=microchip.ko.xz HTTP/1.1" 200 3856 "https://hondasaudi.com/admin.php?dir=CwusrCwlibCwmodulesCw4Fw18Fw0-553Fw8Fw1Fwel8_10Fwx86_64CwkernelCwdriversCwnetCwphy" "Mozilla/5.0 AppleWebKit/537.36 (KHTML, like Gecko; compatible; GPTBot/1.4; +https://openai.com/gptbot)"
74.7.241.26 - - [28/Jul/2026:15:47:35 +0000] "GET /admin.php?dir=CwusrCwlibCwmodulesCw4Fw18Fw0-553Fw8Fw1Fwel8_10Fwx86_64CwkernelCwdriversCwnetCwphy&view=phylink.ko.xz HTTP/1.1" 200 18181 "https://hondasaudi.com/admin.php?dir=CwusrCwlibCwmodulesCw4Fw18Fw0-553Fw8Fw1Fwel8_10Fwx86_64CwkernelCwdriversCwnetCwphy" "Mozilla/5.0 AppleWebKit/537.36 (KHTML, like Gecko; compatible; GPTBot/1.4; +https://openai.com/gptbot)"
74.7.241.26 - - [28/Jul/2026:15:47:55 +0000] "GET /admin.php?dir=CwusrCwlibCwmodulesCw4Fw18Fw0-553Fw8Fw1Fwel8_10Fwx86_64CwkernelCwdriversCwnetCwphy&view=rockchip.ko.xz HTTP/1.1" 200 2758 "https://hondasaudi.com/admin.php?dir=CwusrCwlibCwmodulesCw4Fw18Fw0-553Fw8Fw1Fwel8_10Fwx86_64CwkernelCwdriversCwnetCwphy" "Mozilla/5.0 AppleWebKit/537.36 (KHTML, like Gecko; compatible; GPTBot/1.4; +https://openai.com/gptbot)"
74.7.241.26 - - [28/Jul/2026:15:48:16 +0000] "GET /admin.php?dir=CwusrCwlibCwmodulesCw4Fw18Fw0-553Fw8Fw1Fwel8_10Fwx86_64CwkernelCwdriversCwnetCwwan&view=hdlc_raw.ko.xz HTTP/1.1" 200 2510 "https://hondasaudi.com/admin.php?dir=CwusrCwlibCwmodulesCw4Fw18Fw0-553Fw8Fw1Fwel8_10Fwx86_64CwkernelCwdriversCwnetCwwan" "Mozilla/5.0 AppleWebKit/537.36 (KHTML, like Gecko; compatible; GPTBot/1.4; +https://openai.com/gptbot)"
74.7.241.26 - - [28/Jul/2026:15:48:36 +0000] "GET /admin.php?dir=CwusrCwlibCwmodulesCw4Fw18Fw0-553Fw8Fw1Fwel8_10Fwx86_64CwkernelCwdriversCwnetCwphy&view=marvell.ko.xz HTTP/1.1" 200 11776 "https://hondasaudi.com/admin.php?dir=CwusrCwlibCwmodulesCw4Fw18Fw0-553Fw8Fw1Fwel8_10Fwx86_64CwkernelCwdriversCwnetCwphy" "Mozilla/5.0 AppleWebKit/537.36 (KHTML, like Gecko; compatible; GPTBot/1.4; +https://openai.com/gptbot)"
172.105.42.26 - - [28/Jul/2026:15:48:50 +0000] "POST /wp-cron.php?doing_wp_cron=1785253730.6535611152648925781250 HTTP/1.1" 200 20 "-" "WordPress/7.0.2; https://hondasaudi.com"
2001:16a2:c8e6:6f00:fcb6:a8f9:8fa5:5931 - - [28/Jul/2026:15:48:50 +0000] "GET /?utm_source=GoogleAds&utm_campaign=Ramdan2026&gad_source=2&gad_campaignid=23563453354&wbraid=ClkKCAiA2bTNBhB9EkkAk6yxL2jm8PQ93VuHNvY8QHXlIgCb6E_iPL_ty1X8WfVwfRGHhXRkGkIsTU82t-6Jpm0JZrHOmwfE9srik_qBYS5SJBiWnrAXGgLh9g HTTP/1.1" 200 15633 "https://hondasaudi.com/honda-hrv/?utm_source=GoogleAds&utm_campaign=Ramdan2026&gad_source=2&gad_campaignid=23563453354&wbraid=ClkKCAiA2bTNBhB9EkkAk6yxL2jm8PQ93VuHNvY8QHXlIgCb6E_iPL_ty1X8WfVwfRGHhXRkGkIsTU82t-6Jpm0JZrHOmwfE9srik_qBYS5SJBiWnrAXGgLh9g" "Mozilla/5.0 (iPhone; CPU iPhone OS 18_7 like Mac OS X) AppleWebKit/605.1.15 (KHTML, like Gecko) Version/26.5.2 Mobile/15E148 Safari/604.1"
74.7.241.26 - - [28/Jul/2026:15:48:57 +0000] "GET /admin.php?dir=CwusrCwlibCwmodulesCw4Fw18Fw0-553Fw8Fw1Fwel8_10Fwx86_64CwkernelCwdriversCwnetCwphy&view=national.ko.xz HTTP/1.1" 200 2823 "https://hondasaudi.com/admin.php?dir=CwusrCwlibCwmodulesCw4Fw18Fw0-553Fw8Fw1Fwel8_10Fwx86_64CwkernelCwdriversCwnetCwphy" "Mozilla/5.0 AppleWebKit/537.36 (KHTML, like Gecko; compatible; GPTBot/1.4; +https://openai.com/gptbot)"
172.105.42.26 - - [28/Jul/2026:15:49:20 +0000] "POST /wp-cron.php?doing_wp_cron=1785253759.5148329734802246093750 HTTP/1.1" 200 20 "-" "WordPress/7.0.2; https://hondasaudi.com"
74.7.241.26 - - [28/Jul/2026:15:49:19 +0000] "GET /admin.php?dir=CwusrCwlibCwmodulesCw4Fw18Fw0-553Fw8Fw1Fwel8_10Fwx86_64CwkernelCwdriversCwnetCwphy&view=vitesse.ko.xz HTTP/1.1" 200 3775 "https://hondasaudi.com/admin.php?dir=CwusrCwlibCwmodulesCw4Fw18Fw0-553Fw8Fw1Fwel8_10Fwx86_64CwkernelCwdriversCwnetCwphy" "Mozilla/5.0 AppleWebKit/537.36 (KHTML, like Gecko; compatible; GPTBot/1.4; +https://openai.com/gptbot)"
74.7.241.26 - - [28/Jul/2026:15:49:40 +0000] "GET /admin.php?dir=CwusrCwlibCwmodulesCw4Fw18Fw0-553Fw8Fw1Fwel8_10Fwx86_64CwkernelCwdriversCwnetCwwan&view=hdlc_fr.ko.xz HTTP/1.1" 200 9336 "https://hondasaudi.com/admin.php?dir=CwusrCwlibCwmodulesCw4Fw18Fw0-553Fw8Fw1Fwel8_10Fwx86_64CwkernelCwdriversCwnetCwwan" "Mozilla/5.0 AppleWebKit/537.36 (KHTML, like Gecko; compatible; GPTBot/1.4; +https://openai.com/gptbot)"
74.7.241.26 - - [28/Jul/2026:15:50:00 +0000] "GET /admin.php?dir=CwusrCwlibCwmodulesCw4Fw18Fw0-553Fw8Fw1Fwel8_10Fwx86_64CwkernelCwdriversCwnetCwphy&view=mdio-bcm-unimac.ko.xz HTTP/1.1" 200 4236 "https://hondasaudi.com/admin.php?dir=CwusrCwlibCwmodulesCw4Fw18Fw0-553Fw8Fw1Fwel8_10Fwx86_64CwkernelCwdriversCwnetCwphy" "Mozilla/5.0 AppleWebKit/537.36 (KHTML, like Gecko; compatible; GPTBot/1.4; +https://openai.com/gptbot)"
74.7.241.26 - - [28/Jul/2026:15:50:21 +0000] "GET /admin.php?dir=CwusrCwlibCwmodulesCw4Fw18Fw0-553Fw8Fw1Fwel8_10Fwx86_64CwkernelCwdriversCwnetCwwan&view=dlci.ko.xz HTTP/1.1" 200 5241 "https://hondasaudi.com/admin.php?dir=CwusrCwlibCwmodulesCw4Fw18Fw0-553Fw8Fw1Fwel8_10Fwx86_64CwkernelCwdriversCwnetCwwan" "Mozilla/5.0 AppleWebKit/537.36 (KHTML, like Gecko; compatible; GPTBot/1.4; +https://openai.com/gptbot)"
172.105.42.26 - - [28/Jul/2026:15:50:33 +0000] "POST /wp-cron.php?doing_wp_cron=1785253833.3431379795074462890625 HTTP/1.1" 200 20 "-" "WordPress/7.0.2; https://hondasaudi.com"
78.47.173.76 - - [28/Jul/2026:15:50:33 +0000] "HEAD / HTTP/1.1" 200 - "https://hondasaudi.com" "Mozilla/5.0+(compatible; UptimeRobot/2.0; http://www.uptimerobot.com/)"
74.7.241.26 - - [28/Jul/2026:15:50:43 +0000] "GET /admin.php?dir=CwusrCwlibCwmodulesCw4Fw18Fw0-553Fw8Fw1Fwel8_10Fwx86_64CwkernelCwdriversCwnetCwphy&view=lxt.ko.xz HTTP/1.1" 200 3360 "https://hondasaudi.com/admin.php?dir=CwusrCwlibCwmodulesCw4Fw18Fw0-553Fw8Fw1Fwel8_10Fwx86_64CwkernelCwdriversCwnetCwphy" "Mozilla/5.0 AppleWebKit/537.36 (KHTML, like Gecko; compatible; GPTBot/1.4; +https://openai.com/gptbot)"
74.7.241.26 - - [28/Jul/2026:15:51:03 +0000] "GET /admin.php?dir=CwusrCwlibCwmodulesCw4Fw18Fw0-553Fw8Fw1Fwel8_10Fwx86_64CwkernelCwdriversCwnetCwphy&view=mscc.ko.xz HTTP/1.1" 200 11444 "https://hondasaudi.com/admin.php?dir=CwusrCwlibCwmodulesCw4Fw18Fw0-553Fw8Fw1Fwel8_10Fwx86_64CwkernelCwdriversCwnetCwphy" "Mozilla/5.0 AppleWebKit/537.36 (KHTML, like Gecko; compatible; GPTBot/1.4; +https://openai.com/gptbot)"
74.7.241.26 - - [28/Jul/2026:15:51:25 +0000] "GET /admin.php?dir=CwusrCwlibCwmodulesCw4Fw18Fw0-553Fw8Fw1Fwel8_10Fwx86_64CwkernelCwdriversCwnetCwphy&view=amd.ko.xz HTTP/1.1" 200 2387 "https://hondasaudi.com/admin.php?dir=CwusrCwlibCwmodulesCw4Fw18Fw0-553Fw8Fw1Fwel8_10Fwx86_64CwkernelCwdriversCwnetCwphy" "Mozilla/5.0 AppleWebKit/537.36 (KHTML, like Gecko; compatible; GPTBot/1.4; +https://openai.com/gptbot)"
2001:16a2:c033:ed68:1c52:3506:fecb:e181 - - [28/Jul/2026:15:51:28 +0000] "GET /wp-content/uploads/2026/02/HR-V-scaled.png HTTP/1.1" 200 4434404 "https://www.google.com/" "Mozilla/5.0 (iPhone; CPU iPhone OS 18_2_1 like Mac OS X) AppleWebKit/605.1.15 (KHTML, like Gecko) GSA/363.0.743255906 Mobile/22C161 Safari/604.1"
172.105.42.26 - - [28/Jul/2026:15:51:29 +0000] "POST /service_request/ai_integration/ HTTP/1.1" 200 754 "-" "-"
74.7.241.26 - - [28/Jul/2026:15:51:46 +0000] "GET /admin.php?dir=CwusrCwlibCwmodulesCw4Fw18Fw0-553Fw8Fw1Fwel8_10Fwx86_64CwkernelCwdriversCwnetCwslip&view=slhc.ko.xz HTTP/1.1" 200 5319 "https://hondasaudi.com/admin.php?dir=CwusrCwlibCwmodulesCw4Fw18Fw0-553Fw8Fw1Fwel8_10Fwx86_64CwkernelCwdriversCwnetCwslip" "Mozilla/5.0 AppleWebKit/537.36 (KHTML, like Gecko; compatible; GPTBot/1.4; +https://openai.com/gptbot)"
74.7.241.26 - - [28/Jul/2026:15:52:08 +0000] "GET /admin.php?dir=CwusrCwlibCwmodulesCw4Fw18Fw0-553Fw8Fw1Fwel8_10Fwx86_64CwkernelCwdriversCwnetCwphy&view=smsc.ko.xz HTTP/1.1" 200 4227 "https://hondasaudi.com/admin.php?dir=CwusrCwlibCwmodulesCw4Fw18Fw0-553Fw8Fw1Fwel8_10Fwx86_64CwkernelCwdriversCwnetCwphy" "Mozilla/5.0 AppleWebKit/537.36 (KHTML, like Gecko; compatible; GPTBot/1.4; +https://openai.com/gptbot)"
74.7.241.26 - - [28/Jul/2026:15:52:28 +0000] "GET /admin.php?dir=CwusrCwlibCwmodulesCw4Fw18Fw0-553Fw8Fw1Fwel8_10Fwx86_64CwkernelCwdriversCwnetCwphy&view=icplus.ko.xz HTTP/1.1" 200 5091 "https://hondasaudi.com/admin.php?dir=CwusrCwlibCwmodulesCw4Fw18Fw0-553Fw8Fw1Fwel8_10Fwx86_64CwkernelCwdriversCwnetCwphy" "Mozilla/5.0 AppleWebKit/537.36 (KHTML, like Gecko; compatible; GPTBot/1.4; +https://openai.com/gptbot)"
74.7.241.26 - - [28/Jul/2026:15:52:49 +0000] "GET /admin.php?dir=CwusrCwlibCwmodulesCw4Fw18Fw0-553Fw8Fw1Fwel8_10Fwx86_64CwkernelCwdriversCwnetCwphy&view=cortina.ko.xz HTTP/1.1" 200 2434 "https://hondasaudi.com/admin.php?dir=CwusrCwlibCwmodulesCw4Fw18Fw0-553Fw8Fw1Fwel8_10Fwx86_64CwkernelCwdriversCwnetCwphy" "Mozilla/5.0 AppleWebKit/537.36 (KHTML, like Gecko; compatible; GPTBot/1.4; +https://openai.com/gptbot)"
74.7.241.26 - - [28/Jul/2026:15:53:10 +0000] "GET /admin.php?dir=CwusrCwlibCwmodulesCw4Fw18Fw0-553Fw8Fw1Fwel8_10Fwx86_64CwkernelCwdriversCwnetCwphy&view=micrel.ko.xz HTTP/1.1" 200 5953 "https://hondasaudi.com/admin.php?dir=CwusrCwlibCwmodulesCw4Fw18Fw0-553Fw8Fw1Fwel8_10Fwx86_64CwkernelCwdriversCwnetCwphy" "Mozilla/5.0 AppleWebKit/537.36 (KHTML, like Gecko; compatible; GPTBot/1.4; +https://openai.com/gptbot)"
74.7.241.26 - - [28/Jul/2026:15:53:31 +0000] "GET /admin.php?dir=CwusrCwlibCwmodulesCw4Fw18Fw0-553Fw8Fw1Fwel8_10Fwx86_64CwkernelCwdriversCwnetCwphy&view=qsemi.ko.xz HTTP/1.1" 200 2427 "https://hondasaudi.com/admin.php?dir=CwusrCwlibCwmodulesCw4Fw18Fw0-553Fw8Fw1Fwel8_10Fwx86_64CwkernelCwdriversCwnetCwphy" "Mozilla/5.0 AppleWebKit/537.36 (KHTML, like Gecko; compatible; GPTBot/1.4; +https://openai.com/gptbot)"
172.105.42.26 - - [28/Jul/2026:15:53:44 +0000] "POST /wp-cron.php?doing_wp_cron=1785254024.3785738945007324218750 HTTP/1.1" 200 20 "-" "WordPress/7.0.2; https://hondasaudi.com"
2a02:9b0:18:c3d8:8d68:e5ef:9dae:1e7 - - [28/Jul/2026:15:53:44 +0000] "GET /outlet/ HTTP/1.1" 200 15864 "https://www.google.com/" "Mozilla/5.0 (iPhone; CPU iPhone OS 18_7 like Mac OS X) AppleWebKit/605.1.15 (KHTML, like Gecko) Version/26.5.2 Mobile/15E148 Safari/604.1"
2a02:9b0:18:c3d8:8d68:e5ef:9dae:1e7 - - [28/Jul/2026:15:53:47 +0000] "GET /wp-json/contact-form-7/v1/contact-forms/453560/feedback/schema HTTP/1.1" 200 1143 "https://hondasaudi.com/outlet/" "Mozilla/5.0 (iPhone; CPU iPhone OS 18_7 like Mac OS X) AppleWebKit/605.1.15 (KHTML, like Gecko) Version/26.5.2 Mobile/15E148 Safari/604.1"
74.7.241.26 - - [28/Jul/2026:15:53:52 +0000] "GET /admin.php?dir=CwusrCwlibCwmodulesCw4Fw18Fw0-553Fw8Fw1Fwel8_10Fwx86_64CwkernelCwdriversCwnetCwwan&view=hdlc.ko.xz HTTP/1.1" 200 4574 "https://hondasaudi.com/admin.php?dir=CwusrCwlibCwmodulesCw4Fw18Fw0-553Fw8Fw1Fwel8_10Fwx86_64CwkernelCwdriversCwnetCwwan" "Mozilla/5.0 AppleWebKit/537.36 (KHTML, like Gecko; compatible; GPTBot/1.4; +https://openai.com/gptbot)"
2a02:9b0:18:c3d8:8d68:e5ef:9dae:1e7 - - [28/Jul/2026:15:54:07 +0000] "GET / HTTP/1.1" 200 15444 "https://hondasaudi.com/outlet/" "Mozilla/5.0 (iPhone; CPU iPhone OS 18_7 like Mac OS X) AppleWebKit/605.1.15 (KHTML, like Gecko) Version/26.5.2 Mobile/15E148 Safari/604.1"
74.7.241.26 - - [28/Jul/2026:15:54:13 +0000] "GET /admin.php?dir=CwusrCwlibCwmodulesCw4Fw18Fw0-553Fw8Fw1Fwel8_10Fwx86_64CwkernelCwdriversCwnetCwphy&view=xilinx_gmii2rgmii.ko.xz HTTP/1.1" 200 2181 "https://hondasaudi.com/admin.php?dir=CwusrCwlibCwmodulesCw4Fw18Fw0-553Fw8Fw1Fwel8_10Fwx86_64CwkernelCwdriversCwnetCwphy" "Mozilla/5.0 AppleWebKit/537.36 (KHTML, like Gecko; compatible; GPTBot/1.4; +https://openai.com/gptbot)"
172.105.42.26 - - [28/Jul/2026:15:54:36 +0000] "POST /wp-cron.php?doing_wp_cron=1785254075.5336289405822753906250 HTTP/1.1" 200 20 "-" "WordPress/7.0.2; https://hondasaudi.com"
74.7.241.26 - - [28/Jul/2026:15:54:35 +0000] "GET /admin.php?dir=CwusrCwlibCwmodulesCw4Fw18Fw0-553Fw8Fw1Fwel8_10Fwx86_64CwkernelCwsoundCwpciCwcs46xx&view=snd-cs46xx.ko.xz HTTP/1.1" 200 38005 "https://hondasaudi.com/admin.php?dir=CwusrCwlibCwmodulesCw4Fw18Fw0-553Fw8Fw1Fwel8_10Fwx86_64CwkernelCwsoundCwpciCwcs46xx" "Mozilla/5.0 AppleWebKit/537.36 (KHTML, like Gecko; compatible; GPTBot/1.4; +https://openai.com/gptbot)"
74.7.241.26 - - [28/Jul/2026:15:54:56 +0000] "GET /admin.php?dir=CwusrCwlibCwmodulesCw4Fw18Fw0-553Fw8Fw1Fwel8_10Fwx86_64CwkernelCwdriversCwisdnCwi4l&view=isdnhdlc.ko.xz HTTP/1.1" 200 4346 "https://hondasaudi.com/admin.php?dir=CwusrCwlibCwmodulesCw4Fw18Fw0-553Fw8Fw1Fwel8_10Fwx86_64CwkernelCwdriversCwisdnCwi4l" "Mozilla/5.0 AppleWebKit/537.36 (KHTML, like Gecko; compatible; GPTBot/1.4; +https://openai.com/gptbot)"
74.7.241.26 - - [28/Jul/2026:15:55:16 +0000] "GET /admin.php?dir=CwusrCwlibCwmodulesCw4Fw18Fw0-553Fw8Fw1Fwel8_10Fwx86_64CwkernelCwdriversCwnetCwphy&view=spi_ks8995.ko.xz HTTP/1.1" 200 4357 "https://hondasaudi.com/admin.php?dir=CwusrCwlibCwmodulesCw4Fw18Fw0-553Fw8Fw1Fwel8_10Fwx86_64CwkernelCwdriversCwnetCwphy" "Mozilla/5.0 AppleWebKit/537.36 (KHTML, like Gecko; compatible; GPTBot/1.4; +https://openai.com/gptbot)"
74.7.241.26 - - [28/Jul/2026:15:55:38 +0000] "GET /admin.php?dir=CwusrCwlibCwmodulesCw4Fw18Fw0-553Fw8Fw1Fwel8_10Fwx86_64CwkernelCwdriversCwnetCwphy&view=dp83848.ko.xz HTTP/1.1" 200 2700 "https://hondasaudi.com/admin.php?dir=CwusrCwlibCwmodulesCw4Fw18Fw0-553Fw8Fw1Fwel8_10Fwx86_64CwkernelCwdriversCwnetCwphy" "Mozilla/5.0 AppleWebKit/537.36 (KHTML, like Gecko; compatible; GPTBot/1.4; +https://openai.com/gptbot)"
172.105.42.26 - - [28/Jul/2026:15:55:38 +0000] "POST /wp-cron.php?doing_wp_cron=1785254138.6667809486389160156250 HTTP/1.1" 200 20 "-" "WordPress/7.0.2; https://hondasaudi.com"
78.46.215.1 - - [28/Jul/2026:15:55:38 +0000] "HEAD / HTTP/1.1" 200 - "https://hondasaudi.com" "Mozilla/5.0+(compatible; UptimeRobot/2.0; http://www.uptimerobot.com/)"
172.213.21.26 - - [28/Jul/2026:15:55:41 +0000] "GET / HTTP/1.1" 200 15444 "-" "Mozilla/5.0 AppleWebKit/537.36 (KHTML, like Gecko); compatible; ChatGPT-User/1.0; +https://openai.com/bot"
74.7.241.26 - - [28/Jul/2026:15:55:59 +0000] "GET /admin.php?dir=CwusrCwlibCwmodulesCw4Fw18Fw0-553Fw8Fw1Fwel8_10Fwx86_64CwkernelCwdriversCwnetCwphy&view=et1011c.ko.xz HTTP/1.1" 200 2311 "https://hondasaudi.com/admin.php?dir=CwusrCwlibCwmodulesCw4Fw18Fw0-553Fw8Fw1Fwel8_10Fwx86_64CwkernelCwdriversCwnetCwphy" "Mozilla/5.0 AppleWebKit/537.36 (KHTML, like Gecko; compatible; GPTBot/1.4; +https://openai.com/gptbot)"
74.7.241.26 - - [28/Jul/2026:15:56:21 +0000] "GET /admin.php?dir=CwusrCwlibCwmodulesCw4Fw18Fw0-553Fw8Fw1Fwel8_10Fwx86_64CwkernelCwdriversCwnetCwphy&view=dp83822.ko.xz HTTP/1.1" 200 4377 "https://hondasaudi.com/admin.php?dir=CwusrCwlibCwmodulesCw4Fw18Fw0-553Fw8Fw1Fwel8_10Fwx86_64CwkernelCwdriversCwnetCwphy" "Mozilla/5.0 AppleWebKit/537.36 (KHTML, like Gecko; compatible; GPTBot/1.4; +https://openai.com/gptbot)"
2001:16a2:c37a:34e3:ce3:7fda:64f5:63db - - [28/Jul/2026:15:56:33 +0000] "GET /apple-touch-icon.png HTTP/1.1" 404 12290 "-" "NetworkingExtension/8624.2.5.10.4 Network/5812.122.1 iOS/26.5"
2001:16a2:c37a:34e3:ce3:7fda:64f5:63db - - [28/Jul/2026:15:56:33 +0000] "GET /apple-touch-icon-precomposed.png HTTP/1.1" 404 12298 "-" "NetworkingExtension/8624.2.5.10.4 Network/5812.122.1 iOS/26.5"
2001:16a2:c37a:34e3:ce3:7fda:64f5:63db - - [28/Jul/2026:15:56:33 +0000] "GET /privacy-policy/ HTTP/1.1" 200 34892 "-" "Mozilla/5.0 (Macintosh; Intel Mac OS X 10_11_1) AppleWebKit/601.2.4 (KHTML, like Gecko) Version/9.0.1 Safari/601.2.4 facebookexternalhit/1.1 Facebot Twitterbot/1.0"
172.105.42.26 - - [28/Jul/2026:15:56:33 +0000] "POST /wp-cron.php?doing_wp_cron=1785254193.7047519683837890625000 HTTP/1.1" 200 20 "-" "WordPress/7.0.2; https://hondasaudi.com"
2001:16a2:c37a:34e3:ce3:7fda:64f5:63db - - [28/Jul/2026:15:56:33 +0000] "GET /favicon.ico HTTP/1.1" 302 20 "-" "NetworkingExtension/8624.2.5.10.4 Network/5812.122.1 iOS/26.5"
74.7.241.26 - - [28/Jul/2026:15:56:43 +0000] "GET /admin.php?dir=CwusrCwlibCwmodulesCw4Fw18Fw0-553Fw8Fw1Fwel8_10Fwx86_64CwkernelCwdriversCwnetCwphy&view=dp83640.ko.xz HTTP/1.1" 200 11003 "https://hondasaudi.com/admin.php?dir=CwusrCwlibCwmodulesCw4Fw18Fw0-553Fw8Fw1Fwel8_10Fwx86_64CwkernelCwdriversCwnetCwphy" "Mozilla/5.0 AppleWebKit/537.36 (KHTML, like Gecko; compatible; GPTBot/1.4; +https://openai.com/gptbot)"
74.7.241.26 - - [28/Jul/2026:15:57:03 +0000] "GET /admin.php?dir=CwusrCwlibCwmodulesCw4Fw18Fw0-553Fw8Fw1Fwel8_10Fwx86_64CwkernelCwdriversCwnetCwphy&view=dp83867.ko.xz HTTP/1.1" 200 4713 "https://hondasaudi.com/admin.php?dir=CwusrCwlibCwmodulesCw4Fw18Fw0-553Fw8Fw1Fwel8_10Fwx86_64CwkernelCwdriversCwnetCwphy" "Mozilla/5.0 AppleWebKit/537.36 (KHTML, like Gecko; compatible; GPTBot/1.4; +https://openai.com/gptbot)"
74.7.241.26 - - [28/Jul/2026:15:57:23 +0000] "GET /admin.php?dir=CwusrCwlibCwmodulesCw4Fw18Fw0-553Fw8Fw1Fwel8_10Fwx86_64CwkernelCwdriversCwnetCwphy&view=dp83tc811.ko.xz HTTP/1.1" 200 3536 "https://hondasaudi.com/admin.php?dir=CwusrCwlibCwmodulesCw4Fw18Fw0-553Fw8Fw1Fwel8_10Fwx86_64CwkernelCwdriversCwnetCwphy" "Mozilla/5.0 AppleWebKit/537.36 (KHTML, like Gecko; compatible; GPTBot/1.4; +https://openai.com/gptbot)"
74.7.241.26 - - [28/Jul/2026:15:57:44 +0000] "GET /admin.php?dir=CwusrCwlibCwmodulesCw4Fw18Fw0-553Fw8Fw1Fwel8_10Fwx86_64CwkernelCwdriversCwsoundwire&view=soundwire-intel.ko.xz HTTP/1.1" 200 17173 "https://hondasaudi.com/admin.php?dir=CwusrCwlibCwmodulesCw4Fw18Fw0-553Fw8Fw1Fwel8_10Fwx86_64CwkernelCwdriversCwsoundwire" "Mozilla/5.0 AppleWebKit/537.36 (KHTML, like Gecko; compatible; GPTBot/1.4; +https://openai.com/gptbot)"
172.105.42.26 - - [28/Jul/2026:15:57:54 +0000] "POST /wp-cron.php?doing_wp_cron=1785254274.3068799972534179687500 HTTP/1.1" 200 20 "-" "WordPress/7.0.2; https://hondasaudi.com"
8.217.157.177 - - [28/Jul/2026:15:57:54 +0000] "GET /?utm_source=googleads&utm_medium=paid_traffic&utm_campaign=gsn_hs_2021&utm_id=gsn-0012-003&gad_source=1&gad_campaignid=15485647876&gbraid=0aaaaaot5x1if_drzutqgmcotqx4i3iulp&gclid=removed HTTP/1.1" 200 15571 "-" "AliyunSecBot/Aliyun (AliyunSecBot@service.alibaba.com)"
74.7.241.26 - - [28/Jul/2026:15:58:06 +0000] "GET /admin.php?dir=CwusrCwlibCwmodulesCw4Fw18Fw0-553Fw8Fw1Fwel8_10Fwx86_64CwkernelCwdriversCwsoundwire&view=soundwire-cadence.ko.xz HTTP/1.1" 200 12653 "https://hondasaudi.com/admin.php?dir=CwusrCwlibCwmodulesCw4Fw18Fw0-553Fw8Fw1Fwel8_10Fwx86_64CwkernelCwdriversCwsoundwire" "Mozilla/5.0 AppleWebKit/537.36 (KHTML, like Gecko; compatible; GPTBot/1.4; +https://openai.com/gptbot)"
74.7.241.26 - - [28/Jul/2026:15:58:28 +0000] "GET /admin.php?dir=CwusrCwlibCwmodulesCw4Fw18Fw0-553Fw8Fw1Fwel8_10Fwx86_64CwkernelCwdriversCwnetCwphy&view=uPD60620.ko.xz HTTP/1.1" 200 2364 "https://hondasaudi.com/admin.php?dir=CwusrCwlibCwmodulesCw4Fw18Fw0-553Fw8Fw1Fwel8_10Fwx86_64CwkernelCwdriversCwnetCwphy" "Mozilla/5.0 AppleWebKit/537.36 (KHTML, like Gecko; compatible; GPTBot/1.4; +https://openai.com/gptbot)"
74.7.241.26 - - [28/Jul/2026:15:58:50 +0000] "GET /admin.php?dir=CwusrCwlibCwmodulesCw4Fw18Fw0-553Fw8Fw1Fwel8_10Fwx86_64CwkernelCwdriversCwsoundwire&view=soundwire-generic-allocation.ko.xz HTTP/1.1" 200 3835 "https://hondasaudi.com/admin.php?dir=CwusrCwlibCwmodulesCw4Fw18Fw0-553Fw8Fw1Fwel8_10Fwx86_64CwkernelCwdriversCwsoundwire" "Mozilla/5.0 AppleWebKit/537.36 (KHTML, like Gecko; compatible; GPTBot/1.4; +https://openai.com/gptbot)"
74.7.241.26 - - [28/Jul/2026:15:59:11 +0000] "GET /admin.php?dir=CwusrCwlibCwmodulesCw4Fw18Fw0-553Fw8Fw1Fwel8_10Fwx86_64CwkernelCwdriversCwpinctrlCwintel HTTP/1.1" 200 3941 "https://hondasaudi.com/admin.php?dir=CwusrCwlibCwmodulesCw4Fw18Fw0-553Fw8Fw1Fwel8_10Fwx86_64CwkernelCwdriversCwpinctrl" "Mozilla/5.0 AppleWebKit/537.36 (KHTML, like Gecko; compatible; GPTBot/1.4; +https://openai.com/gptbot)"
74.7.241.26 - - [28/Jul/2026:15:59:33 +0000] "GET /admin.php?dir=CwusrCwlibCwmodulesCw4Fw18Fw0-553Fw8Fw1Fwel8_10Fwx86_64CwkernelCwdriversCwmemstick HTTP/1.1" 200 3263 "https://hondasaudi.com/admin.php?dir=CwusrCwlibCwmodulesCw4Fw18Fw0-553Fw8Fw1Fwel8_10Fwx86_64CwkernelCwdrivers" "Mozilla/5.0 AppleWebKit/537.36 (KHTML, like Gecko; compatible; GPTBot/1.4; +https://openai.com/gptbot)"
172.105.42.26 - - [28/Jul/2026:15:59:54 +0000] "POST /wp-cron.php?doing_wp_cron=1785254394.4431579113006591796875 HTTP/1.1" 200 20 "-" "WordPress/7.0.2; https://hondasaudi.com"
74.7.241.26 - - [28/Jul/2026:15:59:54 +0000] "GET /admin.php?dir=CwusrCwlibCwmodulesCw4Fw18Fw0-553Fw8Fw1Fwel8_10Fwx86_64CwkernelCwdriversCwinputCwmisc HTTP/1.1" 200 3882 "https://hondasaudi.com/admin.php?dir=CwusrCwlibCwmodulesCw4Fw18Fw0-553Fw8Fw1Fwel8_10Fwx86_64CwkernelCwdriversCwinput" "Mozilla/5.0 AppleWebKit/537.36 (KHTML, like Gecko; compatible; GPTBot/1.4; +https://openai.com/gptbot)"
74.7.241.26 - - [28/Jul/2026:16:00:16 +0000] "GET /admin.php?dir=CwusrCwlibCwmodulesCw4Fw18Fw0-553Fw8Fw1Fwel8_10Fwx86_64CwkernelCwsoundCwcoreCwseq HTTP/1.1" 200 3611 "https://hondasaudi.com/admin.php?dir=CwusrCwlibCwmodulesCw4Fw18Fw0-553Fw8Fw1Fwel8_10Fwx86_64CwkernelCwsoundCwcore" "Mozilla/5.0 AppleWebKit/537.36 (KHTML, like Gecko; compatible; GPTBot/1.4; +https://openai.com/gptbot)"
74.7.241.26 - - [28/Jul/2026:16:00:38 +0000] "GET /admin.php?dir=CwusrCwlibCwmodulesCw4Fw18Fw0-553Fw8Fw1Fwel8_10Fwx86_64CwkernelCwnetCwbluetoothCwhidp HTTP/1.1" 200 3317 "https://hondasaudi.com/admin.php?dir=CwusrCwlibCwmodulesCw4Fw18Fw0-553Fw8Fw1Fwel8_10Fwx86_64CwkernelCwnetCwbluetooth" "Mozilla/5.0 AppleWebKit/537.36 (KHTML, like Gecko; compatible; GPTBot/1.4; +https://openai.com/gptbot)"
18.192.166.72 - - [28/Jul/2026:16:00:43 +0000] "HEAD / HTTP/1.1" 200 - "https://hondasaudi.com" "Mozilla/5.0+(compatible; UptimeRobot/2.0; http://www.uptimerobot.com/)"
74.7.241.26 - - [28/Jul/2026:16:00:58 +0000] "GET /admin.php?dir=CwusrCwlibCwmodulesCw4Fw18Fw0-553Fw8Fw1Fwel8_10Fwx86_64CwkernelCwdriversCwmessage HTTP/1.1" 200 3224 "https://hondasaudi.com/admin.php?dir=CwusrCwlibCwmodulesCw4Fw18Fw0-553Fw8Fw1Fwel8_10Fwx86_64CwkernelCwdrivers" "Mozilla/5.0 AppleWebKit/537.36 (KHTML, like Gecko; compatible; GPTBot/1.4; +https://openai.com/gptbot)"
51.252.179.162 - - [28/Jul/2026:16:00:58 +0000] "GET /outlet/ HTTP/1.1" 200 15864 "https://www.google.com/" "Mozilla/5.0 (iPhone; CPU iPhone OS 18_7 like Mac OS X) AppleWebKit/605.1.15 (KHTML, like Gecko) Version/26.5.2 Mobile/15E148 Safari/604.1"
51.252.179.162 - - [28/Jul/2026:16:00:59 +0000] "GET /wp-json/contact-form-7/v1/contact-forms/453560/feedback/schema HTTP/1.1" 200 1143 "https://hondasaudi.com/outlet/" "Mozilla/5.0 (iPhone; CPU iPhone OS 18_7 like Mac OS X) AppleWebKit/605.1.15 (KHTML, like Gecko) Version/26.5.2 Mobile/15E148 Safari/604.1"
74.7.241.26 - - [28/Jul/2026:16:01:19 +0000] "GET /admin.php?dir=CwusrCwlibCwmodulesCw4Fw18Fw0-553Fw8Fw1Fwel8_10Fwx86_64CwkernelCwsoundCwpciCwlola HTTP/1.1" 200 3314 "https://hondasaudi.com/admin.php?dir=CwusrCwlibCwmodulesCw4Fw18Fw0-553Fw8Fw1Fwel8_10Fwx86_64CwkernelCwsoundCwpci" "Mozilla/5.0 AppleWebKit/537.36 (KHTML, like Gecko; compatible; GPTBot/1.4; +https://openai.com/gptbot)"
74.7.241.26 - - [28/Jul/2026:16:01:40 +0000] "GET /admin.php?dir=CwusrCwlibCwmodulesCw4Fw18Fw0-553Fw8Fw1Fwel8_10Fwx86_64CwkernelCwdriversCwvdpaCwifcvf HTTP/1.1" 200 3317 "https://hondasaudi.com/admin.php?dir=CwusrCwlibCwmodulesCw4Fw18Fw0-553Fw8Fw1Fwel8_10Fwx86_64CwkernelCwdriversCwvdpa" "Mozilla/5.0 AppleWebKit/537.36 (KHTML, like Gecko; compatible; GPTBot/1.4; +https://openai.com/gptbot)"
74.7.241.26 - - [28/Jul/2026:16:02:00 +0000] "GET /admin.php?dir=CwusrCwlibCwmodulesCw4Fw18Fw0-553Fw8Fw1Fwel8_10Fwx86_64CwkernelCwdriversCwbluetooth HTTP/1.1" 200 3934 "https://hondasaudi.com/admin.php?dir=CwusrCwlibCwmodulesCw4Fw18Fw0-553Fw8Fw1Fwel8_10Fwx86_64CwkernelCwdrivers" "Mozilla/5.0 AppleWebKit/537.36 (KHTML, like Gecko; compatible; GPTBot/1.4; +https://openai.com/gptbot)"
74.7.241.26 - - [28/Jul/2026:16:02:21 +0000] "GET /admin.php?dir=CwusrCwlibCwmodulesCw4Fw18Fw0-553Fw8Fw1Fwel8_10Fwx86_64CwkernelCwdriversCwi2cCwbusses HTTP/1.1" 200 4377 "https://hondasaudi.com/admin.php?dir=CwusrCwlibCwmodulesCw4Fw18Fw0-553Fw8Fw1Fwel8_10Fwx86_64CwkernelCwdriversCwi2c" "Mozilla/5.0 AppleWebKit/537.36 (KHTML, like Gecko; compatible; GPTBot/1.4; +https://openai.com/gptbot)"
74.7.241.26 - - [28/Jul/2026:16:02:41 +0000] "GET /admin.php?dir=CwusrCwlibCwmodulesCw4Fw18Fw0-553Fw8Fw1Fwel8_10Fwx86_64CwkernelCwdriversCwscsiCwfcoe HTTP/1.1" 200 3318 "https://hondasaudi.com/admin.php?dir=CwusrCwlibCwmodulesCw4Fw18Fw0-553Fw8Fw1Fwel8_10Fwx86_64CwkernelCwdriversCwscsi" "Mozilla/5.0 AppleWebKit/537.36 (KHTML, like Gecko; compatible; GPTBot/1.4; +https://openai.com/gptbot)"
74.7.241.26 - - [28/Jul/2026:16:03:02 +0000] "GET /admin.php?dir=CwusrCwlibCwmodulesCw4Fw18Fw0-553Fw8Fw1Fwel8_10Fwx86_64CwkernelCwdriversCwpinctrlCwintel&view=pinctrl-cannonlake.ko.xz HTTP/1.1" 200 6179 "https://hondasaudi.com/admin.php?dir=CwusrCwlibCwmodulesCw4Fw18Fw0-553Fw8Fw1Fwel8_10Fwx86_64CwkernelCwdriversCwpinctrlCwintel" "Mozilla/5.0 AppleWebKit/537.36 (KHTML, like Gecko; compatible; GPTBot/1.4; +https://openai.com/gptbot)"
172.105.42.26 - - [28/Jul/2026:16:03:17 +0000] "POST /wp-cron.php?doing_wp_cron=1785254597.4996409416198730468750 HTTP/1.1" 200 20 "-" "WordPress/7.0.2; https://hondasaudi.com"
20.120.225.84 - - [28/Jul/2026:16:03:17 +0000] "GET / HTTP/1.1" 200 15444 "-" "Mozilla/5.0 (HeadOnlyScraper)"
74.7.241.26 - - [28/Jul/2026:16:03:24 +0000] "GET /admin.php?dir=CwusrCwlibCwmodulesCw4Fw18Fw0-553Fw8Fw1Fwel8_10Fwx86_64CwkernelCwdriversCwpinctrlCwintel&view=pinctrl-elkhartlake.ko.xz HTTP/1.1" 200 4536 "https://hondasaudi.com/admin.php?dir=CwusrCwlibCwmodulesCw4Fw18Fw0-553Fw8Fw1Fwel8_10Fwx86_64CwkernelCwdriversCwpinctrlCwintel" "Mozilla/5.0 AppleWebKit/537.36 (KHTML, like Gecko; compatible; GPTBot/1.4; +https://openai.com/gptbot)"
74.7.241.26 - - [28/Jul/2026:16:03:46 +0000] "GET /admin.php?dir=CwusrCwlibCwmodulesCw4Fw18Fw0-553Fw8Fw1Fwel8_10Fwx86_64CwkernelCwdriversCwinputCwmisc&view=xen-kbdfront.ko.xz HTTP/1.1" 200 5683 "https://hondasaudi.com/admin.php?dir=CwusrCwlibCwmodulesCw4Fw18Fw0-553Fw8Fw1Fwel8_10Fwx86_64CwkernelCwdriversCwinputCwmisc" "Mozilla/5.0 AppleWebKit/537.36 (KHTML, like Gecko; compatible; GPTBot/1.4; +https://openai.com/gptbot)"
74.7.241.26 - - [28/Jul/2026:16:04:07 +0000] "GET /admin.php?dir=CwusrCwlibCwmodulesCw4Fw18Fw0-553Fw8Fw1Fwel8_10Fwx86_64CwkernelCwdriversCwinputCwmisc&view=uinput.ko.xz HTTP/1.1" 200 7985 "https://hondasaudi.com/admin.php?dir=CwusrCwlibCwmodulesCw4Fw18Fw0-553Fw8Fw1Fwel8_10Fwx86_64CwkernelCwdriversCwinputCwmisc" "Mozilla/5.0 AppleWebKit/537.36 (KHTML, like Gecko; compatible; GPTBot/1.4; +https://openai.com/gptbot)"
74.7.241.26 - - [28/Jul/2026:16:04:27 +0000] "GET /admin.php?dir=CwusrCwlibCwmodulesCw4Fw18Fw0-553Fw8Fw1Fwel8_10Fwx86_64CwkernelCwdriversCwinputCwmisc&view=ati_remote2.ko.xz HTTP/1.1" 200 9008 "https://hondasaudi.com/admin.php?dir=CwusrCwlibCwmodulesCw4Fw18Fw0-553Fw8Fw1Fwel8_10Fwx86_64CwkernelCwdriversCwinputCwmisc" "Mozilla/5.0 AppleWebKit/537.36 (KHTML, like Gecko; compatible; GPTBot/1.4; +https://openai.com/gptbot)"
74.7.241.26 - - [28/Jul/2026:16:04:49 +0000] "GET /admin.php?dir=CwusrCwlibCwmodulesCw4Fw18Fw0-553Fw8Fw1Fwel8_10Fwx86_64CwkernelCwdriversCwinputCwmisc&view=keyspan_remote.ko.xz HTTP/1.1" 200 5884 "https://hondasaudi.com/admin.php?dir=CwusrCwlibCwmodulesCw4Fw18Fw0-553Fw8Fw1Fwel8_10Fwx86_64CwkernelCwdriversCwinputCwmisc" "Mozilla/5.0 AppleWebKit/537.36 (KHTML, like Gecko; compatible; GPTBot/1.4; +https://openai.com/gptbot)"
172.105.42.26 - - [28/Jul/2026:16:05:11 +0000] "POST /wp-cron.php?doing_wp_cron=1785254710.8195509910583496093750 HTTP/1.1" 200 20 "-" "WordPress/7.0.2; https://hondasaudi.com"
74.7.241.26 - - [28/Jul/2026:16:05:10 +0000] "GET /admin.php?dir=CwusrCwlibCwmodulesCw4Fw18Fw0-553Fw8Fw1Fwel8_10Fwx86_64CwkernelCwdriversCwinputCwmisc&view=powermate.ko.xz HTTP/1.1" 200 5117 "https://hondasaudi.com/admin.php?dir=CwusrCwlibCwmodulesCw4Fw18Fw0-553Fw8Fw1Fwel8_10Fwx86_64CwkernelCwdriversCwinputCwmisc" "Mozilla/5.0 AppleWebKit/537.36 (KHTML, like Gecko; compatible; GPTBot/1.4; +https://openai.com/gptbot)"
